{"id":179,"date":"2021-02-05T21:19:01","date_gmt":"2021-02-05T21:19:01","guid":{"rendered":"https:\/\/www.uaa.mx\/admision\/?page_id=179"},"modified":"2024-02-22T14:45:09","modified_gmt":"2024-02-22T14:45:09","slug":"dudas-frecuentes","status":"publish","type":"page","link":"https:\/\/www.uaa.mx\/admision\/index.php\/dudas-frecuentes\/","title":{"rendered":"Dudas frecuentes"},"content":{"rendered":"\n[expand title=\u00bb<strong>\u00bfCu\u00e1les son las fechas del pre-registro para participar en el Proceso de Admisi\u00f3n a Licenciaturas e Ingenier\u00edas 2024?<\/strong>\u00ab]\n  <blockquote>\n  El sitio de pre-registro se habilitar\u00e1 del 11 al 15 de marzo.\n  <\/blockquote>\n [\/expand]\n<br>\n\n[expand title=\u00bb<strong>\u00bfEn qu\u00e9 consiste el pre-registro? <\/strong>\u00ab]\n  <blockquote style=\"text-align: justify;\">\n1.- Entrar a la p\u00e1gina www.uaa.mx del 11 al 15 de marzo y pulsar \u201cPre-Registro Admisi\u00f3n a Licenciatura e Ingenier\u00edas\u201d\n<br>2.- Contestar los datos que se solicitan. Ser\u00e1 indispensable contar con la CURP y Clave del Centro de Trabajo (CCT).\n<br>3.- Imprimir el \u201cRECIBO DE PAGO\u201d y la \u201cCITA PARA ENTREGA DE DOCUMENTOS\u201d. En el recibo de pago se indicar\u00e1n los lugares en donde puede cubrirse el monto a pagar. (Costo $540.00)\n  <\/blockquote>\n [\/expand]\n<br>\n\n[expand title=\u00bb<strong>Despu\u00e9s de mi pre-registro, \u00bfQu\u00e9 debo hacer?<\/strong>\u00ab]\n  <blockquote style=\"text-align: justify;\">\nTendr\u00e1s que entregar la documentaci\u00f3n solicitada en el Departamento de Control Escolar en Ciudad Universitaria del 13 al 21 de marzo de acuerdo a la cita que se te asigne para la entrega de documentos.\n  <\/blockquote>\n [\/expand]\n<br>\n\n[expand title=\u00bb<strong>\u00bfHabr\u00e1 examen de ingreso?<\/strong>\u00ab]\n  <blockquote>\nAs\u00ed es, se aplicar\u00e1 el <b>EXANI-II<\/b>, el cual tendr\u00e1 un valor del 70%. Ser\u00e1 coordinado en su totalidad por la UAA.\n  <\/blockquote>\n [\/expand]\n<br>\n\n[expand title=\u00bb<strong>\u00bfCu\u00e1nto vale mi promedio?<\/strong>\u00ab]\n  <blockquote>\nTu promedio de bachillerato tendr\u00e1 un valor del 30%.\n  <\/blockquote>\n [\/expand]\n<br>\n\n[expand title=\u00bb<strong>\u00bfCu\u00e1ndo se aplicar\u00e1 el examen?<\/strong>\u00ab]\n  <blockquote>\nLa aplicaci\u00f3n se llevar\u00e1 a cabo el <b>25 y 26 de mayo<\/b> seg\u00fan te corresponda.\n  <\/blockquote>\n [\/expand]\n<br>\n\n[expand title=\u00bb<strong>\u00bfEl proceso de admisi\u00f3n es el mismo para for\u00e1neos y rezagados? <\/strong>\u00ab]\n  <blockquote>\nS\u00ed, el proceso es el mismo que marca la convocatoria.  \n  <\/blockquote>\n [\/expand]\n<br>\n\n[expand title=\u00bb<strong>\u00bfTengo que presentar algo para el ingreso a la aplicaci\u00f3n del EXANI-II?<\/strong>\u00ab]\n  <blockquote>\nAs\u00ed es, debes presentar tu pase de ingreso, el cual podr\u00e1s imprimir del 13 al 24 de mayo, una vez que completes tu pre-registro.  \n  <\/blockquote>\n [\/expand]\n<br>\n\n[expand title=\u00bb<strong>\u00bfCu\u00e1ndo se publicar\u00e1n los resultados?<\/strong>\u00ab]\n  <blockquote>\nEl s\u00e1bado 22 de junio en la p\u00e1gina de la UAA y en los medios de comunicaci\u00f3n local. \n  <\/blockquote>\n [\/expand]\n<br>\n\n\n\n\n\n[expand title=\u00bb<strong>Si quiero estudiar alguna carrera del Centro de las Artes y la Cultura \u00bfQu\u00e9 se tomar\u00e1 en cuenta?<\/strong>\u00ab]\n  <blockquote style=\"text-align: justify;\">\n\u00danicamente para las carreras de Actuaci\u00f3n, M\u00fasica y Artes Cinematogr\u00e1ficas y Audiovisuales ser\u00e1 un proceso diferente, ya que presentar\u00e1n el EXANI-II y adicionalmente un examen te\u00f3rico-pr\u00e1ctico que ser\u00e1 evaluado por un Comit\u00e9 T\u00e9cnico Especializado, considerando los siguientes aspectos:<br><br>\n<ul><li>Licenciatura en Actuaci\u00f3n: Evaluaci\u00f3n te\u00f3rica sobre conocimientos b\u00e1sicos de estructura de la Lengua y comprensi\u00f3n lectora; conocimientos b\u00e1sicos de cultura general, teatral y contexto social; evaluaci\u00f3n sobre ejercicios pr\u00e1cticos y una Entrevista. <\/li>\n<li>Licenciatura en M\u00fasica: Evaluaci\u00f3n Pr\u00e1ctica (habilidades y destrezas musicales en el instrumento de elecci\u00f3n) y evaluaci\u00f3n te\u00f3rica-musical.<\/li>\n<li>Licenciatura en Artes Cinematogr\u00e1ficas y Audiovisuales: Evaluaci\u00f3n te\u00f3rica sobre conocimientos de arte, cultura general y cinematogr\u00e1fica; evaluaci\u00f3n derivada de un ejercicio de an\u00e1lisis y reflexi\u00f3n sobre el contexto social; un ejercicio pr\u00e1ctico de construcci\u00f3n visual y sonora y una entrevista.<\/li><\/ul>\nLas ponderaciones son las siguientes:\nEXANI-II <b>15%<\/b>, Promedio de bachillerato <b>15%<\/b> y Examen Te\u00f3rico-Pr\u00e1ctico <b>70%<\/b>\n  <\/blockquote>\n [\/expand]\n<br>\n\n[expand title=\u00bb<strong>\u00bfPuedo elegir turno?<\/strong>\u00ab]\n<blockquote>No, los turnos ya est\u00e1n establecidos en la Oferta Educativa que puedes consultar en la convocatoria.<\/blockquote>\n [\/expand]\n<br>\n\n[expand title=\u00bb<strong>\u00bfCu\u00e1ntas personas aceptan por carrera?<\/strong>\u00ab]\n  <blockquote>Lo podr\u00e1s consultar en la Convocatoria de Admisi\u00f3n.<\/blockquote>\n [\/expand]\n<br>\n\n[expand title=\u00bb<strong>En caso de no ser aceptado, \u00bfhay segunda lista?<\/strong>\u00ab]\n<blockquote>S\u00ed, se comunicar\u00e1 en tiempo y forma sobre la publicaci\u00f3n de resultados de una segunda lista.<\/blockquote>\n [\/expand]\n<br>\n\n[expand title=\u00bb<strong>\u00bfC\u00f3mo se maneja la  segunda lista?<\/strong>\u00ab]\n<blockquote>En caso de que existan lugares disponibles despu\u00e9s de la inscripci\u00f3n, la lista se publicar\u00e1 en nuestra p\u00e1gina web, respetando el orden de prelaci\u00f3n.<\/blockquote>\n [\/expand]\n\n\n<br>\n\n<br>\n<br>\n\n\n\n<div style=\"height:33px\" aria-hidden=\"true\" class=\"wp-block-spacer\"><\/div>\n\n\n<div class=\"wp-block-image\">\n<figure class=\"aligncenter size-full\"><a href=\"https:\/\/www.uaa.mx\/admision\/wp-content\/uploads\/2022\/03\/Clave-de-Centro-de-Trabajo-de-Bachileratos-Ags..pdf\"><img loading=\"lazy\" decoding=\"async\" width=\"389\" height=\"290\" src=\"https:\/\/www.uaa.mx\/admision\/wp-content\/uploads\/2022\/03\/boto\u0301n-CCT.png\" alt=\"\" class=\"wp-image-667\" srcset=\"https:\/\/www.uaa.mx\/admision\/wp-content\/uploads\/2022\/03\/boto\u0301n-CCT.png 389w, https:\/\/www.uaa.mx\/admision\/wp-content\/uploads\/2022\/03\/boto\u0301n-CCT-300x224.png 300w\" sizes=\"auto, (max-width: 389px) 100vw, 389px\" \/><\/a><\/figure>\n<\/div>\n\n\n<div style=\"height:33px\" aria-hidden=\"true\" class=\"wp-block-spacer\"><\/div>\n\n\n\n<p class=\"has-text-align-center\"><strong>Contacto para dudas:<\/strong><br>449 910 74 22 ext. 20213<br><a href=\"mailto:dudas.admision@edu.uaa.mx\">dudas.admision@edu.uaa.mx<\/a><\/p>\n\n\n\n<p class=\"has-text-align-center\"><\/p>\n\n\n\n<div style=\"height:53px\" aria-hidden=\"true\" class=\"wp-block-spacer\"><\/div>\n\n\n\n<center>\n<a href=\"https:\/\/www.facebook.com\/uaa.mx\/?ref=br_rs\"> <img decoding=\"async\" src=\"https:\/\/www.uaa.mx\/portal\/wp-content\/uploads\/2023\/08\/Facebook.png\" alt=\"Facebook UAA\"> <\/a> \n   <a href=\"https:\/\/instagram.com\/uaa_mx?igshid=MzRlODBiNWFlZA==\"> <img decoding=\"async\" src=\"https:\/\/www.uaa.mx\/portal\/wp-content\/uploads\/2023\/08\/Instagram.png\" alt=\"Instagram UAA\"> <\/a> \n   <a href=\"https:\/\/www.youtube.com\/@UAAmx1\"> <img decoding=\"async\" src=\"https:\/\/www.uaa.mx\/portal\/wp-content\/uploads\/2023\/08\/YouTube.png\" alt=\"YouTube UAA\"> <\/a> \n   <a href=\"https:\/\/twitter.com\/uaa_mx\"> <img decoding=\"async\" src=\"https:\/\/www.uaa.mx\/portal\/wp-content\/uploads\/2023\/08\/X.png\" alt=\"X UAA\"> <\/a> \n   <a href=\"https:\/\/www.linkedin.com\/school\/uaamx\/\"> <img decoding=\"async\" src=\"https:\/\/www.uaa.mx\/portal\/wp-content\/uploads\/2023\/08\/LinkedIn.png\" alt=\"Linkedin UAA\"> <\/a> \n   <a href=\"https:\/\/g.page\/r\/CdstxDdmJKCJEAE\"> <img decoding=\"async\" src=\"https:\/\/www.uaa.mx\/portal\/wp-content\/uploads\/2023\/08\/Google-Maps.png\" alt=\"Google Maps UAA\"> <\/a> \n   <a href=\"https:\/\/www.tiktok.com\/@uaa_mx?_t=8evCnXOezJO&amp;_r=1\"> <img decoding=\"async\" src=\"https:\/\/www.uaa.mx\/portal\/wp-content\/uploads\/2023\/08\/TikTok.png\" alt=\"TikTok UAA\"> <\/a> \n   <a href=\"https:\/\/www.threads.net\/@uaa_mx?igshid=NTc4MTIwNjQ2YQ==\"> <img decoding=\"async\" src=\"https:\/\/www.uaa.mx\/portal\/wp-content\/uploads\/2023\/08\/Threads.png\" alt=\"Threads UAA\"> <\/a>\n<br>\n<br>\n<\/center>\n","protected":false},"excerpt":{"rendered":"<p>[expand title=\u00bb\u00bfCu\u00e1les son las fechas del pre-registro para participar en el Proceso de Admisi\u00f3n a Licenciaturas e Ingenier\u00edas 2024?\u00ab] El sitio de pre-registro se habilitar\u00e1 del 11 al 15 de marzo. [\/expand] [expand title=\u00bb\u00bfEn qu\u00e9 consiste el pre-registro? \u00ab] 1.- Entrar a la p\u00e1gina www.uaa.mx del 11 al 15 de [&hellip;]<\/p>\n","protected":false},"author":7,"featured_media":1349,"parent":0,"menu_order":0,"comment_status":"closed","ping_status":"closed","template":"","meta":{"footnotes":""},"class_list":["post-179","page","type-page","status-publish","has-post-thumbnail","hentry"],"_links":{"self":[{"href":"https:\/\/www.uaa.mx\/admision\/index.php\/wp-json\/wp\/v2\/pages\/179","targetHints":{"allow":["GET"]}}],"collection":[{"href":"https:\/\/www.uaa.mx\/admision\/index.php\/wp-json\/wp\/v2\/pages"}],"about":[{"href":"https:\/\/www.uaa.mx\/admision\/index.php\/wp-json\/wp\/v2\/types\/page"}],"author":[{"embeddable":true,"href":"https:\/\/www.uaa.mx\/admision\/index.php\/wp-json\/wp\/v2\/users\/7"}],"replies":[{"embeddable":true,"href":"https:\/\/www.uaa.mx\/admision\/index.php\/wp-json\/wp\/v2\/comments?post=179"}],"version-history":[{"count":43,"href":"https:\/\/www.uaa.mx\/admision\/index.php\/wp-json\/wp\/v2\/pages\/179\/revisions"}],"predecessor-version":[{"id":1358,"href":"https:\/\/www.uaa.mx\/admision\/index.php\/wp-json\/wp\/v2\/pages\/179\/revisions\/1358"}],"wp:featuredmedia":[{"embeddable":true,"href":"https:\/\/www.uaa.mx\/admision\/index.php\/wp-json\/wp\/v2\/media\/1349"}],"wp:attachment":[{"href":"https:\/\/www.uaa.mx\/admision\/index.php\/wp-json\/wp\/v2\/media?parent=179"}],"curies":[{"name":"wp","href":"https:\/\/api.w.org\/{rel}","templated":true}]}}