{"id":121,"date":"2020-03-03T20:28:58","date_gmt":"2020-03-03T20:28:58","guid":{"rendered":"https:\/\/www.uaa.mx\/defensoria\/?page_id=121"},"modified":"2025-07-31T19:01:29","modified_gmt":"2025-07-31T19:01:29","slug":"contacto","status":"publish","type":"page","link":"https:\/\/www.uaa.mx\/defensoria\/index.php\/contacto\/","title":{"rendered":"Contacto"},"content":{"rendered":"\n<figure class=\"wp-block-embed aligncenter is-type-video is-provider-youtube wp-block-embed-youtube wp-embed-aspect-16-9 wp-has-aspect-ratio\"><div class=\"wp-block-embed__wrapper\">\n<iframe loading=\"lazy\" title=\"Enlaces Defensori\u0301a de los Derechos Humanos UAA 2025\" width=\"750\" height=\"422\" src=\"https:\/\/www.youtube.com\/embed\/Hk7qvixgeoo?feature=oembed\" frameborder=\"0\" allow=\"accelerometer; autoplay; clipboard-write; encrypted-media; gyroscope; picture-in-picture; web-share\" referrerpolicy=\"strict-origin-when-cross-origin\" allowfullscreen><\/iframe>\n<\/div><\/figure>\n\n\n\n<div class=\"wp-block-group\"><div class=\"wp-block-group__inner-container is-layout-constrained wp-block-group-is-layout-constrained\">\n<p class=\"has-text-align-left\"><strong><br>DATOS DE CONTACTO DE LA DEFENSOR\u00cdA DE LOS DERECHOS UNIVERSITARIOS<\/strong><\/p>\n<\/div><\/div>\n\n\n\n<p><strong><br>Ubicaci\u00f3n:<\/strong>\nEdificio 1-A, Campus Central de la UAA.<\/p>\n\n\n\n<p><strong>Tel\u00e9fono:<\/strong> 9 10 74\n00 ext. 21212<\/p>\n\n\n\n<p><strong>Correo electr\u00f3nico:<\/strong> <a href=\"mailto:defensoria@edu.uaa.mx\">defensoria@edu.uaa.mx<\/a><\/p>\n\n\n\n<p><strong>FaceBook:<\/strong> <a href=\"https:\/\/www.facebook.com\/profile.php?id=100057474069024&amp;mibextid=ZbWKwL\">Defensor\u00eda de los Derechos Universitario UAA<\/a> <\/p>\n\n\n\n<p><strong>Instagram:<\/strong> <a href=\"https:\/\/www.instagram.com\/uaa_ddu\/\">uaa_ddu<\/a><\/p>\n\n\n\n<p><strong>Directorio: <\/strong><\/p>\n\n\n\n<ul class=\"wp-block-list\">\n<li><strong>Defensora de los Derechos Universitarios.<\/strong>  Mtra. Alejandra Ch\u00e1vez Lomel\u00ed<br>Correo: <a href=\"mailto:isabel.martinez@edu.uaa.mx\"><\/a><a href=\"mailto:defensoria@edu.uaa.mx\">defensoria@edu.uaa.mx<\/a>, ext. 21201.<br><\/li>\n\n\n\n<li><strong>Primer Contacto de atenci\u00f3n al Protocolo de Atenci\u00f3n ante Situaciones de&nbsp; Acoso, Discriminaci\u00f3n&nbsp; y Violencia.<\/strong> Mtra. \u00c1ngela Ruth Mu\u00f1oz Villalobos <br>Correo: <a href=\"mailto:defensoria@edu.uaa.mx\" data-type=\"mailto\" data-id=\"mailto:defensoria@edu.uaa.mx\">defensoria@edu.uaa.mx<\/a> , ext. 21214.<br><\/li>\n\n\n\n<li><strong>Comit\u00e9 Institucional para la Equidad de G\u00e9nero.<\/strong> Pisc. Gabriela Ruiz Guill\u00e9n<br>Correo: <a rel=\"noreferrer noopener\" href=\"mailto:elsa.ruiz@edu.uaa.mx\" target=\"_blank\">elsa.ruiz@edu.uaa.mx<\/a>, ext. 21213.&nbsp;&nbsp;&nbsp; <\/li>\n<\/ul>\n\n\n\n<p>&nbsp;&nbsp;&nbsp; <\/p>\n\n\n\n<p><strong>Directorio de Enlaces-Orientadoras del 2025.<\/strong><\/p>\n\n\n<p style=\"text-align: justify;\">Si necesitas alguna orientaci\u00f3n sobre tus Derechos Universitarios o del <a href=\"https:\/\/www.uaa.mx\/sg\/wp-content\/uploads\/2025\/01\/DI-PL-NO-17.pdf\">Protocolo de Actuaci\u00f3n ante situaciones de acoso, discriminaci\u00f3n y violencia<\/a>, puedes acudir con el las personas enlaces de la Defensor\u00eda en tu Centro o Direcci\u00f3n.<\/p>\n\n\n<table width=\"700\" border=\"1\" align=\"center\" cellpadding=\"0\" cellspacing=\"0\">\n  <tr>\n    <td width=\"250\" align=\"center\" bgcolor=\"#F7CAAC\"><p align=\"center\" style=\"text-align:center;line-height:150%;\"><strong>Nombre<\/strong><\/p><\/td>\n    <td width=\"200\" bgcolor=\"#F7CAAC\"><p align=\"center\" style=\"text-align:center;line-height:150%;\"><strong>Centro\/Direcciones<\/strong><strong> <\/strong><\/p><\/td>\n    <td width=\"250\" bgcolor=\"#F7CAAC\"><p align=\"center\" style=\"text-align:center;line-height:150%;\"><strong>E-mail<\/strong><\/p><\/td>\n  <\/tr>\n  <tr>\n    <td width=\"250\"><p style=\"text-align:justify;line-height:150%;\"><strong>Mtra. Issel Xomara Mor\u00e1n Barroso<\/strong><\/p><\/td>\n    <td width=\"200\"><p align=\"center\" style=\"text-align:center;line-height:150%;\"><strong>Centro de las Artes y la Cultura<\/strong><\/p><\/td>\n    <td width=\"250\"><p align=\"center\" style=\"text-align:center;line-height:150%;\"><a href=\"mailto:xomara.moran@edu.uaa.mx\"><strong>xomara.moran@edu.uaa.mx<\/strong><\/a><\/p><\/td>\n  <\/tr>\n<tr>\n    <td width=\"250\"><p style=\"text-align:justify;line-height:150%;\"><strong>Dra. Rosa Mar\u00eda Mel\u00e9ndez Soto<\/strong><\/p><\/td>\n    <td width=\"200\"><p align=\"center\" style=\"text-align:center;line-height:150%;\"><strong>Centro de Ciencias Agropecuarias<\/strong><\/p><\/td>\n    <td width=\"250\"><p align=\"center\" style=\"text-align:center;line-height:150%;\"><a href=\"mailto:maria.melendez@edu.uaa.mx\"><strong>maria.melendez@edu.uaa.mx<\/strong><\/a><\/p><\/td>\n  <\/tr>\n  <tr>\n    <td width=\"250\"><p style=\"text-align:justify;line-height:150%;\"><strong>M.C. Dulce Mar\u00eda Diana P\u00e9rez T\u00e9llez<\/strong><\/p><\/td>\n    <td width=\"200\"><p align=\"center\" style=\"text-align:center;line-height:150%;\"><strong>Centro de Ciencias B\u00e1sicas<\/strong><\/p><\/td>\n    <td width=\"250\"><p align=\"center\" style=\"text-align:center;line-height:150%;\"><a href=\"mailto:cristina.sernag@edu.uaa.mx\"><strong>diana.perez@edu.uaa.mx<\/strong><\/a><\/p><\/td>\n  <\/tr>\n<tr>\n    <td width=\"250\"><p style=\"text-align:justify;line-height:150%;\"><strong>C.P. Ver\u00f3nica Trillo Carre\u00f3n<\/strong><\/p><\/td>\n    <td width=\"200\"><p align=\"center\" style=\"text-align:center;line-height:150%;\"><strong>Centro de Ciencias de la Ingenier\u00eda<\/strong><\/p><\/td>\n    <td width=\"250\"><p align=\"center\" style=\"text-align:center;line-height:150%;\"><a href=\"mailto:veronica.trillo@edu.uaa.mx\"><strong>veronica.trillo@edu.uaa.mx<\/strong><\/a><\/p><\/td>\n  <\/tr>\n<tr>\n    <td width=\"250\"><p style=\"text-align:justify;line-height:150%;\"><strong>M. en C. Edu. Diana Natalie Romo L\u00f3pez<\/strong><\/p><\/td>\n    <td width=\"200\"><p align=\"center\" style=\"text-align:center;line-height:150%;\"><strong>Centro de Ciencias de la Salud<\/strong><\/p><\/td>\n    <td width=\"250\"><p align=\"center\" style=\"text-align:center;line-height:150%;\"><a href=\"mailto:natalie.romo@edu.uaa.mx\"><strong>natalie.romo@edu.uaa.mx<\/strong><\/a><\/p><\/td>\n  <\/tr>\n  <tr>\n    <td width=\"250\" valign=\"bottom\"><p style=\"text-align:justify;line-height:150%;\"><strong>Mtra. en E. Gabriela Reyes Ortega<\/strong><\/p><\/td>\n    <td width=\"200\"><p align=\"center\" style=\"text-align:center;line-height:150%;\"><strong>Centro de Ciencias del Dise\u00f1o y de la Construcci\u00f3n<\/strong><\/p><\/td>\n    <td width=\"250\" valign=\"bottom\"><p align=\"center\" style=\"text-align:center;line-height:150%;\"><a href=\"mailto:gabriela.reyes@edu.uaa.mx\"><strong>gabriela.reyes@edu.uaa.mx<\/strong><\/a><\/p><\/td>\n  <\/tr>\n  <tr>\n    <td width=\"250\"><p style=\"text-align:justify;line-height:150%;\"><strong>Dra. Mar\u00eda Del Carmen Bautista S\u00e1nchez<\/strong><\/p><\/td>\n    <td width=\"200\"><p align=\"center\" style=\"text-align:center;line-height:150%;\"><strong>Centro de Ciencias Econ\u00f3micas y Administrativas <\/strong><\/p><\/td>\n    <td width=\"250\"><p align=\"center\" style=\"text-align:center;line-height:150%;\"><a href=\"mailto:carmen.bautista@edu.uaa.mx\"><strong>carmen.bautista@edu.uaa.mx<\/strong><\/a><\/p><\/td>\n  <\/tr>\n<tr>\n    <td width=\"250\"><p style=\"text-align:justify;line-height:150%;\"><strong>Lic. Nancy Berenice Mart\u00ednez Palos<\/strong><\/p><\/td>\n    <td width=\"200\"><p align=\"center\" style=\"text-align:center;line-height:150%;\"><strong>Centro de Ciencias Empresariales<\/strong><\/p><\/td>\n    <td width=\"250\"><p align=\"center\" style=\"text-align:center;line-height:150%;\"><a href=\"mailto:nancy.martinez@edu.uaa.mx\"><strong>nancy.martinez@edu.uaa.mx<\/strong><\/a><\/p><\/td>\n  <\/tr>\n<tr>\n    <td width=\"250\"><p style=\"text-align:justify;line-height:150%;\"><strong>Mtra. Mar\u00eda Zapopan Tejeda Caldera<\/strong><\/p><\/td>\n    <td width=\"200\"><p align=\"center\" style=\"text-align:center;line-height:150%;\"><strong>Centro de Ciencias Sociales y\u00a0 Humanidades<\/strong><\/p><\/td>\n    <td width=\"250\"><p align=\"center\" style=\"text-align:center;line-height:150%;\"><a href=\"mailto:zapopan.tejeda@edu.uaa.mx\"><strong>zapopan.tejeda@edu.uaa.mx<\/strong><\/a><\/p><\/td>\n  <\/tr>\n  \n  <tr>\n    <td width=\"250\"><p style=\"text-align:justify;line-height:150%;\"><strong>LAP. Martha Cinthia Garc\u00eda Gayt\u00e1n<\/strong><\/p><\/td>\n    <td width=\"200\"><p align=\"center\" style=\"text-align:center;line-height:150%;\"><strong>Direcci\u00f3n General de Docencia de Pregrado<\/strong><\/p><\/td>\n    <td width=\"250\"><p align=\"center\" style=\"text-align:center;line-height:150%;\"><a href=\"mailto:cinthia.garcia@edu.uaa.mx \"><strong>cinthia.garcia@edu.uaa.mx <\/strong><\/a><\/p><\/td>\n  <\/tr>\n  <tr>\n    <td width=\"250\"><p style=\"text-align:justify;line-height:150%;\"><strong>Lic. en Psic. Hilda Isela Gonz\u00e1lez Ortega<\/strong><\/p><\/td>\n    <td width=\"200\"><p align=\"center\" style=\"text-align:center;line-height:150%;\"><strong>Direcci\u00f3n General de Servicios Educativos<\/strong><\/p><\/td>\n    <td width=\"250\"><p align=\"center\" style=\"text-align:center;line-height:150%;\"><a href=\"mailto:hilda.gonzalez@edu.uaa.mx\"><strong>hilda.gonzalez@edu.uaa.mx<\/strong><\/a><\/p><\/td>\n  <\/tr>\n  <tr>\n    <td width=\"250\"><p style=\"text-align:justify;line-height:150%;\"><strong>Mtra. Rita Aidee Margaritha V\u00e9lez Z\u00fa\u00f1iga<\/strong><\/p><\/td>\n    <td width=\"200\"><p align=\"center\" style=\"text-align:center;line-height:150%;\"><strong>Direcci\u00f3n General de Investigaci\u00f3n y Posgrado<\/strong><\/p><\/td>\n    <td width=\"250\"><p align=\"center\" style=\"text-align:center;line-height:150%;\"><a href=\"mailto:margaritha.velez@edu.uaa.mx\"><strong>margaritha.velez@edu.uaa.mx<\/strong><\/a><\/p><\/td>\n  <\/tr>\n  <tr>\n    <td width=\"250\"><p style=\"text-align:justify;line-height:150%;\"><strong>L.C.O. Ruby Michelle Alfaro Mac\u00edas<\/strong><\/p><\/td>\n    <td width=\"200\"><p align=\"center\" style=\"text-align:center;line-height:150%;\"><strong>Direcci\u00f3n General de Difusi\u00f3n y Vinculaci\u00f3n<\/strong><\/p><\/td>\n    <td width=\"250\"><p align=\"center\" style=\"text-align:center;line-height:150%;\"><a href=\"mailto:ruby.alfaro@edu.uaa.mx\"><strong>ruby.alfaro@edu.uaa.mx<\/strong><\/a><\/p><\/td>\n  <\/tr>\n  <tr>\n    <td width=\"250\"><p style=\"text-align:justify;line-height:150%;\"><strong>Mtro. Edgar L\u00e1zaro Guti\u00e9rrez Ju\u00e1rez<\/strong><\/p><\/td>\n    <td width=\"200\"><p align=\"center\" style=\"text-align:center;line-height:150%;\"><strong>Direcci\u00f3n General de Planeaci\u00f3n y Desarrollo<\/strong><\/p><\/td>\n    <td width=\"250\"><p align=\"center\" style=\"text-align:center;line-height:150%;\"><a href=\"mailto:alfredo.duran@edu.uaa.mx\"><strong>edgar.gutierrez@edu.uaa.mx<\/strong><\/a><\/p><\/td>\n  <\/tr>\n  <tr>\n    <td width=\"250\"><p style=\"text-align:justify;line-height:150%;\"><strong>C.P. Rosa Ang\u00e9lica Loza Galaviz<\/strong><\/p><\/td>\n    <td width=\"200\"><p align=\"center\" style=\"text-align:center;line-height:150%;\"><strong>Direcci\u00f3n General de Finanzas<\/strong><\/p><\/td>\n    <td width=\"250\"><p align=\"center\" style=\"text-align:center;line-height:150%;\"><a href=\"mailto:alfredo.duran@edu.uaa.mx\"><strong>angelica.lozano@edu.uaa.mx<\/strong><\/a><\/p><\/td>\n  <\/tr>\n  <tr>\n    <td width=\"250\"><p style=\"text-align:justify;line-height:150%;\"><strong>M. en A. Diana Olimpia Rosales de Lira<\/strong><\/p><\/td>\n    <td width=\"200\"><p align=\"center\" style=\"text-align:center;line-height:150%;\"><strong>Direcci\u00f3n General de Infraestructura Universitaria<\/strong><\/p><\/td>\n    <td width=\"250\"><p align=\"center\" style=\"text-align:center;line-height:150%;\"><a href=\"mailto:drosales@correo.uaa.mx\"><strong>drosales@correo.uaa.mx<\/strong><\/a><\/p><\/td>\n  <\/tr>\n\n<tr>\n    <td width=\"250\"><p style=\"text-align:justify;line-height:150%;\"><strong>M.P.G Ma. De Lourdes D\u00edaz Mart\u00ednez <br> Secretaria Acad\u00e9mica Plantel Central<\/strong><\/p><\/td>\n    <td width=\"200\" rowspan=\"3\"><p align=\"center\" style=\"text-align:center;line-height:150%;\"><strong>Centro de Educaci\u00f3n Media<\/strong><\/p><\/td>\n    <td width=\"250\"><p align=\"center\" style=\"text-align:center;line-height:150%;\"><a href=\"mailto:lourdes.diaz@edu.uaa.mx\"><strong>lourdes.diaz@edu.uaa.mx<\/strong><\/a><\/p><\/td>\n<\/tr>\n<tr>\n    <td width=\"250\"><p style=\"text-align:justify;line-height:150%;\"><strong>Dr. Carlos Roberto Rodr\u00edguez Castellanos <br> Secretario Acad\u00e9mico Plantel Oriente<\/strong><\/p><\/td>\n    <td width=\"250\"><p align=\"center\" style=\"text-align:center;line-height:150%;\"><a href=\"mailto:carlos.rodriguez@edu.uaa.mx\"><strong>carlos.rodriguez@edu.uaa.mx<\/strong><\/a><\/p><\/td>\n<\/tr>\n<tr>\n    <td width=\"250\"><p style=\"text-align:justify;line-height:150%;\"><strong>M. en Der. Ismael Garc\u00eda Gonz\u00e1lez Cosio <br>Secretario Acad\u00e9mico Plantel Norte<\/strong><\/p><\/td>\n    <td width=\"250\"><p align=\"center\" style=\"text-align:center;line-height:150%;\"><a href=\"mailto:ismael.garcia@edu.uaa.mx\"><strong>ismael.garcia@edu.uaa.mx<\/strong><\/a><\/p><\/td>\n<\/tr>\n<\/table>\n\n\n\n<div style=\"height:33px\" aria-hidden=\"true\" class=\"wp-block-spacer\"><\/div>\n\n\n\n<p><strong>Enlaces Web: <\/strong><\/p>\n\n\n\n<ul class=\"wp-block-list\">\n<li>Red de Organismo Defensores de los Derechos\nUniversitarios (REDDU): <a href=\"https:\/\/www.reddu.org.mx\">https:\/\/www.reddu.org.mx<\/a><\/li>\n\n\n\n<li>Consejo Nacional para Prevenir la\nDiscriminaci\u00f3n (CONAPRED): <a href=\"https:\/\/www.conapred.org.mx\">https:\/\/www.conapred.org.mx<\/a><\/li>\n\n\n\n<li>Comisi\u00f3n de los Derechos Humanos del Estado de Aguascalientes (CDHEA): <a href=\"http:\/\/www.dhags.org\">http:\/\/www.dhags.org<\/a><\/li>\n\n\n\n<li>Comisi\u00f3n Nacional de los Derechos Humanos (CNDH): <a href=\"https:\/\/www.cndh.org.mx\">https:\/\/www.cndh.org.mx<\/a><\/li>\n<\/ul>\n","protected":false},"excerpt":{"rendered":"<p>DATOS DE CONTACTO DE LA DEFENSOR\u00cdA DE LOS DERECHOS UNIVERSITARIOS Ubicaci\u00f3n: Edificio 1-A, Campus Central de la UAA. Tel\u00e9fono: 9 10 74 00 ext. 21212 Correo electr\u00f3nico: defensoria@edu.uaa.mx FaceBook: Defensor\u00eda de los Derechos Universitario UAA Instagram: uaa_ddu Directorio: &nbsp;&nbsp;&nbsp; Directorio de Enlaces-Orientadoras del 2025. Si necesitas alguna orientaci\u00f3n sobre tus [&hellip;]<\/p>\n","protected":false},"author":2,"featured_media":0,"parent":0,"menu_order":0,"comment_status":"closed","ping_status":"closed","template":"","meta":{"footnotes":""},"class_list":["post-121","page","type-page","status-publish","hentry"],"_links":{"self":[{"href":"https:\/\/www.uaa.mx\/defensoria\/index.php\/wp-json\/wp\/v2\/pages\/121","targetHints":{"allow":["GET"]}}],"collection":[{"href":"https:\/\/www.uaa.mx\/defensoria\/index.php\/wp-json\/wp\/v2\/pages"}],"about":[{"href":"https:\/\/www.uaa.mx\/defensoria\/index.php\/wp-json\/wp\/v2\/types\/page"}],"author":[{"embeddable":true,"href":"https:\/\/www.uaa.mx\/defensoria\/index.php\/wp-json\/wp\/v2\/users\/2"}],"replies":[{"embeddable":true,"href":"https:\/\/www.uaa.mx\/defensoria\/index.php\/wp-json\/wp\/v2\/comments?post=121"}],"version-history":[{"count":52,"href":"https:\/\/www.uaa.mx\/defensoria\/index.php\/wp-json\/wp\/v2\/pages\/121\/revisions"}],"predecessor-version":[{"id":338,"href":"https:\/\/www.uaa.mx\/defensoria\/index.php\/wp-json\/wp\/v2\/pages\/121\/revisions\/338"}],"wp:attachment":[{"href":"https:\/\/www.uaa.mx\/defensoria\/index.php\/wp-json\/wp\/v2\/media?parent=121"}],"curies":[{"name":"wp","href":"https:\/\/api.w.org\/{rel}","templated":true}]}}