{"id":99,"date":"2019-07-02T20:44:25","date_gmt":"2019-07-02T20:44:25","guid":{"rendered":"https:\/\/www.uaa.mx\/defensoria\/?page_id=99"},"modified":"2025-05-07T17:37:53","modified_gmt":"2025-05-07T17:37:53","slug":"antecedentes","status":"publish","type":"page","link":"https:\/\/www.uaa.mx\/defensoria\/index.php\/antecedentes\/","title":{"rendered":"ANTECEDENTES"},"content":{"rendered":"\n<p><strong>\u00bfCU\u00c1NDO SURGI\u00d3?<\/strong><br> La Defensor\u00eda fue creada por el H. Consejo Universitario, en sesi\u00f3n extraordinaria del 2 de julio de 1997, luego ratificada por los Consejos de Representantes de los siete centros acad\u00e9micos, seg\u00fan el informe dado a conocer al H. Consejo Universitario en sesi\u00f3n extraordinaria del 19 de agosto de 1997.<\/p>\n\n\n\n<p>El 18 de julio de 1998, el H. Consejo Universitario aprob\u00f3 el Reglamento propio de la Defensor\u00eda de los Derechos Universitarios.<\/p>\n\n\n\n<p>El 27 de noviembre de 1998, el H. Consejo Universitario design\u00f3 al primer defensor de la Universidad, al Mtro. Jos\u00e9 de Jes\u00fas de Anda Mu\u00f1oz para un per\u00edodo de tres a\u00f1os.<\/p>\n\n\n\n<p>El 10 de diciembre de 1998 se le tom\u00f3 la protesta de ley al defensor, quedando con ello instalada formalmente la Defensor\u00eda de los Derechos Universitarios de la Universidad Aut\u00f3noma de Aguascalientes.<\/p>\n\n\n\n<p><strong>II.    LISTA DE PERSONAS DEFENSORAS DE LOS DERECHOS UNIVERSITARIOS\u201d<\/strong><\/p>\n\n\n\n<ol class=\"wp-block-list\">\n<li>Mtro. en Psicolog\u00eda Jos\u00e9 de Jes\u00fas de Anda Mu\u00f1oz, 1998-2000<\/li>\n\n\n\n<li>Abogado Jorge Medina \u00c1vila, 2001-2004<\/li>\n\n\n\n<li>Ing. Sistemas Computacionales Arturo Gonz\u00e1lez Le\u00f3n, 2004-2007<\/li>\n\n\n\n<li>Mtro. en Derecho Juan Carlos Arredondo Hern\u00e1ndez, Interino de Septiembre-Noviembre 2007<\/li>\n\n\n\n<li>Mtro. en Derecho Jos\u00e9 Francisco Silva Garc\u00eda, 2008-2010<\/li>\n\n\n\n<li>Mtro. en Filosof\u00eda Jos\u00e9 Acevedo Acosta, 2011-2013 <\/li>\n\n\n\n<li>Mtro. en Derecho Jos\u00e9 Alfredo Mu\u00f1oz Delgado, Enero-Febrero 2014<\/li>\n\n\n\n<li>Dr. en Historia Alfredo L\u00f3pez Ferreira, Marzo-Julio 2014<\/li>\n\n\n\n<li>Mtro. en Filosof\u00eda Jos\u00e9 Acevedo Acosta, 2014-2016<\/li>\n\n\n\n<li>Mtra. Hilda Eugenia Ramos Reyes, 2016-2019<\/li>\n\n\n\n<li>Mtra. &nbsp;Mar\u00eda Teresa Isabel Mart\u00ednez Mercado, 2019-2022<\/li>\n\n\n\n<li>Mtra. Alejandra Ch\u00e1vez Lomel\u00ed, 2023-2025 <\/li>\n<\/ol>\n","protected":false},"excerpt":{"rendered":"<p>\u00bfCU\u00c1NDO SURGI\u00d3? La Defensor\u00eda fue creada por el H. Consejo Universitario, en sesi\u00f3n extraordinaria del 2 de julio de 1997, luego ratificada por los Consejos de Representantes de los siete centros acad\u00e9micos, seg\u00fan el informe dado a conocer al H. Consejo Universitario en sesi\u00f3n extraordinaria del 19 de agosto de [&hellip;]<\/p>\n","protected":false},"author":2,"featured_media":0,"parent":0,"menu_order":0,"comment_status":"closed","ping_status":"closed","template":"","meta":{"footnotes":""},"class_list":["post-99","page","type-page","status-publish","hentry"],"_links":{"self":[{"href":"https:\/\/www.uaa.mx\/defensoria\/index.php\/wp-json\/wp\/v2\/pages\/99","targetHints":{"allow":["GET"]}}],"collection":[{"href":"https:\/\/www.uaa.mx\/defensoria\/index.php\/wp-json\/wp\/v2\/pages"}],"about":[{"href":"https:\/\/www.uaa.mx\/defensoria\/index.php\/wp-json\/wp\/v2\/types\/page"}],"author":[{"embeddable":true,"href":"https:\/\/www.uaa.mx\/defensoria\/index.php\/wp-json\/wp\/v2\/users\/2"}],"replies":[{"embeddable":true,"href":"https:\/\/www.uaa.mx\/defensoria\/index.php\/wp-json\/wp\/v2\/comments?post=99"}],"version-history":[{"count":3,"href":"https:\/\/www.uaa.mx\/defensoria\/index.php\/wp-json\/wp\/v2\/pages\/99\/revisions"}],"predecessor-version":[{"id":322,"href":"https:\/\/www.uaa.mx\/defensoria\/index.php\/wp-json\/wp\/v2\/pages\/99\/revisions\/322"}],"wp:attachment":[{"href":"https:\/\/www.uaa.mx\/defensoria\/index.php\/wp-json\/wp\/v2\/media?parent=99"}],"curies":[{"name":"wp","href":"https:\/\/api.w.org\/{rel}","templated":true}]}}