{"id":1381,"date":"2021-12-14T16:48:54","date_gmt":"2021-12-14T16:48:54","guid":{"rendered":"https:\/\/www.uaa.mx\/descubretucarrera\/?page_id=1381"},"modified":"2024-10-18T18:28:33","modified_gmt":"2024-10-18T18:28:33","slug":"centro-de-ciencias-de-la-salud","status":"publish","type":"page","link":"https:\/\/www.uaa.mx\/descubretucarrera\/centro-de-ciencias-de-la-salud\/","title":{"rendered":"Centro de Ciencias de la Salud"},"content":{"rendered":"\n<center><img decoding=\"async\" src=\"https:\/\/www.uaa.mx\/descubretucarrera\/ccs\/titulo-centro.png\" alt=\"\" width=\"100%\" style=\"margin:5px\" border=\"0\"><\/center>\n\n\n\n<div style=\"height:30px\" aria-hidden=\"true\" class=\"wp-block-spacer\"><\/div>\n\n\n\n<!--<center><iframe loading=\"lazy\" src=\"https:\/\/www.facebook.com\/plugins\/video.php?height=314&href=https%3A%2F%2Fwww.facebook.com%2FUAAOrientacion%2Fvideos%2F1780741142273920%2F&show_text=false&width=560&t=0\" width=\"560\" height=\"314\" style=\"border:none;overflow:hidden\" scrolling=\"no\" frameborder=\"0\" allowfullscreen=\"true\" allow=\"autoplay; clipboard-write; encrypted-media; picture-in-picture; web-share\" allowFullScreen=\"true\"><\/iframe><\/center>-->\n\n\n\n<div style=\"height:10px\" aria-hidden=\"true\" class=\"wp-block-spacer\"><\/div>\n\n\n\n<center>\n<a href=\"https:\/\/www.uaa.mx\/descubretucarrera\/centro-de-ciencias-de-la-salud\/lic-en-cultura-fisica-y-deporte\/\" rel=\"noopener noreferrer\"><img decoding=\"async\" src=\"https:\/\/www.uaa.mx\/descubretucarrera\/ccs\/lic-en-cultura-fisica-y-deporte\/boton.png\" width=\"85%\" style=\"margin:5px\" border=\"0\"><\/a>\n\n<a href=\"https:\/\/www.uaa.mx\/descubretucarrera\/centro-de-ciencias-de-la-salud\/lic-en-enfermeria\/\" rel=\"noopener noreferrer\"><img decoding=\"async\" src=\"https:\/\/www.uaa.mx\/descubretucarrera\/ccs\/lic-en-enfermeria\/boton.png\" width=\"85%\" style=\"margin:5px\" border=\"0\"><\/a>\n\n<a href=\"https:\/\/www.uaa.mx\/descubretucarrera\/centro-de-ciencias-de-la-salud\/lic-en-nutricion\/\" rel=\"noopener noreferrer\"><img decoding=\"async\" src=\"https:\/\/www.uaa.mx\/descubretucarrera\/ccs\/lic-en-nutricion\/boton.png\" width=\"85%\" style=\"margin:5px\" border=\"0\"><\/a>\n\n<a href=\"https:\/\/www.uaa.mx\/descubretucarrera\/centro-de-ciencias-de-la-salud\/lic-en-optometria\/\" rel=\"noopener noreferrer\"><img decoding=\"async\" src=\"https:\/\/www.uaa.mx\/descubretucarrera\/ccs\/lic-en-optometria\/boton.png\" width=\"85%\" style=\"margin:5px\" border=\"0\"><\/a>\n\n<a href=\"https:\/\/www.uaa.mx\/descubretucarrera\/centro-de-ciencias-de-la-salud\/lic-en-terapia-fisica\/\" rel=\"noopener noreferrer\"><img decoding=\"async\" src=\"https:\/\/www.uaa.mx\/descubretucarrera\/ccs\/lic-en-terapia-fisica\/boton.png\" width=\"85%\" style=\"margin:5px\" border=\"0\"><\/a>\n\n<a href=\"https:\/\/www.uaa.mx\/descubretucarrera\/centro-de-ciencias-de-la-salud\/medico-cirujano\/\" rel=\"noopener noreferrer\"><img decoding=\"async\" src=\"https:\/\/www.uaa.mx\/descubretucarrera\/ccs\/medico-cirujano\/boton.png\" width=\"85%\" style=\"margin:5px\" border=\"0\"><\/a>\n\n<a href=\"https:\/\/www.uaa.mx\/descubretucarrera\/centro-de-ciencias-de-la-salud\/medico-estomatologo\/\" rel=\"noopener noreferrer\"><img decoding=\"async\" src=\"https:\/\/www.uaa.mx\/descubretucarrera\/ccs\/medico-estomatologo\/boton.png\" width=\"85%\" style=\"margin:5px\" border=\"0\"><\/a>\n<\/center>\n\n\n\n<div style=\"height:50px\" aria-hidden=\"true\" class=\"wp-block-spacer\"><\/div>\n\n\n\n<center><img decoding=\"async\" src=\"https:\/\/www.uaa.mx\/descubretucarrera\/img\/info-centro.png\" width=\"60%\" alt=\"M\u00e1s informaci\u00f3n del Centro Acad\u00e9mico\"><\/center>\n\n\n\n<p class=\"has-text-align-center has-text-color\" style=\"color:#223671;font-size:20px\"><strong>Centro de Ciencias de la Salud <\/strong><\/p>\n\n\n\n<p class=\"has-text-align-center\">449-910-84-30 EXT. 53012<\/p>\n\n\n\n<p class=\"has-text-align-center\"><a href=\"mailto:ccs@edu.uaa.mx\">ccs@edu.uaa.mx<\/a><\/p>\n\n\n\n<ul class=\"wp-block-social-links aligncenter has-large-icon-size has-icon-color has-icon-background-color items-justified-center is-layout-flex wp-block-social-links-is-layout-flex\"><li style=\"color:#ffffff;background-color:#a81d84;\" class=\"wp-social-link wp-social-link-facebook has-white-color has-header-gradient-background-color wp-block-social-link\"><a href=\"https:\/\/www.facebook.com\/share\/adBgjzi5EiseRSKj\/?mibextid=LQQJ4d\" class=\"wp-block-social-link-anchor\"><svg width=\"24\" height=\"24\" viewBox=\"0 0 24 24\" version=\"1.1\" xmlns=\"http:\/\/www.w3.org\/2000\/svg\" aria-hidden=\"true\" focusable=\"false\"><path d=\"M12 2C6.5 2 2 6.5 2 12c0 5 3.7 9.1 8.4 9.9v-7H7.9V12h2.5V9.8c0-2.5 1.5-3.9 3.8-3.9 1.1 0 2.2.2 2.2.2v2.5h-1.3c-1.2 0-1.6.8-1.6 1.6V12h2.8l-.4 2.9h-2.3v7C18.3 21.1 22 17 22 12c0-5.5-4.5-10-10-10z\"><\/path><\/svg><span class=\"wp-block-social-link-label screen-reader-text\">Facebook<\/span><\/a><\/li>\n\n<li style=\"color:#ffffff;background-color:#a81d84;\" class=\"wp-social-link wp-social-link-instagram has-white-color has-header-gradient-background-color wp-block-social-link\"><a href=\"https:\/\/www.instagram.com\/ccsuaa_oficial?igsh=MWhnOWtvYXVxaXNzaQ==\" class=\"wp-block-social-link-anchor\"><svg width=\"24\" height=\"24\" viewBox=\"0 0 24 24\" version=\"1.1\" xmlns=\"http:\/\/www.w3.org\/2000\/svg\" aria-hidden=\"true\" focusable=\"false\"><path d=\"M12,4.622c2.403,0,2.688,0.009,3.637,0.052c0.877,0.04,1.354,0.187,1.671,0.31c0.42,0.163,0.72,0.358,1.035,0.673 c0.315,0.315,0.51,0.615,0.673,1.035c0.123,0.317,0.27,0.794,0.31,1.671c0.043,0.949,0.052,1.234,0.052,3.637 s-0.009,2.688-0.052,3.637c-0.04,0.877-0.187,1.354-0.31,1.671c-0.163,0.42-0.358,0.72-0.673,1.035 c-0.315,0.315-0.615,0.51-1.035,0.673c-0.317,0.123-0.794,0.27-1.671,0.31c-0.949,0.043-1.233,0.052-3.637,0.052 s-2.688-0.009-3.637-0.052c-0.877-0.04-1.354-0.187-1.671-0.31c-0.42-0.163-0.72-0.358-1.035-0.673 c-0.315-0.315-0.51-0.615-0.673-1.035c-0.123-0.317-0.27-0.794-0.31-1.671C4.631,14.688,4.622,14.403,4.622,12 s0.009-2.688,0.052-3.637c0.04-0.877,0.187-1.354,0.31-1.671c0.163-0.42,0.358-0.72,0.673-1.035 c0.315-0.315,0.615-0.51,1.035-0.673c0.317-0.123,0.794-0.27,1.671-0.31C9.312,4.631,9.597,4.622,12,4.622 M12,3 C9.556,3,9.249,3.01,8.289,3.054C7.331,3.098,6.677,3.25,6.105,3.472C5.513,3.702,5.011,4.01,4.511,4.511 c-0.5,0.5-0.808,1.002-1.038,1.594C3.25,6.677,3.098,7.331,3.054,8.289C3.01,9.249,3,9.556,3,12c0,2.444,0.01,2.751,0.054,3.711 c0.044,0.958,0.196,1.612,0.418,2.185c0.23,0.592,0.538,1.094,1.038,1.594c0.5,0.5,1.002,0.808,1.594,1.038 c0.572,0.222,1.227,0.375,2.185,0.418C9.249,20.99,9.556,21,12,21s2.751-0.01,3.711-0.054c0.958-0.044,1.612-0.196,2.185-0.418 c0.592-0.23,1.094-0.538,1.594-1.038c0.5-0.5,0.808-1.002,1.038-1.594c0.222-0.572,0.375-1.227,0.418-2.185 C20.99,14.751,21,14.444,21,12s-0.01-2.751-0.054-3.711c-0.044-0.958-0.196-1.612-0.418-2.185c-0.23-0.592-0.538-1.094-1.038-1.594 c-0.5-0.5-1.002-0.808-1.594-1.038c-0.572-0.222-1.227-0.375-2.185-0.418C14.751,3.01,14.444,3,12,3L12,3z M12,7.378 c-2.552,0-4.622,2.069-4.622,4.622S9.448,16.622,12,16.622s4.622-2.069,4.622-4.622S14.552,7.378,12,7.378z M12,15 c-1.657,0-3-1.343-3-3s1.343-3,3-3s3,1.343,3,3S13.657,15,12,15z M16.804,6.116c-0.596,0-1.08,0.484-1.08,1.08 s0.484,1.08,1.08,1.08c0.596,0,1.08-0.484,1.08-1.08S17.401,6.116,16.804,6.116z\"><\/path><\/svg><span class=\"wp-block-social-link-label screen-reader-text\">Instagram<\/span><\/a><\/li>\n\n<li style=\"color:#ffffff;background-color:#a81d84;\" class=\"wp-social-link wp-social-link-chain has-white-color has-header-gradient-background-color wp-block-social-link\"><a href=\"https:\/\/www.uaa.mx\/portal\/nuestra-universidad\/centros-academicos-2\/centro-de-ciencias-de-la-salud\/\" class=\"wp-block-social-link-anchor\"><svg width=\"24\" height=\"24\" viewBox=\"0 0 24 24\" version=\"1.1\" xmlns=\"http:\/\/www.w3.org\/2000\/svg\" aria-hidden=\"true\" focusable=\"false\"><path d=\"M15.6,7.2H14v1.5h1.6c2,0,3.7,1.7,3.7,3.7s-1.7,3.7-3.7,3.7H14v1.5h1.6c2.8,0,5.2-2.3,5.2-5.2,0-2.9-2.3-5.2-5.2-5.2zM4.7,12.4c0-2,1.7-3.7,3.7-3.7H10V7.2H8.4c-2.9,0-5.2,2.3-5.2,5.2,0,2.9,2.3,5.2,5.2,5.2H10v-1.5H8.4c-2,0-3.7-1.7-3.7-3.7zm4.6.9h5.3v-1.5H9.3v1.5z\"><\/path><\/svg><span class=\"wp-block-social-link-label screen-reader-text\">Enlace<\/span><\/a><\/li>\n\n<li style=\"color:#ffffff;background-color:#a81d84;\" class=\"wp-social-link wp-social-link-google has-white-color has-header-gradient-background-color wp-block-social-link\"><a href=\"https:\/\/g.page\/r\/CXal_cqvlrL-EAE\" class=\"wp-block-social-link-anchor\"><svg width=\"24\" height=\"24\" viewBox=\"0 0 24 24\" version=\"1.1\" xmlns=\"http:\/\/www.w3.org\/2000\/svg\" aria-hidden=\"true\" focusable=\"false\"><path d=\"M12.02,10.18v3.72v0.01h5.51c-0.26,1.57-1.67,4.22-5.5,4.22c-3.31,0-6.01-2.75-6.01-6.12s2.7-6.12,6.01-6.12 c1.87,0,3.13,0.8,3.85,1.48l2.84-2.76C16.99,2.99,14.73,2,12.03,2c-5.52,0-10,4.48-10,10s4.48,10,10,10c5.77,0,9.6-4.06,9.6-9.77 c0-0.83-0.11-1.42-0.25-2.05H12.02z\"><\/path><\/svg><span class=\"wp-block-social-link-label screen-reader-text\">Google<\/span><\/a><\/li><\/ul>\n\n\n\n<div style=\"height:100px\" aria-hidden=\"true\" class=\"wp-block-spacer\"><\/div>\n","protected":false},"excerpt":{"rendered":"<p>Centro de Ciencias de la Salud 449-910-84-30 EXT. 53012 ccs@edu.uaa.mx<\/p>\n","protected":false},"author":3,"featured_media":0,"parent":0,"menu_order":4,"comment_status":"closed","ping_status":"closed","template":"","meta":{"footnotes":""},"class_list":["post-1381","page","type-page","status-publish","hentry"],"yoast_head":"<!-- This site is optimized with the Yoast SEO plugin v25.4 - https:\/\/yoast.com\/wordpress\/plugins\/seo\/ -->\n<title>Centro de Ciencias de la Salud - Descubre tu carrera<\/title>\n<meta name=\"robots\" content=\"index, follow, max-snippet:-1, max-image-preview:large, max-video-preview:-1\" \/>\n<link rel=\"canonical\" href=\"https:\/\/www.uaa.mx\/descubretucarrera\/centro-de-ciencias-de-la-salud\/\" \/>\n<meta property=\"og:locale\" content=\"es_ES\" \/>\n<meta property=\"og:type\" content=\"article\" \/>\n<meta property=\"og:title\" content=\"Centro de Ciencias de la Salud - Descubre tu carrera\" \/>\n<meta property=\"og:description\" content=\"Centro de Ciencias de la Salud 449-910-84-30 EXT. 53012 ccs@edu.uaa.mx\" \/>\n<meta property=\"og:url\" content=\"https:\/\/www.uaa.mx\/descubretucarrera\/centro-de-ciencias-de-la-salud\/\" \/>\n<meta property=\"og:site_name\" content=\"Descubre tu carrera\" \/>\n<meta property=\"article:publisher\" content=\"https:\/\/www.facebook.com\/uaa.mx\/?ref=br_rs\" \/>\n<meta property=\"article:modified_time\" content=\"2024-10-18T18:28:33+00:00\" \/>\n<meta property=\"og:image\" content=\"https:\/\/www.uaa.mx\/descubretucarrera\/ccs\/titulo-centro.png\" \/>\n<meta name=\"twitter:card\" content=\"summary_large_image\" \/>\n<meta name=\"twitter:site\" content=\"@uaa_mx\" \/>\n<meta name=\"twitter:label1\" content=\"Tiempo de lectura\" \/>\n\t<meta name=\"twitter:data1\" content=\"2 minutos\" \/>\n<script type=\"application\/ld+json\" class=\"yoast-schema-graph\">{\"@context\":\"https:\/\/schema.org\",\"@graph\":[{\"@type\":\"WebPage\",\"@id\":\"https:\/\/www.uaa.mx\/descubretucarrera\/centro-de-ciencias-de-la-salud\/\",\"url\":\"https:\/\/www.uaa.mx\/descubretucarrera\/centro-de-ciencias-de-la-salud\/\",\"name\":\"Centro de Ciencias de la Salud - Descubre tu carrera\",\"isPartOf\":{\"@id\":\"https:\/\/www.uaa.mx\/descubretucarrera\/#website\"},\"primaryImageOfPage\":{\"@id\":\"https:\/\/www.uaa.mx\/descubretucarrera\/centro-de-ciencias-de-la-salud\/#primaryimage\"},\"image\":{\"@id\":\"https:\/\/www.uaa.mx\/descubretucarrera\/centro-de-ciencias-de-la-salud\/#primaryimage\"},\"thumbnailUrl\":\"https:\/\/www.uaa.mx\/descubretucarrera\/ccs\/titulo-centro.png\",\"datePublished\":\"2021-12-14T16:48:54+00:00\",\"dateModified\":\"2024-10-18T18:28:33+00:00\",\"breadcrumb\":{\"@id\":\"https:\/\/www.uaa.mx\/descubretucarrera\/centro-de-ciencias-de-la-salud\/#breadcrumb\"},\"inLanguage\":\"es\",\"potentialAction\":[{\"@type\":\"ReadAction\",\"target\":[\"https:\/\/www.uaa.mx\/descubretucarrera\/centro-de-ciencias-de-la-salud\/\"]}]},{\"@type\":\"ImageObject\",\"inLanguage\":\"es\",\"@id\":\"https:\/\/www.uaa.mx\/descubretucarrera\/centro-de-ciencias-de-la-salud\/#primaryimage\",\"url\":\"https:\/\/www.uaa.mx\/descubretucarrera\/ccs\/titulo-centro.png\",\"contentUrl\":\"https:\/\/www.uaa.mx\/descubretucarrera\/ccs\/titulo-centro.png\"},{\"@type\":\"BreadcrumbList\",\"@id\":\"https:\/\/www.uaa.mx\/descubretucarrera\/centro-de-ciencias-de-la-salud\/#breadcrumb\",\"itemListElement\":[{\"@type\":\"ListItem\",\"position\":1,\"name\":\"Home\",\"item\":\"https:\/\/www.uaa.mx\/descubretucarrera\/\"},{\"@type\":\"ListItem\",\"position\":2,\"name\":\"Centro de Ciencias de la Salud\"}]},{\"@type\":\"WebSite\",\"@id\":\"https:\/\/www.uaa.mx\/descubretucarrera\/#website\",\"url\":\"https:\/\/www.uaa.mx\/descubretucarrera\/\",\"name\":\"Descubre tu carrera\",\"description\":\"Date el tiempo de reflexionar sobre aquellos aspectos que pudieran estar interviniendo en tu elecci\u00f3n y sigue avanzando en tu proceso.\",\"publisher\":{\"@id\":\"https:\/\/www.uaa.mx\/descubretucarrera\/#organization\"},\"potentialAction\":[{\"@type\":\"SearchAction\",\"target\":{\"@type\":\"EntryPoint\",\"urlTemplate\":\"https:\/\/www.uaa.mx\/descubretucarrera\/?s={search_term_string}\"},\"query-input\":{\"@type\":\"PropertyValueSpecification\",\"valueRequired\":true,\"valueName\":\"search_term_string\"}}],\"inLanguage\":\"es\"},{\"@type\":\"Organization\",\"@id\":\"https:\/\/www.uaa.mx\/descubretucarrera\/#organization\",\"name\":\"Universidad Aut\u00f3noma de Aguascalientes\",\"url\":\"https:\/\/www.uaa.mx\/descubretucarrera\/\",\"logo\":{\"@type\":\"ImageObject\",\"inLanguage\":\"es\",\"@id\":\"https:\/\/www.uaa.mx\/descubretucarrera\/#\/schema\/logo\/image\/\",\"url\":\"https:\/\/www.uaa.mx\/descubretucarrera\/wp-content\/uploads\/2019\/01\/Logo-UAA.png\",\"contentUrl\":\"https:\/\/www.uaa.mx\/descubretucarrera\/wp-content\/uploads\/2019\/01\/Logo-UAA.png\",\"width\":318,\"height\":154,\"caption\":\"Universidad Aut\u00f3noma de Aguascalientes\"},\"image\":{\"@id\":\"https:\/\/www.uaa.mx\/descubretucarrera\/#\/schema\/logo\/image\/\"},\"sameAs\":[\"https:\/\/www.facebook.com\/uaa.mx\/?ref=br_rs\",\"https:\/\/x.com\/uaa_mx\"]}]}<\/script>\n<!-- \/ Yoast SEO plugin. -->","yoast_head_json":{"title":"Centro de Ciencias de la Salud - Descubre tu carrera","robots":{"index":"index","follow":"follow","max-snippet":"max-snippet:-1","max-image-preview":"max-image-preview:large","max-video-preview":"max-video-preview:-1"},"canonical":"https:\/\/www.uaa.mx\/descubretucarrera\/centro-de-ciencias-de-la-salud\/","og_locale":"es_ES","og_type":"article","og_title":"Centro de Ciencias de la Salud - Descubre tu carrera","og_description":"Centro de Ciencias de la Salud 449-910-84-30 EXT. 53012 ccs@edu.uaa.mx","og_url":"https:\/\/www.uaa.mx\/descubretucarrera\/centro-de-ciencias-de-la-salud\/","og_site_name":"Descubre tu carrera","article_publisher":"https:\/\/www.facebook.com\/uaa.mx\/?ref=br_rs","article_modified_time":"2024-10-18T18:28:33+00:00","og_image":[{"url":"https:\/\/www.uaa.mx\/descubretucarrera\/ccs\/titulo-centro.png","type":"","width":"","height":""}],"twitter_card":"summary_large_image","twitter_site":"@uaa_mx","twitter_misc":{"Tiempo de lectura":"2 minutos"},"schema":{"@context":"https:\/\/schema.org","@graph":[{"@type":"WebPage","@id":"https:\/\/www.uaa.mx\/descubretucarrera\/centro-de-ciencias-de-la-salud\/","url":"https:\/\/www.uaa.mx\/descubretucarrera\/centro-de-ciencias-de-la-salud\/","name":"Centro de Ciencias de la Salud - Descubre tu carrera","isPartOf":{"@id":"https:\/\/www.uaa.mx\/descubretucarrera\/#website"},"primaryImageOfPage":{"@id":"https:\/\/www.uaa.mx\/descubretucarrera\/centro-de-ciencias-de-la-salud\/#primaryimage"},"image":{"@id":"https:\/\/www.uaa.mx\/descubretucarrera\/centro-de-ciencias-de-la-salud\/#primaryimage"},"thumbnailUrl":"https:\/\/www.uaa.mx\/descubretucarrera\/ccs\/titulo-centro.png","datePublished":"2021-12-14T16:48:54+00:00","dateModified":"2024-10-18T18:28:33+00:00","breadcrumb":{"@id":"https:\/\/www.uaa.mx\/descubretucarrera\/centro-de-ciencias-de-la-salud\/#breadcrumb"},"inLanguage":"es","potentialAction":[{"@type":"ReadAction","target":["https:\/\/www.uaa.mx\/descubretucarrera\/centro-de-ciencias-de-la-salud\/"]}]},{"@type":"ImageObject","inLanguage":"es","@id":"https:\/\/www.uaa.mx\/descubretucarrera\/centro-de-ciencias-de-la-salud\/#primaryimage","url":"https:\/\/www.uaa.mx\/descubretucarrera\/ccs\/titulo-centro.png","contentUrl":"https:\/\/www.uaa.mx\/descubretucarrera\/ccs\/titulo-centro.png"},{"@type":"BreadcrumbList","@id":"https:\/\/www.uaa.mx\/descubretucarrera\/centro-de-ciencias-de-la-salud\/#breadcrumb","itemListElement":[{"@type":"ListItem","position":1,"name":"Home","item":"https:\/\/www.uaa.mx\/descubretucarrera\/"},{"@type":"ListItem","position":2,"name":"Centro de Ciencias de la Salud"}]},{"@type":"WebSite","@id":"https:\/\/www.uaa.mx\/descubretucarrera\/#website","url":"https:\/\/www.uaa.mx\/descubretucarrera\/","name":"Descubre tu carrera","description":"Date el tiempo de reflexionar sobre aquellos aspectos que pudieran estar interviniendo en tu elecci\u00f3n y sigue avanzando en tu proceso.","publisher":{"@id":"https:\/\/www.uaa.mx\/descubretucarrera\/#organization"},"potentialAction":[{"@type":"SearchAction","target":{"@type":"EntryPoint","urlTemplate":"https:\/\/www.uaa.mx\/descubretucarrera\/?s={search_term_string}"},"query-input":{"@type":"PropertyValueSpecification","valueRequired":true,"valueName":"search_term_string"}}],"inLanguage":"es"},{"@type":"Organization","@id":"https:\/\/www.uaa.mx\/descubretucarrera\/#organization","name":"Universidad Aut\u00f3noma de Aguascalientes","url":"https:\/\/www.uaa.mx\/descubretucarrera\/","logo":{"@type":"ImageObject","inLanguage":"es","@id":"https:\/\/www.uaa.mx\/descubretucarrera\/#\/schema\/logo\/image\/","url":"https:\/\/www.uaa.mx\/descubretucarrera\/wp-content\/uploads\/2019\/01\/Logo-UAA.png","contentUrl":"https:\/\/www.uaa.mx\/descubretucarrera\/wp-content\/uploads\/2019\/01\/Logo-UAA.png","width":318,"height":154,"caption":"Universidad Aut\u00f3noma de Aguascalientes"},"image":{"@id":"https:\/\/www.uaa.mx\/descubretucarrera\/#\/schema\/logo\/image\/"},"sameAs":["https:\/\/www.facebook.com\/uaa.mx\/?ref=br_rs","https:\/\/x.com\/uaa_mx"]}]}},"_links":{"self":[{"href":"https:\/\/www.uaa.mx\/descubretucarrera\/wp-json\/wp\/v2\/pages\/1381","targetHints":{"allow":["GET"]}}],"collection":[{"href":"https:\/\/www.uaa.mx\/descubretucarrera\/wp-json\/wp\/v2\/pages"}],"about":[{"href":"https:\/\/www.uaa.mx\/descubretucarrera\/wp-json\/wp\/v2\/types\/page"}],"author":[{"embeddable":true,"href":"https:\/\/www.uaa.mx\/descubretucarrera\/wp-json\/wp\/v2\/users\/3"}],"replies":[{"embeddable":true,"href":"https:\/\/www.uaa.mx\/descubretucarrera\/wp-json\/wp\/v2\/comments?post=1381"}],"version-history":[{"count":13,"href":"https:\/\/www.uaa.mx\/descubretucarrera\/wp-json\/wp\/v2\/pages\/1381\/revisions"}],"predecessor-version":[{"id":4997,"href":"https:\/\/www.uaa.mx\/descubretucarrera\/wp-json\/wp\/v2\/pages\/1381\/revisions\/4997"}],"wp:attachment":[{"href":"https:\/\/www.uaa.mx\/descubretucarrera\/wp-json\/wp\/v2\/media?parent=1381"}],"curies":[{"name":"wp","href":"https:\/\/api.w.org\/{rel}","templated":true}]}}