{"id":38,"date":"2019-02-01T18:16:17","date_gmt":"2019-02-01T18:16:17","guid":{"rendered":"https:\/\/www.uaa.mx\/dgf\/compras\/?page_id=38"},"modified":"2026-02-16T19:48:56","modified_gmt":"2026-02-16T19:48:56","slug":"seccion-de-adquisiciones","status":"publish","type":"page","link":"https:\/\/www.uaa.mx\/dgf\/compras\/index.php\/seccion-de-adquisiciones\/","title":{"rendered":"Secci\u00f3n de Adquisiciones"},"content":{"rendered":"<p style=\"text-align: right;\"><strong>Tel\u00e9fono conmutador: 449 910 74 00<\/strong><\/p>\n<h2>Encargada de Adquisiciones.<\/h2>\n<p><strong>T.S.U. Mar\u00eda del Pilar Guti\u00e9rrez Ju\u00e1rez.<\/strong><br \/>Extensi\u00f3n 32214.<br \/><a href=\"mailto:pilar.gutierrezj@edu.uaa.mx\">pilar.gutierrezj@edu.uaa.mx<\/a><\/p>\n<p><strong>Lic. Alicia Baca Luna.<\/strong><br \/>Auxiliar de Adquisiciones.<br \/>Extensi\u00f3n 32215.<br \/><a href=\"mailto:alicia.baca@edu.uaa.mx\">alicia.baca@edu.uaa.mx<\/a>.<\/p>\n<p><strong>L. en E. Tania Itsigueri Marentes Zavala.<\/strong><br \/>Auxiliar de Adquisiciones.<br \/>Extensi\u00f3n 32220.<br \/><a href=\"mailto:tania.marentes@edu.uaa.mx\">tania.marentes@edu.uaa.mx<\/a>.<\/p>\n<p><strong>Ing. C\u00e9sar Arnoldo Montes Salado.<\/strong><br \/>Auxiliar de Adquisiciones.<br \/>Extensi\u00f3n 32221.<br \/><a href=\"mailto:arnoldo.montes@edu.uaa.mx\">arnoldo.montes@edu.uaa.mx<\/a>.<\/p>\n\n\n<div class=\"wp-block-file\"><a id=\"wp-block-file--media-3f74fdaf-9601-46ff-bb7b-8e07ea1b89ef\" href=\"https:\/\/www.uaa.mx\/dgf\/compras\/wp-content\/uploads\/2019\/02\/Formato-de-informacion-minima-para-cotizaciones.docx\"> <br>Formato de informaci\u00f3n m\u00ednima para cotizaciones. <\/a><a href=\"https:\/\/www.uaa.mx\/dgf\/compras\/wp-content\/uploads\/2019\/02\/Formato-de-informacion-minima-para-cotizaciones.docx\" class=\"wp-block-file__button wp-element-button\" download aria-describedby=\"wp-block-file--media-3f74fdaf-9601-46ff-bb7b-8e07ea1b89ef\">Descargar<\/a><\/div>\n\n\n\n<div style=\"height:20px\" aria-hidden=\"true\" class=\"wp-block-spacer\"><\/div>\n","protected":false},"excerpt":{"rendered":"<p>Tel\u00e9fono conmutador: 449 910 74 00 Encargada de Adquisiciones. T.S.U. Mar\u00eda del Pilar Guti\u00e9rrez Ju\u00e1rez.Extensi\u00f3n 32214.pilar.gutierrezj@edu.uaa.mx Lic. Alicia Baca Luna.Auxiliar de Adquisiciones.Extensi\u00f3n 32215.alicia.baca@edu.uaa.mx. L. en E. Tania Itsigueri Marentes Zavala.Auxiliar de Adquisiciones.Extensi\u00f3n 32220.tania.marentes@edu.uaa.mx. Ing. C\u00e9sar Arnoldo Montes Salado.Auxiliar de Adquisiciones.Extensi\u00f3n 32221.arnoldo.montes@edu.uaa.mx.<\/p>\n","protected":false},"author":3,"featured_media":0,"parent":0,"menu_order":0,"comment_status":"closed","ping_status":"closed","template":"","meta":{"footnotes":""},"class_list":["post-38","page","type-page","status-publish","hentry"],"_links":{"self":[{"href":"https:\/\/www.uaa.mx\/dgf\/compras\/index.php\/wp-json\/wp\/v2\/pages\/38","targetHints":{"allow":["GET"]}}],"collection":[{"href":"https:\/\/www.uaa.mx\/dgf\/compras\/index.php\/wp-json\/wp\/v2\/pages"}],"about":[{"href":"https:\/\/www.uaa.mx\/dgf\/compras\/index.php\/wp-json\/wp\/v2\/types\/page"}],"author":[{"embeddable":true,"href":"https:\/\/www.uaa.mx\/dgf\/compras\/index.php\/wp-json\/wp\/v2\/users\/3"}],"replies":[{"embeddable":true,"href":"https:\/\/www.uaa.mx\/dgf\/compras\/index.php\/wp-json\/wp\/v2\/comments?post=38"}],"version-history":[{"count":22,"href":"https:\/\/www.uaa.mx\/dgf\/compras\/index.php\/wp-json\/wp\/v2\/pages\/38\/revisions"}],"predecessor-version":[{"id":366,"href":"https:\/\/www.uaa.mx\/dgf\/compras\/index.php\/wp-json\/wp\/v2\/pages\/38\/revisions\/366"}],"wp:attachment":[{"href":"https:\/\/www.uaa.mx\/dgf\/compras\/index.php\/wp-json\/wp\/v2\/media?parent=38"}],"curies":[{"name":"wp","href":"https:\/\/api.w.org\/{rel}","templated":true}]}}