{"id":30,"date":"2019-01-17T20:07:22","date_gmt":"2019-01-17T20:07:22","guid":{"rendered":"https:\/\/www.uaa.mx\/dgse\/?page_id=30"},"modified":"2022-10-13T17:16:37","modified_gmt":"2022-10-13T17:16:37","slug":"departamentos","status":"publish","type":"page","link":"https:\/\/www.uaa.mx\/dgse\/","title":{"rendered":"Departamentos y \u00c1rea de Becas y Apoyos"},"content":{"rendered":"\n<h1 class=\"wp-block-heading\">ANTECEDENTES<\/h1>\n\n\n\n<p>INFORMACI\u00d3N GENERAL<\/p>\n\n\n\n<div class=\"wp-block-columns is-layout-flex wp-container-core-columns-is-layout-28f84493 wp-block-columns-is-layout-flex\">\n<div class=\"wp-block-column is-layout-flow wp-block-column-is-layout-flow\">\n<h2 class=\"wp-block-heading\">Misi\u00f3n<\/h2>\n\n\n\n<p class=\"has-drop-cap\">Desde una perspectiva creativa, anal\u00edtica, din\u00e1mica y propositiva, contribuir a la formaci\u00f3n de hombres y mujeres libres y comprometidos con la comunidad, ofreciendo servicios coordinados de calidad en apoyo a la trayectoria escolar de los estudiantes, que les permita concluir su formaci\u00f3n de una manera oportuna pertinente e integral, lo anterior a trav\u00e9s de la generaci\u00f3n de estrategias para fortalecer su desarrollo y en colaboraci\u00f3n con los Centros Acad\u00e9micos. Adem\u00e1s, se act\u00faa siempre bajo los principios del Marco Filos\u00f3fico Institucional y en conocimiento certero de la situaci\u00f3n del estudiante, para contar con la informaci\u00f3n que ayude a la toma de decisiones relevantes. Todo con el fin de contribuir al cumplimiento de la misi\u00f3n universitaria, en bien de la sociedad.&nbsp;<\/p>\n<\/div>\n\n\n\n<div class=\"wp-block-column is-layout-flow wp-block-column-is-layout-flow\">\n<h2 class=\"wp-block-heading\">Visi\u00f3n<\/h2>\n\n\n\n<p class=\"has-drop-cap\">Ser una direcci\u00f3n din\u00e1mica e integrada, con procesos de trabajo definidos que permitan la interacci\u00f3n entre las distintas \u00e1reas, en constante mejora y actualizaci\u00f3n, con base siempre en los principios de pertinencia, relevancia e impacto, el eje central ser\u00e1 el estudiante y la diversidad de las situaciones en que se encuentre, contribuyendo al fortalecimiento de la instituci\u00f3n y en b\u00fasqueda de un beneficio para la sociedad.&nbsp;<\/p>\n<\/div>\n<\/div>\n\n\n\n<h2 class=\"wp-block-heading\">Objetivos<\/h2>\n\n\n\n<ol class=\"wp-block-list\"><li>Ofrecer un trabajo enfocado a la atenci\u00f3n y el servicio a los estudiantes bajo un principio humanista, equitativo, eficiente, oportuno y de calidad.<\/li><li>Llevar a cabo una administraci\u00f3n eficaz, transparente y moderna, acorde a los objetivos institucionales de calidad.<\/li><li>Generar informaci\u00f3n estad\u00edstica e historial, veraz y oportuna de la trayectoria escolar y de la situaci\u00f3n de los estudiantes.<\/li><li>Evaluar sistem\u00e1ticamente, el impacto de los servicios educativos que ofrece la direcci\u00f3n.<\/li><li>Contribuir al desarrollo de un perfil de Tutor longitudinal, acorde a los objetivos institucionales de calidad educativa.<\/li><li>Extender, fortalecer y revalorar las actividades deportivas y la cultura f\u00edsica entre la poblaci\u00f3n universitaria.<\/li><li>Mantener la calidad del Centro de Informaci\u00f3n Bibliogr\u00e1fica y acrecentarlo hacia est\u00e1ndares internacionales.<\/li><li>Ampliar, modernizar y hacer m\u00e1s eficiente el servicio de becas y apoyos que se otorga los estudiantes.&nbsp;<\/li><\/ol>\n\n\n\n<h1 class=\"wp-block-heading\" id=\"mce_2\">Departamentos y \u00c1rea de Becas y Apoyos<\/h1>\n\n\n\n<div style=\"height:30px\" aria-hidden=\"true\" class=\"wp-block-spacer\"><\/div>\n\n\n\n<div class=\"wp-block-columns is-layout-flex wp-container-core-columns-is-layout-28f84493 wp-block-columns-is-layout-flex\">\n<div class=\"wp-block-column is-layout-flow wp-block-column-is-layout-flow\"><div class=\"wp-block-image\">\n<figure class=\"aligncenter size-large\"><a href=\"https:\/\/www.uaa.mx\/portal\/aspirantes\/becas-y-apoyos\/\" target=\"_blank\" rel=\"noopener\"><img decoding=\"async\" src=\"https:\/\/www.uaa.mx\/dgse\/wp-content\/uploads\/2022\/10\/becas_apoyo.png\" alt=\"\" class=\"wp-image-363\"\/><\/a><\/figure>\n<\/div><\/div>\n\n\n\n<div class=\"wp-block-column is-layout-flow wp-block-column-is-layout-flow\"><div class=\"wp-block-image\">\n<figure class=\"aligncenter\"><a href=\"https:\/\/www.uaa.mx\/dgse\/index.php\/departamento-de-apoyo-a-la-formacion-integral\/\" target=\"_blank\" rel=\"noopener\"><img decoding=\"async\" src=\"https:\/\/www.uaa.mx\/dgse\/wp-content\/uploads\/2022\/10\/apoyo_formacion.png\" alt=\"\" class=\"wp-image-321\"\/><\/a><\/figure>\n<\/div><\/div>\n<\/div>\n\n\n\n<div class=\"wp-block-columns is-layout-flex wp-container-core-columns-is-layout-28f84493 wp-block-columns-is-layout-flex\">\n<div class=\"wp-block-column is-layout-flow wp-block-column-is-layout-flow\"><div class=\"wp-block-image\">\n<figure class=\"aligncenter\"><a href=\"https:\/\/www.uaa.mx\/portal\/alumnos\/clubes-deportivos\/\" target=\"_blank\" rel=\"noopener\"><img decoding=\"async\" src=\"https:\/\/www.uaa.mx\/dgse\/wp-content\/uploads\/2022\/10\/deportes.png\" alt=\"\" class=\"wp-image-323\"\/><\/a><\/figure>\n<\/div><\/div>\n\n\n\n<div class=\"wp-block-column is-layout-flow wp-block-column-is-layout-flow\"><div class=\"wp-block-image\">\n<figure class=\"aligncenter\"><a href=\"http:\/\/biblioteca.uaa.mx\/index.php\" target=\"_blank\" rel=\"noreferrer noopener\"><img decoding=\"async\" src=\"https:\/\/www.uaa.mx\/dgse\/wp-content\/uploads\/2022\/10\/info_bibliografica.png\" alt=\"\" class=\"wp-image-324\"\/><\/a><\/figure>\n<\/div><\/div>\n<\/div>\n\n\n<div class=\"wp-block-image\">\n<figure class=\"aligncenter\"><a href=\"https:\/\/www.uaa.mx\/dgse\/index.php\/departamento-de-orientacion-educativa\/\" target=\"_blank\" rel=\"noreferrer noopener\"><img decoding=\"async\" src=\"https:\/\/www.uaa.mx\/dgse\/wp-content\/uploads\/2022\/10\/orientacion_educ.png\" alt=\"\" class=\"wp-image-325\"\/><\/a><\/figure>\n<\/div>","protected":false},"excerpt":{"rendered":"<p>ANTECEDENTES INFORMACI\u00d3N GENERAL Misi\u00f3n Desde una perspectiva creativa, anal\u00edtica, din\u00e1mica y propositiva, contribuir a la formaci\u00f3n de hombres y mujeres libres y comprometidos con la comunidad, ofreciendo servicios coordinados de calidad en apoyo a la trayectoria escolar de los estudiantes, que les permita concluir su formaci\u00f3n de una manera oportuna [&hellip;]<\/p>\n","protected":false},"author":3,"featured_media":0,"parent":0,"menu_order":0,"comment_status":"closed","ping_status":"closed","template":"","meta":{"footnotes":""},"class_list":["post-30","page","type-page","status-publish","hentry"],"_links":{"self":[{"href":"https:\/\/www.uaa.mx\/dgse\/index.php\/wp-json\/wp\/v2\/pages\/30","targetHints":{"allow":["GET"]}}],"collection":[{"href":"https:\/\/www.uaa.mx\/dgse\/index.php\/wp-json\/wp\/v2\/pages"}],"about":[{"href":"https:\/\/www.uaa.mx\/dgse\/index.php\/wp-json\/wp\/v2\/types\/page"}],"author":[{"embeddable":true,"href":"https:\/\/www.uaa.mx\/dgse\/index.php\/wp-json\/wp\/v2\/users\/3"}],"replies":[{"embeddable":true,"href":"https:\/\/www.uaa.mx\/dgse\/index.php\/wp-json\/wp\/v2\/comments?post=30"}],"version-history":[{"count":32,"href":"https:\/\/www.uaa.mx\/dgse\/index.php\/wp-json\/wp\/v2\/pages\/30\/revisions"}],"predecessor-version":[{"id":412,"href":"https:\/\/www.uaa.mx\/dgse\/index.php\/wp-json\/wp\/v2\/pages\/30\/revisions\/412"}],"wp:attachment":[{"href":"https:\/\/www.uaa.mx\/dgse\/index.php\/wp-json\/wp\/v2\/media?parent=30"}],"curies":[{"name":"wp","href":"https:\/\/api.w.org\/{rel}","templated":true}]}}