{"id":11056,"date":"2024-03-26T17:56:05","date_gmt":"2024-03-26T17:56:05","guid":{"rendered":"https:\/\/www.uaa.mx\/informacionpublica\/?page_id=11056"},"modified":"2024-12-17T21:39:39","modified_gmt":"2024-12-17T21:39:39","slug":"invitacion-a-cuando-menos-tres-personas","status":"publish","type":"page","link":"https:\/\/www.uaa.mx\/informacionpublica\/transparencia-proactiva\/convocatorias-para-adquisiciones-de-bienes-y-servicios\/ejercicio-2024\/invitacion-a-cuando-menos-tres-personas\/","title":{"rendered":"Invitaci\u00f3n a cuando menos Tres Personas"},"content":{"rendered":"<p><strong>ITP E\/901045968-001-2024 <\/strong>ADQUISICI\u00d3N DE MATERIALES Y SERVICIOS PARA EL DEPARTAMENTO DE MANTENIMIENTO DE LA DGIU DE LA UNIVERSIDAD AUT\u00d3NOMA DE AGUASCALIENTES.<\/p>\n<p style=\"text-align: center;\"><a href=\"https:\/\/www.uaa.mx\/informacionpublica\/wp-content\/uploads\/2024\/06\/Conv-ITP-E-001-2024.pdf\" target=\"_blank\" rel=\"noopener\">Bases de Licitaci\u00f3n<\/a><a href=\"https:\/\/www.uaa.mx\/informacionpublica\/wp-content\/uploads\/2024\/06\/Conv-ITP-E-001-2024.docx\"><img loading=\"lazy\" decoding=\"async\" class=\"alignnone\" src=\"http:\/\/www.uaa.mx\/transparencia\/iconos\/word.gif\" alt=\"Convocatoria ITP 003-2023\" width=\"16\" height=\"16\" border=\"0\" \/><\/a><br \/>\n<a href=\"https:\/\/www.uaa.mx\/informacionpublica\/wp-content\/uploads\/2024\/06\/J.A.-ITP-E-001-2024.pdf\">Junta de Aclaraciones<\/a><span>\u00a0<\/span><a href=\"https:\/\/www.uaa.mx\/informacionpublica\/wp-content\/uploads\/2024\/06\/J.A.-ITP-E-001-2024.doc\"><img loading=\"lazy\" decoding=\"async\" class=\"alignnone\" src=\"http:\/\/www.uaa.mx\/transparencia\/iconos\/word.gif\" alt=\"J.A. ITP 003-2023 D Biolog\u00eda CCB\" width=\"16\" height=\"16\" border=\"0\" \/><\/a><br \/>\n<a href=\"https:\/\/www.uaa.mx\/informacionpublica\/wp-content\/uploads\/2024\/07\/Recep.-y-Ap.-ITP-E-001-2024.pdf\">Acta de Apertura<\/a><span>\u00a0<\/span><a href=\"https:\/\/www.uaa.mx\/informacionpublica\/wp-content\/uploads\/2024\/07\/Recep.-y-Ap.-ITP-E-001-2024.doc\"><img loading=\"lazy\" decoding=\"async\" class=\"alignnone\" src=\"http:\/\/www.uaa.mx\/transparencia\/iconos\/word.gif\" alt=\"RyA ITP 003-2023\" width=\"16\" height=\"16\" border=\"0\" \/><\/a><br \/>\n<a href=\"https:\/\/www.uaa.mx\/informacionpublica\/wp-content\/uploads\/2024\/07\/Acta-Fallo-ITP-E-001-2024.pdf\">Acta de Fallo<\/a><span>\u00a0<\/span><a href=\"https:\/\/www.uaa.mx\/informacionpublica\/wp-content\/uploads\/2024\/07\/Acta-Fallo-ITP-E-001-2024.docx\"><img loading=\"lazy\" decoding=\"async\" class=\"alignnone\" src=\"http:\/\/www.uaa.mx\/transparencia\/iconos\/word.gif\" alt=\"RyA ITP 003-2023\" width=\"16\" height=\"16\" border=\"0\" \/><\/a><\/p>\n<hr \/>\n<p><strong>ITP E\/901045968-002-2024 <\/strong>ADQUISICI\u00d3N DE PRENDAS DE SEGURIDAD, DEPTO. DE VIGILANCIA DE LA DGIU, UNIVERSIDAD AUT\u00d3NOMA DE AGUASCALIENTES.<\/p>\n<p style=\"text-align: center;\"><a href=\"https:\/\/www.uaa.mx\/informacionpublica\/wp-content\/uploads\/2024\/10\/Conv-ITP-E-002-2024.pdf\" target=\"_blank\" rel=\"noopener\">Bases de Licitaci\u00f3n<\/a><a href=\"https:\/\/www.uaa.mx\/informacionpublica\/wp-content\/uploads\/2024\/10\/Conv-ITP-E-002-2024.docx\"><img loading=\"lazy\" decoding=\"async\" class=\"alignnone\" src=\"http:\/\/www.uaa.mx\/transparencia\/iconos\/word.gif\" alt=\"Convocatoria ITP 003-2023\" width=\"16\" height=\"16\" border=\"0\" \/><\/a><br \/>\n<a href=\"https:\/\/www.uaa.mx\/informacionpublica\/wp-content\/uploads\/2024\/10\/J.A.-ITP-E-002-2024.pdf\">Junta de Aclaraciones<\/a><span>\u00a0<\/span><a href=\"https:\/\/www.uaa.mx\/informacionpublica\/wp-content\/uploads\/2024\/10\/J.A.-ITP-E-002-2024.doc\"><img loading=\"lazy\" decoding=\"async\" class=\"alignnone\" src=\"http:\/\/www.uaa.mx\/transparencia\/iconos\/word.gif\" alt=\"J.A. ITP 003-2023 D Biolog\u00eda CCB\" width=\"16\" height=\"16\" border=\"0\" \/><\/a><br \/>\n<a href=\"https:\/\/www.uaa.mx\/informacionpublica\/wp-content\/uploads\/2024\/10\/Recep.-y-Ap.-ITP-E-002-2024-1.pdf\">Acta de Apertura<\/a><span>\u00a0<\/span><a href=\"https:\/\/www.uaa.mx\/informacionpublica\/wp-content\/uploads\/2024\/10\/Recep.-y-Ap.-ITP-E-002-2024.doc\"><img loading=\"lazy\" decoding=\"async\" class=\"alignnone\" src=\"http:\/\/www.uaa.mx\/transparencia\/iconos\/word.gif\" alt=\"RyA ITP 003-2023\" width=\"16\" height=\"16\" border=\"0\" \/><\/a><br \/>\n<a href=\"https:\/\/www.uaa.mx\/informacionpublica\/wp-content\/uploads\/2024\/11\/Acta-Dif.-Fallo-ITP-E-002-2024.pdf\">Diferimiento de Fallo<\/a><span>\u00a0<\/span><a href=\"https:\/\/www.uaa.mx\/informacionpublica\/wp-content\/uploads\/2024\/11\/Acta-Dif.-Fallo-ITP-E-002-2024.docx\"><img loading=\"lazy\" decoding=\"async\" class=\"alignnone\" src=\"http:\/\/www.uaa.mx\/transparencia\/iconos\/word.gif\" alt=\"RyA ITP 003-2023\" width=\"16\" height=\"16\" border=\"0\" \/><\/a><br \/>\n<a href=\"https:\/\/www.uaa.mx\/informacionpublica\/wp-content\/uploads\/2024\/11\/Acta-Fallo-ITP-E-002-2024.pdf\">Acta de Fallo<\/a><span>\u00a0<\/span><a href=\"https:\/\/www.uaa.mx\/informacionpublica\/wp-content\/uploads\/2024\/11\/Acta-Fallo-ITP-E-002-2024.docx\"><img loading=\"lazy\" decoding=\"async\" class=\"alignnone\" src=\"http:\/\/www.uaa.mx\/transparencia\/iconos\/word.gif\" alt=\"RyA ITP 003-2023\" width=\"16\" height=\"16\" border=\"0\" \/><\/a><\/p>\n<hr \/>\n<p><strong>ITP E\/901045968-003-2024 <\/strong>ADQUISICI\u00d3N DE MUEBLES DE OFICINA Y ESTANTER\u00cdA PARA EL CENTRO DE EDUCACI\u00d3N MEDIA, CAMPUS NORTE, DE LA UNIVERSIDAD AUT\u00d3NOMA DE AGUASCALIENTES.<\/p>\n<p style=\"text-align: center;\"><a href=\"https:\/\/www.uaa.mx\/informacionpublica\/wp-content\/uploads\/2024\/11\/Conv-ITP-E-003-2024.pdf\" target=\"_blank\" rel=\"noopener\">Bases de Licitaci\u00f3n<\/a><a href=\"https:\/\/www.uaa.mx\/informacionpublica\/wp-content\/uploads\/2024\/11\/Conv-ITP-E-003-2024.docx\"><img loading=\"lazy\" decoding=\"async\" class=\"alignnone\" src=\"http:\/\/www.uaa.mx\/transparencia\/iconos\/word.gif\" alt=\"Convocatoria ITP 003-2023\" width=\"16\" height=\"16\" border=\"0\" \/><\/a><br \/>\n<a href=\"https:\/\/www.uaa.mx\/informacionpublica\/wp-content\/uploads\/2024\/11\/J.A.-ITP-E-003-2024.pdf\">Junta de Aclaraciones<\/a><span>\u00a0<\/span><a href=\"https:\/\/www.uaa.mx\/informacionpublica\/wp-content\/uploads\/2024\/11\/J.A.-ITP-E-003-2024.doc\"><img loading=\"lazy\" decoding=\"async\" class=\"alignnone\" src=\"http:\/\/www.uaa.mx\/transparencia\/iconos\/word.gif\" alt=\"J.A. ITP 003-2023 D Biolog\u00eda CCB\" width=\"16\" height=\"16\" border=\"0\" \/><\/a><br \/>\n<a href=\"https:\/\/www.uaa.mx\/informacionpublica\/wp-content\/uploads\/2024\/11\/Recep.-y-Ap.-ITP-E-003-2024.pdf\">Acta de Apertura<\/a><span>\u00a0<\/span><a href=\"https:\/\/www.uaa.mx\/informacionpublica\/wp-content\/uploads\/2024\/11\/Recep.-y-Ap.-ITP-E-003-2024.doc\"><img loading=\"lazy\" decoding=\"async\" class=\"alignnone\" src=\"http:\/\/www.uaa.mx\/transparencia\/iconos\/word.gif\" alt=\"RyA ITP 003-2023\" width=\"16\" height=\"16\" border=\"0\" \/><\/a><br \/>\n<a href=\"https:\/\/www.uaa.mx\/informacionpublica\/wp-content\/uploads\/2024\/11\/Fallo-ITP-E-003-2024.pdf\">Acta de Fallo<\/a><span>\u00a0<\/span><a href=\"https:\/\/www.uaa.mx\/informacionpublica\/wp-content\/uploads\/2024\/11\/Fallo-ITP-E-003-2024.docx\"><img loading=\"lazy\" decoding=\"async\" class=\"alignnone\" src=\"http:\/\/www.uaa.mx\/transparencia\/iconos\/word.gif\" alt=\"RyA ITP 003-2023\" width=\"16\" height=\"16\" border=\"0\" \/><\/a><\/p>\n<hr \/>\n<p><strong>ITP 901045968-001-2024 <\/strong>ADQUISICI\u00d3N DE PINTURAS E IMPERMEABILIZANTES PARA EL DEPTO. DE MANTENIMIENTO DE LA DGIU DE LA UNIVERSIDAD AUT\u00d3NOMA DE AGUASCALIENTES.<\/p>\n<p style=\"text-align: center;\"><a href=\"https:\/\/www.uaa.mx\/informacionpublica\/wp-content\/uploads\/2024\/12\/Convocatoria-ITP-001-2024.pdf\" target=\"_blank\" rel=\"noopener\">Bases de Licitaci\u00f3n<\/a><a href=\"https:\/\/www.uaa.mx\/informacionpublica\/wp-content\/uploads\/2024\/12\/Convocatoria-ITP-001-2024.docx\"><img loading=\"lazy\" decoding=\"async\" class=\"alignnone\" src=\"http:\/\/www.uaa.mx\/transparencia\/iconos\/word.gif\" alt=\"Convocatoria ITP 003-2023\" width=\"16\" height=\"16\" border=\"0\" \/><\/a><br \/>\n<a href=\"https:\/\/www.uaa.mx\/informacionpublica\/wp-content\/uploads\/2024\/12\/J.A.-ITP-001-2024.pdf\">Junta de Aclaraciones<\/a><span>\u00a0<\/span><a href=\"https:\/\/www.uaa.mx\/informacionpublica\/wp-content\/uploads\/2024\/12\/J.A.-ITP-001-2024.doc\"><img loading=\"lazy\" decoding=\"async\" class=\"alignnone\" src=\"http:\/\/www.uaa.mx\/transparencia\/iconos\/word.gif\" alt=\"J.A. ITP 003-2023 D Biolog\u00eda CCB\" width=\"16\" height=\"16\" border=\"0\" \/><\/a><br \/>\n<a href=\"https:\/\/www.uaa.mx\/informacionpublica\/wp-content\/uploads\/2024\/12\/Acta-de-RyA-ITP-001-2024.pdf\">Acta de Apertura<\/a><span>\u00a0<\/span><a href=\"https:\/\/www.uaa.mx\/informacionpublica\/wp-content\/uploads\/2024\/12\/Acta-de-RyA-ITP-001-2024.doc\"><img loading=\"lazy\" decoding=\"async\" class=\"alignnone\" src=\"http:\/\/www.uaa.mx\/transparencia\/iconos\/word.gif\" alt=\"RyA ITP 003-2023\" width=\"16\" height=\"16\" border=\"0\" \/><\/a><br \/>\n<a href=\"https:\/\/www.uaa.mx\/informacionpublica\/wp-content\/uploads\/2024\/12\/Fallo-ITP-001-2024.pdf\">Acta de Fallo<\/a><span>\u00a0<\/span><a href=\"https:\/\/www.uaa.mx\/informacionpublica\/wp-content\/uploads\/2024\/12\/Fallo-ITP-001-2024.docx\"><img loading=\"lazy\" decoding=\"async\" class=\"alignnone\" src=\"http:\/\/www.uaa.mx\/transparencia\/iconos\/word.gif\" alt=\"RyA ITP 003-2023\" width=\"16\" height=\"16\" border=\"0\" \/><\/a><br \/>\n<a href=\"https:\/\/www.uaa.mx\/informacionpublica\/wp-content\/uploads\/2024\/11\/Fallo-ITP-E-003-2024.docx\"><\/a><a href=\"https:\/\/www.uaa.mx\/informacionpublica\/wp-content\/uploads\/2024\/11\/Fallo-ITP-E-003-2024.docx\"><\/a><a href=\"https:\/\/www.uaa.mx\/informacionpublica\/wp-content\/uploads\/2024\/11\/Conv-ITP-E-003-2024.docx\"><\/a><\/p>\n<p>&nbsp;<\/p>\n<p>&nbsp;<\/p>\n<p>&nbsp;<\/p>\n","protected":false},"excerpt":{"rendered":"<p>ITP E\/901045968-001-2024 ADQUISICI\u00d3N DE MATERIALES Y SERVICIOS PARA EL DEPARTAMENTO DE MANTENIMIENTO DE LA DGIU DE LA UNIVERSIDAD AUT\u00d3NOMA DE AGUASCALIENTES. Bases de Licitaci\u00f3n Junta de Aclaraciones\u00a0 Acta de Apertura\u00a0 Acta de Fallo\u00a0 ITP E\/901045968-002-2024 ADQUISICI\u00d3N DE PRENDAS DE SEGURIDAD, DEPTO. DE VIGILANCIA DE LA DGIU, UNIVERSIDAD AUT\u00d3NOMA DE AGUASCALIENTES. [&hellip;]<\/p>\n","protected":false},"author":4,"featured_media":0,"parent":10758,"menu_order":2,"comment_status":"closed","ping_status":"closed","template":"","meta":{"footnotes":""},"class_list":["post-11056","page","type-page","status-publish","hentry"],"_links":{"self":[{"href":"https:\/\/www.uaa.mx\/informacionpublica\/wp-json\/wp\/v2\/pages\/11056","targetHints":{"allow":["GET"]}}],"collection":[{"href":"https:\/\/www.uaa.mx\/informacionpublica\/wp-json\/wp\/v2\/pages"}],"about":[{"href":"https:\/\/www.uaa.mx\/informacionpublica\/wp-json\/wp\/v2\/types\/page"}],"author":[{"embeddable":true,"href":"https:\/\/www.uaa.mx\/informacionpublica\/wp-json\/wp\/v2\/users\/4"}],"replies":[{"embeddable":true,"href":"https:\/\/www.uaa.mx\/informacionpublica\/wp-json\/wp\/v2\/comments?post=11056"}],"version-history":[{"count":27,"href":"https:\/\/www.uaa.mx\/informacionpublica\/wp-json\/wp\/v2\/pages\/11056\/revisions"}],"predecessor-version":[{"id":12768,"href":"https:\/\/www.uaa.mx\/informacionpublica\/wp-json\/wp\/v2\/pages\/11056\/revisions\/12768"}],"up":[{"embeddable":true,"href":"https:\/\/www.uaa.mx\/informacionpublica\/wp-json\/wp\/v2\/pages\/10758"}],"wp:attachment":[{"href":"https:\/\/www.uaa.mx\/informacionpublica\/wp-json\/wp\/v2\/media?parent=11056"}],"curies":[{"name":"wp","href":"https:\/\/api.w.org\/{rel}","templated":true}]}}