{"id":420,"date":"2017-02-16T19:23:14","date_gmt":"2017-02-16T19:23:14","guid":{"rendered":"http:\/\/www.uaa.mx\/informacionpublica\/?page_id=420"},"modified":"2026-02-16T16:47:22","modified_gmt":"2026-02-16T16:47:22","slug":"costos-de-reproduccion","status":"publish","type":"page","link":"https:\/\/www.uaa.mx\/informacionpublica\/costos-de-reproduccion\/","title":{"rendered":"Costos de Reproducci\u00f3n"},"content":{"rendered":"<table width=\"521\">\n<tbody>\n<tr>\n<td width=\"151\"><strong>III.<\/strong><\/td>\n<td colspan=\"3\" width=\"370\"><strong>TRANSPARENCIA Y ACCESO A LA INFORMACION<\/strong><\/td>\n<\/tr>\n<tr>\n<td width=\"151\">1<\/td>\n<td colspan=\"2\" width=\"290\">COPIA DE PLANO SIMPLE EN PAPEL BOND, POR METRO CUADRADO<\/td>\n<td width=\"80\">$124.00<\/td>\n<\/tr>\n<tr>\n<td width=\"151\">2<\/td>\n<td colspan=\"2\" width=\"290\">COPIA DE PLANOS CERTIFICADOS, POR HOJA.<\/td>\n<td width=\"80\">$144.00<\/td>\n<\/tr>\n<tr>\n<td width=\"151\">3<\/td>\n<td colspan=\"2\" width=\"290\">COPIA SIMPLE DE DOCUMENTOS, POR P\u00c1GINA. (LAS PRIMERAS 20 COPIAS SIMPLES SER\u00c1N SIN COSTO, DE CONFORMIDAD AL ART\u00cdCULO 143 DE LA LGTAIP)<\/td>\n<td width=\"80\">$2.00<\/td>\n<\/tr>\n<tr>\n<td width=\"151\">4<\/td>\n<td colspan=\"2\" width=\"290\">DIGITALIZACI\u00d3N DE DOCUMENTOS QUE IMPLIQUE B\u00daSQUEDA DE DATOS Y\/O PROCESAMIENTO DE INFORMACI\u00d3N, POR P\u00c1GINA.<\/td>\n<td width=\"80\">$7.00<\/td>\n<\/tr>\n<tr>\n<td width=\"151\">5<\/td>\n<td colspan=\"2\" width=\"290\">ELABORACI\u00d3N DE VERSIONES P\u00daBLICAS, POR P\u00c1GINA (LAS RPIMERAS 20 P\u00c1GINAS TESTADAS SER\u00c1N SIN COSTO, DE CONFORMIDAD 143 DE LA\u00a0 LGTAIP Y 37 de la LPDPPSOEA).<\/td>\n<td width=\"80\">$1.00<\/td>\n<\/tr>\n<tr>\n<td width=\"151\">6<\/td>\n<td colspan=\"2\" width=\"290\">EXPEDICI\u00d3N DE COPIA XEROGR\u00c1FICA EN PAPEL BOND, POR METRO CUADRADO.<\/td>\n<td width=\"80\">$124.00<\/td>\n<\/tr>\n<tr>\n<td width=\"151\"><\/td>\n<td colspan=\"2\" width=\"290\"><\/td>\n<td width=\"80\"><\/td>\n<\/tr>\n<tr>\n<td width=\"151\"><\/td>\n<td colspan=\"2\" width=\"290\"><\/td>\n<td width=\"80\"><\/td>\n<\/tr>\n<\/tbody>\n<\/table>\n<table width=\"521\">\n<tbody>\n<tr>\n<td width=\"151\">7<\/td>\n<td colspan=\"2\" width=\"290\">EXPEDICI\u00d3N DE COPIAS CERTIFICADAS DE DOCUMENTOS, POR CADA HOJA TAMA\u00d1O CARTA U OFICIO.<\/td>\n<td width=\"80\">$23.00<\/td>\n<\/tr>\n<tr>\n<td width=\"151\"><\/td>\n<td colspan=\"2\" width=\"290\"><\/td>\n<td width=\"80\"><\/td>\n<\/tr>\n<tr>\n<td width=\"151\"><\/td>\n<td colspan=\"2\" width=\"290\"><\/td>\n<td width=\"80\"><\/td>\n<\/tr>\n<\/tbody>\n<\/table>\n","protected":false},"excerpt":{"rendered":"<p>III. TRANSPARENCIA Y ACCESO A LA INFORMACION 1 COPIA DE PLANO SIMPLE EN PAPEL BOND, POR METRO CUADRADO $124.00 2 COPIA DE PLANOS CERTIFICADOS, POR HOJA. $144.00 3 COPIA SIMPLE DE DOCUMENTOS, POR P\u00c1GINA. (LAS PRIMERAS 20 COPIAS SIMPLES SER\u00c1N SIN COSTO, DE CONFORMIDAD AL ART\u00cdCULO 143 DE LA LGTAIP) [&hellip;]<\/p>\n","protected":false},"author":4,"featured_media":0,"parent":0,"menu_order":2,"comment_status":"closed","ping_status":"closed","template":"","meta":{"footnotes":""},"class_list":["post-420","page","type-page","status-publish","hentry"],"_links":{"self":[{"href":"https:\/\/www.uaa.mx\/informacionpublica\/wp-json\/wp\/v2\/pages\/420","targetHints":{"allow":["GET"]}}],"collection":[{"href":"https:\/\/www.uaa.mx\/informacionpublica\/wp-json\/wp\/v2\/pages"}],"about":[{"href":"https:\/\/www.uaa.mx\/informacionpublica\/wp-json\/wp\/v2\/types\/page"}],"author":[{"embeddable":true,"href":"https:\/\/www.uaa.mx\/informacionpublica\/wp-json\/wp\/v2\/users\/4"}],"replies":[{"embeddable":true,"href":"https:\/\/www.uaa.mx\/informacionpublica\/wp-json\/wp\/v2\/comments?post=420"}],"version-history":[{"count":9,"href":"https:\/\/www.uaa.mx\/informacionpublica\/wp-json\/wp\/v2\/pages\/420\/revisions"}],"predecessor-version":[{"id":15084,"href":"https:\/\/www.uaa.mx\/informacionpublica\/wp-json\/wp\/v2\/pages\/420\/revisions\/15084"}],"wp:attachment":[{"href":"https:\/\/www.uaa.mx\/informacionpublica\/wp-json\/wp\/v2\/media?parent=420"}],"curies":[{"name":"wp","href":"https:\/\/api.w.org\/{rel}","templated":true}]}}