{"id":7738,"date":"2022-06-21T15:13:17","date_gmt":"2022-06-21T15:13:17","guid":{"rendered":"https:\/\/www.uaa.mx\/informacionpublica\/?page_id=7738"},"modified":"2026-05-04T20:00:37","modified_gmt":"2026-05-04T20:00:37","slug":"contabilidad-gubernamental","status":"publish","type":"page","link":"https:\/\/www.uaa.mx\/informacionpublica\/contabilidad-gubernamental\/","title":{"rendered":"CONTABILIDAD GUBERNAMENTAL"},"content":{"rendered":"<ul style=\"text-align: left;\">\n<li><a href=\"https:\/\/www.uaa.mx\/informacionpublica\/plan-de-arbitrios\/\">PLAN DE ARBITRIOS<\/a><\/li>\n<li><a href=\"https:\/\/www.uaa.mx\/informacionpublica\/?page_id=11646\">MONTOS PAGADOS POR AYUDAS Y SUBSIDIOS<\/a><\/li>\n<li><a href=\"https:\/\/www.uaa.mx\/informacionpublica\/?page_id=10045\"><span>RELACI\u00d3N BIENES MUEBLES<\/span><\/a><\/li>\n<li><a href=\"https:\/\/www.uaa.mx\/informacionpublica\/relacion-bienes-inmuebles\/\"><span>RELACI\u00d3N BIENES IN<\/span><span>MUEBLES<\/span><\/a><\/li>\n<li><a href=\"https:\/\/www.uaa.mx\/informacionpublica\/wp-content\/uploads\/2025\/10\/MANUAL-DE-CONTABILIDAD-2025-E-31-10-25.pdf\"><span>MANUAL DE CONTABILIDAD<\/span><\/a><\/li>\n<li><a href=\"https:\/\/www.uaa.mx\/informacionpublica\/?page_id=7742\">CUENTA PUBLICA<\/a><\/li>\n<\/ul>\n<p style=\"padding-left: 40px;\"><strong>CONTABLE<\/strong><\/p>\n<ul>\n<li style=\"list-style-type: none;\">\n<ul style=\"text-align: left;\">\n<li><a href=\"https:\/\/www.uaa.mx\/informacionpublica\/?page_id=9475\">EDO. DE ACTIVIDADES<\/a><\/li>\n<li><a href=\"https:\/\/www.uaa.mx\/informacionpublica\/?page_id=9365\">EDO. SITUACI\u00d3N FINANCIERA<\/a><\/li>\n<li><a href=\"https:\/\/www.uaa.mx\/informacionpublica\/?page_id=9458\">EDO. DE VARIACI\u00d3N EN LA HACIENDA P\u00daBLICA<\/a><\/li>\n<li><a href=\"https:\/\/www.uaa.mx\/informacionpublica\/?page_id=9489\">EDO. DE FLUJO DE EFECTIVO<\/a><\/li>\n<li><a href=\"https:\/\/www.uaa.mx\/informacionpublica\/?page_id=9404\">PASIVOS CONTINGENTES<\/a><\/li>\n<li><a href=\"https:\/\/www.uaa.mx\/informacionpublica\/?page_id=9411\"><span>NOTA A LOS ESTADOS FINANCIEROS<\/span><\/a><\/li>\n<li><a href=\"https:\/\/www.uaa.mx\/informacionpublica\/?page_id=9429\">EDO. ANAL\u00cdTICO DEL ACTIVO<\/a><\/li>\n<li><a href=\"https:\/\/www.uaa.mx\/informacionpublica\/?page_id=9362\">EDO. ANAL\u00cdTICO DE LA DEUDA Y OTROS PASIVOS<\/a><\/li>\n<\/ul>\n<\/li>\n<\/ul>\n<p style=\"padding-left: 40px;\"><strong>PRESUPUESTARIA<\/strong><\/p>\n<ul style=\"text-align: left;\">\n<li style=\"list-style-type: none;\">\n<ul style=\"text-align: left;\">\n<li><a href=\"https:\/\/www.uaa.mx\/informacionpublica\/?page_id=9353\">EDO. ANAL\u00cdTICO DE INGRESOS<\/a><\/li>\n<li><a href=\"https:\/\/www.uaa.mx\/informacionpublica\/?page_id=9467\">EDO. ANAL\u00cdTICO DEL INGRESO POR FUENTE DE FINANCIAMIENTO<\/a><\/li>\n<li><a href=\"https:\/\/www.uaa.mx\/informacionpublica\/?page_id=9436\">EDO. ANAL\u00cdTICO DEL EJERCICIO DEL PRESUPUESTO DE EGRESOS CLASIFICACI\u00d3N ECON\u00d3MICA (POR TIPO DE GASTO)<\/a><\/li>\n<li><a href=\"https:\/\/www.uaa.mx\/informacionpublica\/?page_id=10587\">EDO. ANAL\u00cdTICO DEL EJERCICIO DEL PRESUPUESTO DE EGRESOS CLASIFICACI\u00d3N ADMINISTRATIVA DEPENDENCIAS<\/a><\/li>\n<li><a href=\"https:\/\/www.uaa.mx\/informacionpublica\/?page_id=9373\">EDO. ANAL\u00cdTICO DEL EJERCICIO DEL PRESUPUESTO DE EGRESOS CLASIFICACI\u00d3N ADMINISTRATIVA<\/a><\/li>\n<li><a href=\"https:\/\/www.uaa.mx\/informacionpublica\/?page_id=9381\">EDO. ANAL\u00cdTICO DEL EJERCICIO DEL PRESUPUESTO DE EGRESOS CLASIFICACI\u00d3N FUNCIONAL<\/a><\/li>\n<li><a href=\"https:\/\/www.uaa.mx\/informacionpublica\/?page_id=9388\">EDO. ANAL\u00cdTICO DEL EJERCICIO DEL PRESUPUESTO DE EGRESOS CLASIFICACI\u00d3N POR OBJETO DEL GASTO<\/a><\/li>\n<li><a href=\"https:\/\/www.uaa.mx\/informacionpublica\/?page_id=9482\">EDO. DE CAMBIOS EN LA SITUACI\u00d3N FINANCIERA<\/a><\/li>\n<li><a href=\"https:\/\/www.uaa.mx\/informacionpublica\/?page_id=9397\">INDICADORES DE POSTURA FISCAL<\/a><\/li>\n<li><a href=\"https:\/\/www.uaa.mx\/informacionpublica\/?page_id=9415\">INTERESES DE LA DEUDA<\/a><\/li>\n<li><a href=\"https:\/\/www.uaa.mx\/informacionpublica\/?page_id=9451\">ENDEUDAMIENTO NETO<\/a><\/li>\n<\/ul>\n<\/li>\n<\/ul>\n<p style=\"padding-left: 40px;\"><strong>PROGRAMATICA<\/strong><\/p>\n<ul>\n<li style=\"list-style-type: none;\">\n<ul>\n<li><a href=\"https:\/\/www.uaa.mx\/informacionpublica\/?page_id=9443\">GASTO POR CATEGOR\u00cdA PROGRAM\u00c1TICO<\/a><\/li>\n<\/ul>\n<\/li>\n<\/ul>\n","protected":false},"excerpt":{"rendered":"<p>PLAN DE ARBITRIOS MONTOS PAGADOS POR AYUDAS Y SUBSIDIOS RELACI\u00d3N BIENES MUEBLES RELACI\u00d3N BIENES INMUEBLES MANUAL DE CONTABILIDAD CUENTA PUBLICA CONTABLE EDO. DE ACTIVIDADES EDO. SITUACI\u00d3N FINANCIERA EDO. DE VARIACI\u00d3N EN LA HACIENDA P\u00daBLICA EDO. DE FLUJO DE EFECTIVO PASIVOS CONTINGENTES NOTA A LOS ESTADOS FINANCIEROS EDO. ANAL\u00cdTICO DEL ACTIVO [&hellip;]<\/p>\n","protected":false},"author":4,"featured_media":0,"parent":0,"menu_order":0,"comment_status":"closed","ping_status":"closed","template":"","meta":{"footnotes":""},"class_list":["post-7738","page","type-page","status-publish","hentry"],"_links":{"self":[{"href":"https:\/\/www.uaa.mx\/informacionpublica\/wp-json\/wp\/v2\/pages\/7738","targetHints":{"allow":["GET"]}}],"collection":[{"href":"https:\/\/www.uaa.mx\/informacionpublica\/wp-json\/wp\/v2\/pages"}],"about":[{"href":"https:\/\/www.uaa.mx\/informacionpublica\/wp-json\/wp\/v2\/types\/page"}],"author":[{"embeddable":true,"href":"https:\/\/www.uaa.mx\/informacionpublica\/wp-json\/wp\/v2\/users\/4"}],"replies":[{"embeddable":true,"href":"https:\/\/www.uaa.mx\/informacionpublica\/wp-json\/wp\/v2\/comments?post=7738"}],"version-history":[{"count":38,"href":"https:\/\/www.uaa.mx\/informacionpublica\/wp-json\/wp\/v2\/pages\/7738\/revisions"}],"predecessor-version":[{"id":15806,"href":"https:\/\/www.uaa.mx\/informacionpublica\/wp-json\/wp\/v2\/pages\/7738\/revisions\/15806"}],"wp:attachment":[{"href":"https:\/\/www.uaa.mx\/informacionpublica\/wp-json\/wp\/v2\/media?parent=7738"}],"curies":[{"name":"wp","href":"https:\/\/api.w.org\/{rel}","templated":true}]}}