{"id":8692,"date":"2022-11-07T18:31:38","date_gmt":"2022-11-07T18:31:38","guid":{"rendered":"https:\/\/www.uaa.mx\/informacionpublica\/?page_id=8692"},"modified":"2022-11-07T18:52:53","modified_gmt":"2022-11-07T18:52:53","slug":"invitacion-a-cuando-menos-tres-personas","status":"publish","type":"page","link":"https:\/\/www.uaa.mx\/informacionpublica\/transparencia-proactiva\/convocatorias-para-adquisiciones-de-bienes-y-servicios\/ejercicio-2021\/invitacion-a-cuando-menos-tres-personas\/","title":{"rendered":"Invitaci\u00f3n a cuando menos Tres Personas"},"content":{"rendered":"<p><strong>ITP E\/901045968-010-2021<\/strong> SERVICIO DE REVISI\u00d3N Y MANTENIMIENTO PREVENTIVO A SUBESTACIONES DE LA UNIVERSIDAD AUT\u00d3NOMA DE AGUASCALIENTES<\/p>\n<p style=\"text-align: center;\"><a href=\"https:\/\/www.uaa.mx\/informacionpublica\/wp-content\/uploads\/2021\/12\/Conv-ITP-E-010-2021.pdf\">Bases de Licitaci\u00f3n<\/a> <a href=\"https:\/\/www.uaa.mx\/informacionpublica\/wp-content\/uploads\/2021\/12\/Conv-ITP-E-010-2021.docx\"><img loading=\"lazy\" decoding=\"async\" class=\"alignnone\" src=\"http:\/\/www.uaa.mx\/transparencia\/iconos\/word.gif\" alt=\"Conv ITP E 010-2021\" width=\"16\" height=\"16\" border=\"0\" \/><\/a><br \/>\n<a href=\"https:\/\/www.uaa.mx\/informacionpublica\/wp-content\/uploads\/2021\/12\/J.A.-ITP-E-010-2021.pdf\">Junta de Aclaraciones<\/a> <a href=\"https:\/\/www.uaa.mx\/informacionpublica\/wp-content\/uploads\/2021\/12\/J.A.-ITP-E-010-2021.doc\"><img loading=\"lazy\" decoding=\"async\" class=\"alignnone\" src=\"http:\/\/www.uaa.mx\/transparencia\/iconos\/word.gif\" alt=\"J.A. ITP E 010-2021\" width=\"16\" height=\"16\" border=\"0\" \/><\/a><br \/>\n<a href=\"https:\/\/www.uaa.mx\/informacionpublica\/wp-content\/uploads\/2021\/12\/Recep.-y-Ap.-ITP-E-010-2021.pdf\">Acta de Apertura<\/a> <a href=\"https:\/\/www.uaa.mx\/informacionpublica\/wp-content\/uploads\/2021\/12\/Recep.-y-Ap.-ITP-E-010-2021.doc\"><img loading=\"lazy\" decoding=\"async\" class=\"alignnone\" src=\"http:\/\/www.uaa.mx\/transparencia\/iconos\/word.gif\" alt=\"Recep. y Ap. ITP E 010-2021\" width=\"16\" height=\"16\" border=\"0\" \/><\/a><\/p>\n<hr \/>\n<p><strong>ITP E\/901045968-009-2021<\/strong> ADQUISICI\u00d3N DE MOBILIARIO PARA LOS DIFERENTES CAMPUS DE LA UNIVERSIDAD AUT\u00d3NOMA DE AGUASCALIENTES, DEPARTAMENTO DE PROYECTOS INSTITUCIONALES DE LA DGPYD<\/p>\n<p style=\"text-align: center;\"><a href=\"https:\/\/www.uaa.mx\/informacionpublica\/wp-content\/uploads\/2021\/10\/Conv-ITP-E-009-2021.pdf\">Bases de Licitaci\u00f3n<\/a> <a href=\"https:\/\/www.uaa.mx\/informacionpublica\/wp-content\/uploads\/2021\/10\/Conv-ITP-E-009-2021.docx\"><img loading=\"lazy\" decoding=\"async\" class=\"alignnone\" src=\"http:\/\/www.uaa.mx\/transparencia\/iconos\/word.gif\" alt=\"Conv ITP E 009-2021\" width=\"16\" height=\"16\" border=\"0\" \/><\/a><br \/>\n<a href=\"https:\/\/www.uaa.mx\/informacionpublica\/wp-content\/uploads\/2021\/11\/J.A.-ITP-E-009-2021.pdf\">Junta de Aclaraciones<\/a>\u00a0<a href=\"https:\/\/www.uaa.mx\/informacionpublica\/wp-content\/uploads\/2021\/11\/J.A.-ITP-E-009-2021.doc\"><img loading=\"lazy\" decoding=\"async\" class=\"alignnone\" src=\"http:\/\/www.uaa.mx\/transparencia\/iconos\/word.gif\" alt=\"J. A. LPN E 023-2021\" width=\"16\" height=\"16\" border=\"0\" \/><\/a><br \/>\n<a href=\"https:\/\/www.uaa.mx\/informacionpublica\/wp-content\/uploads\/2021\/11\/Recep.-y-Ap.-ITP-E-009-2021.pdf\">Acta de Apertura<\/a> <a href=\"https:\/\/www.uaa.mx\/informacionpublica\/wp-content\/uploads\/2021\/11\/Recep.-y-Ap.-ITP-E-009-2021.doc\"><img loading=\"lazy\" decoding=\"async\" class=\"alignnone\" src=\"http:\/\/www.uaa.mx\/transparencia\/iconos\/word.gif\" alt=\"Recep. y Ap. ITP E 009-2021\" width=\"16\" height=\"16\" border=\"0\" \/><\/a><br \/>\n<a href=\"https:\/\/www.uaa.mx\/informacionpublica\/wp-content\/uploads\/2021\/11\/Acta-Fallo-ITP-E-009-2021.pdf\">Acta de Fallo<\/a> <a href=\"https:\/\/www.uaa.mx\/informacionpublica\/wp-content\/uploads\/2021\/11\/Acta-Fallo-ITP-E-009-2021.docx\"><img loading=\"lazy\" decoding=\"async\" class=\"alignnone\" src=\"http:\/\/www.uaa.mx\/transparencia\/iconos\/word.gif\" alt=\"Acta Fallo ITP E 009-2021\" width=\"16\" height=\"16\" border=\"0\" \/><\/a><\/p>\n<hr \/>\n<p><strong>ITP E\/901045968-008-2021<\/strong> CONTRATACI\u00d3N PARA EL MANTENIMIENTO PREVENTIVO Y ADQUISICI\u00d3N DE NEUM\u00c1TICOS PARA LAS UNIDADES DEL PADR\u00d3N DE LA UNIVERSIDAD AUT\u00d3NOMA DE AGUASCALIENTES<\/p>\n<p style=\"text-align: center;\"><a href=\"https:\/\/www.uaa.mx\/informacionpublica\/wp-content\/uploads\/2021\/10\/Conv-ITP-E-008-2021.pdf\">Bases de Licitaci\u00f3n\u00a0<\/a><a href=\"https:\/\/www.uaa.mx\/informacionpublica\/wp-content\/uploads\/2021\/10\/Conv-ITP-E-008-2021.docx\"><img loading=\"lazy\" decoding=\"async\" class=\"alignnone\" src=\"http:\/\/www.uaa.mx\/transparencia\/iconos\/word.gif\" alt=\"Conv ITP E 008-2021\" width=\"16\" height=\"16\" border=\"0\" \/><\/a><br \/>\n<a href=\"https:\/\/www.uaa.mx\/informacionpublica\/wp-content\/uploads\/2021\/10\/J.A.-ITP-E-008-2021.pdf\">Junta de Aclaraciones\u00a0<\/a><a href=\"https:\/\/www.uaa.mx\/informacionpublica\/wp-content\/uploads\/2021\/10\/J.A.-ITP-E-008-2021.doc\"><img loading=\"lazy\" decoding=\"async\" class=\"alignnone\" src=\"http:\/\/www.uaa.mx\/transparencia\/iconos\/word.gif\" alt=\"J.A. ITP E 008-2021\" width=\"16\" height=\"16\" border=\"0\" \/><\/a><br \/>\n<a href=\"https:\/\/www.uaa.mx\/informacionpublica\/wp-content\/uploads\/2021\/10\/Recep.-y-Ap.-ITP-E-008-2021.pdf\">Acta de Apertura<\/a> <a href=\"https:\/\/www.uaa.mx\/informacionpublica\/wp-content\/uploads\/2021\/10\/Recep.-y-Ap.-ITP-E-008-2021.doc\"><img loading=\"lazy\" decoding=\"async\" class=\"alignnone\" src=\"http:\/\/www.uaa.mx\/transparencia\/iconos\/word.gif\" alt=\"Recep. y Ap. ITP E 008-2021\" width=\"16\" height=\"16\" border=\"0\" \/><\/a><br \/>\n<a href=\"https:\/\/www.uaa.mx\/informacionpublica\/wp-content\/uploads\/2021\/10\/Acta-Dif.-Fallo-ITP-E008-2021.pdf\">Acta Diferimiento de Fallo<\/a> <a href=\"https:\/\/www.uaa.mx\/informacionpublica\/wp-content\/uploads\/2021\/10\/Acta-Dif.-Fallo-ITP-E-008-2021.docx\"><img loading=\"lazy\" decoding=\"async\" class=\"alignnone\" src=\"http:\/\/www.uaa.mx\/transparencia\/iconos\/word.gif\" alt=\"Acta Dif. Fallo ITP E 008-2021\" width=\"16\" height=\"16\" border=\"0\" \/><\/a><br \/>\n<a href=\"https:\/\/www.uaa.mx\/informacionpublica\/wp-content\/uploads\/2021\/10\/Acta-Fallo-ITP-E-008-2021.pdf\">Acta de Fallo<\/a> <a href=\"https:\/\/www.uaa.mx\/informacionpublica\/wp-content\/uploads\/2021\/10\/Acta-Fallo-ITP-E-008-2021.docx\"><img loading=\"lazy\" decoding=\"async\" class=\"alignnone\" src=\"http:\/\/www.uaa.mx\/transparencia\/iconos\/word.gif\" alt=\"Acta Fallo ITP E 008-2021\" width=\"16\" height=\"16\" border=\"0\" \/><\/a><\/p>\n<hr \/>\n<p><strong>ITP E\/901045968-007-2021<\/strong> ADQUISICI\u00d3N DE EQUIPOS DE C\u00d3MPUTO Y TECNOLOG\u00cdA PARA EL DEPARTAMENTO DE ENFERMER\u00cdA DEL CENTRO DE CIENCIAS DE LA SALUD<\/p>\n<p style=\"text-align: center;\"><a href=\"https:\/\/www.uaa.mx\/informacionpublica\/wp-content\/uploads\/2021\/09\/Conv-ITP-E-007-2021-Eq.-Computo-y-Tec.-Enfermeria.pdf\">Bases de Licitaci\u00f3n\u00a0<\/a><a href=\"https:\/\/www.uaa.mx\/informacionpublica\/wp-content\/uploads\/2021\/09\/Conv-ITP-E-007-2021-Eq.-Computo-y-Tec.-Enfermeria.docx\"><img loading=\"lazy\" decoding=\"async\" class=\"alignnone\" src=\"http:\/\/www.uaa.mx\/transparencia\/iconos\/word.gif\" alt=\"Conv ITP E 007-2021 Eq. C\u00f3mputo y Tec. Enfermer\u00eda\" width=\"16\" height=\"16\" border=\"0\" \/>\u00a0<\/a><br \/>\n<a href=\"https:\/\/www.uaa.mx\/informacionpublica\/wp-content\/uploads\/2021\/09\/J.A.-ITP-E-007-2021.pdf\">Junta de Aclaraciones\u00a0<\/a><a href=\"https:\/\/www.uaa.mx\/informacionpublica\/wp-content\/uploads\/2021\/09\/J.A.-ITP-E-007-2021.doc\"><img loading=\"lazy\" decoding=\"async\" class=\"alignnone\" src=\"http:\/\/www.uaa.mx\/transparencia\/iconos\/word.gif\" alt=\"J.A. ITP E 007-2021\" width=\"16\" height=\"16\" border=\"0\" \/><\/a><br \/>\n<a href=\"https:\/\/www.uaa.mx\/informacionpublica\/wp-content\/uploads\/2021\/09\/Recep.-y-Ap.-ITP-E-007-2021.pdf\">Acta de Apertura\u00a0<\/a><a href=\"https:\/\/www.uaa.mx\/informacionpublica\/wp-content\/uploads\/2021\/09\/Recep.-y-Ap.-ITP-E-007-2021.doc\"><img loading=\"lazy\" decoding=\"async\" class=\"alignnone\" src=\"http:\/\/www.uaa.mx\/transparencia\/iconos\/word.gif\" alt=\"Recep. y Ap. ITP E 007-2021\" width=\"16\" height=\"16\" border=\"0\" \/><\/a><br \/>\n<a href=\"https:\/\/www.uaa.mx\/informacionpublica\/wp-content\/uploads\/2021\/09\/Acta-Fallo-ITP-E-007-2021.pdf\">Acta de Fallo\u00a0<\/a><strong><a href=\"https:\/\/www.uaa.mx\/informacionpublica\/wp-content\/uploads\/2021\/09\/Acta-Fallo-ITP-E-007-2021.docx\"><img loading=\"lazy\" decoding=\"async\" class=\"alignnone\" src=\"http:\/\/www.uaa.mx\/transparencia\/iconos\/word.gif\" alt=\"Acta Fallo ITP E 007-2021\" width=\"16\" height=\"16\" border=\"0\" \/><\/a><\/strong><\/p>\n<hr \/>\n<p><strong>ITP E\/901045968-006-2021<\/strong> CONTRATACI\u00d3N DE SERVICIOS DE CONTABILIDAD GUBERNAMENTAL, DISE\u00d1O DE SOFTWARE E IMPLEMENTACI\u00d3N PARA LA OPTIMIZACI\u00d3N DE PROCESOS DE GESTI\u00d3N P\u00daBLICA DE LA UNIVERSIDAD AUT\u00d3NOMA DE AGUASCALIENTES<\/p>\n<p style=\"text-align: center;\"><a href=\"https:\/\/www.uaa.mx\/informacionpublica\/wp-content\/uploads\/2021\/08\/Conv-ITP-006-2021-Diseno-de-Software-e-Implementacion.pdf\">Bases de Licitaci\u00f3n\u00a0<\/a><a href=\"https:\/\/www.uaa.mx\/informacionpublica\/wp-content\/uploads\/2021\/08\/Conv-ITP-006-2021-Diseno-de-Software-e-Implementacion.docx\"><img loading=\"lazy\" decoding=\"async\" class=\"alignnone\" src=\"http:\/\/www.uaa.mx\/transparencia\/iconos\/word.gif\" alt=\"Conv ITP 006-2021 Dise\u00f1o de Software e Implementaci\u00f3n\" width=\"16\" height=\"16\" border=\"0\" \/>\u00a0<\/a><br \/>\n<a href=\"https:\/\/www.uaa.mx\/informacionpublica\/wp-content\/uploads\/2021\/08\/J.A.-ITP-E-006-2021.pdf\">Junta de Aclaraciones\u00a0<\/a><a href=\"https:\/\/www.uaa.mx\/informacionpublica\/wp-content\/uploads\/2021\/08\/J.A.-ITP-E-006-2021.doc\"><img loading=\"lazy\" decoding=\"async\" class=\"alignnone\" src=\"http:\/\/www.uaa.mx\/transparencia\/iconos\/word.gif\" alt=\"J.A. ITP E 006-2021\" width=\"16\" height=\"16\" border=\"0\" \/>\u00a0<\/a><br \/>\n<a href=\"https:\/\/www.uaa.mx\/informacionpublica\/wp-content\/uploads\/2021\/08\/Recep.-y-Ap.-ITP-E-006-2021.pdf\">Acta de Apertura\u00a0<\/a><a href=\"https:\/\/www.uaa.mx\/informacionpublica\/wp-content\/uploads\/2021\/08\/Recep.-y-Ap.-ITP-E-006-2021.doc\"><img loading=\"lazy\" decoding=\"async\" class=\"alignnone\" src=\"http:\/\/www.uaa.mx\/transparencia\/iconos\/word.gif\" alt=\"Recep. y Ap. ITP E 006-2021\" width=\"16\" height=\"16\" border=\"0\" \/>\u00a0<\/a><br \/>\n<a href=\"https:\/\/www.uaa.mx\/informacionpublica\/wp-content\/uploads\/2021\/08\/Acta-Fallo-ITP-E-006-2021.pdf\">Acta de Fallo\u00a0<\/a><a href=\"https:\/\/www.uaa.mx\/informacionpublica\/wp-content\/uploads\/2021\/08\/Acta-Fallo-ITP-E-006-2021.docx\"><img loading=\"lazy\" decoding=\"async\" class=\"alignnone\" src=\"http:\/\/www.uaa.mx\/transparencia\/iconos\/word.gif\" alt=\"Acta Fallo ITP E 006-2021\" width=\"16\" height=\"16\" border=\"0\" \/><\/a><\/p>\n<hr \/>\n<p><strong>ITP E\/901045968-005-2021<\/strong> ADQUISICI\u00d3N DE MATERIALES DIVERSOS PARA EL DEPARTAMENTO DE MANTENIMIENTO DE LA DGIU (PARTIDAS DESIERTAS), DE LA UNIVERSIDAD AUT\u00d3NOMA DE AGUASCALIENTES<\/p>\n<p style=\"text-align: center;\"><a href=\"https:\/\/www.uaa.mx\/informacionpublica\/wp-content\/uploads\/2021\/07\/Conv-ITP-E-005-2021-Materiales-Mtto-partidas-desiertas.pdf\">Bases de Licitaci\u00f3n\u00a0<\/a><a href=\"https:\/\/www.uaa.mx\/informacionpublica\/wp-content\/uploads\/2021\/07\/Conv-ITP-E-005-2021-Materiales-Mtto-partidas-desiertas.docx\"><img loading=\"lazy\" decoding=\"async\" class=\"alignnone\" src=\"http:\/\/www.uaa.mx\/transparencia\/iconos\/word.gif\" alt=\"Conv ITP E 005-2021 Materiales Mtto partidas desiertas\" width=\"16\" height=\"16\" border=\"0\" \/>\u00a0<\/a><br \/>\n<a href=\"https:\/\/www.uaa.mx\/informacionpublica\/wp-content\/uploads\/2021\/07\/J.A.-ITP-E-005-2021.pdf\">Junta de Aclaraciones\u00a0<\/a><a href=\"https:\/\/www.uaa.mx\/informacionpublica\/wp-content\/uploads\/2021\/07\/J.A.-ITP-E-005-2021.pdf\"><img loading=\"lazy\" decoding=\"async\" class=\"alignnone\" src=\"http:\/\/www.uaa.mx\/transparencia\/iconos\/word.gif\" alt=\"J.A. ITP E 005-2021\" width=\"16\" height=\"16\" border=\"0\" \/><\/a><br \/>\n<a href=\"https:\/\/www.uaa.mx\/informacionpublica\/wp-content\/uploads\/2021\/07\/Recep.-y-Ap.-ITP-E-005-2021.pdf\">Acta de Apertura\u00a0<\/a><a href=\"https:\/\/www.uaa.mx\/informacionpublica\/wp-content\/uploads\/2021\/07\/Recep.-y-Ap.-ITP-E-005-2021.doc\"><img loading=\"lazy\" decoding=\"async\" class=\"alignnone\" src=\"http:\/\/www.uaa.mx\/transparencia\/iconos\/word.gif\" alt=\"Recep. y Ap. ITP E 005-2021\" width=\"16\" height=\"16\" border=\"0\" \/>\u00a0<\/a><br \/>\n<a href=\"https:\/\/www.uaa.mx\/informacionpublica\/wp-content\/uploads\/2021\/08\/Acta-Dif.-Fallo-ITP-E-005-2021.pdf\">Acta Diferimiento de Fallo\u00a0<\/a><a href=\"https:\/\/www.uaa.mx\/informacionpublica\/wp-content\/uploads\/2021\/08\/Acta-Dif.-Fallo-ITP-E-005-2021.docx\"><img loading=\"lazy\" decoding=\"async\" class=\"alignnone\" src=\"http:\/\/www.uaa.mx\/transparencia\/iconos\/word.gif\" alt=\"Acta Dif. Fallo ITP E 005-2021\" width=\"16\" height=\"16\" border=\"0\" \/>\u00a0<\/a><br \/>\n<a href=\"https:\/\/www.uaa.mx\/informacionpublica\/wp-content\/uploads\/2021\/08\/Acta-Fallo-ITP-E-005-2021.pdf\">Acta de Fallo <\/a><strong><a href=\"https:\/\/www.uaa.mx\/informacionpublica\/wp-content\/uploads\/2021\/08\/Acta-Fallo-ITP-E-005-2021.docx\"><img loading=\"lazy\" decoding=\"async\" class=\"alignnone\" src=\"http:\/\/www.uaa.mx\/transparencia\/iconos\/word.gif\" alt=\"Acta Fallo ITP E 005-2021\" width=\"16\" height=\"16\" border=\"0\" \/><\/a><\/strong><\/p>\n<hr \/>\n<p><strong>ITP E\/901045968-004-2021<\/strong> ADQUISICI\u00d3N DE PRUEBA R\u00c1PIDA (LECTURA VISUAL) INMUNOCROMATOGRAFICA PARA LA DETECCION CUALITATIVA DE ANTIGENOS DEL VIRUS SARS-COV-2 PARA LA UNIDAD M\u00c9DICO DID\u00c1CTICA DEL CENTRO DE CIENCIAS DE LA SALUD DE LA UAA<\/p>\n<p style=\"text-align: center;\"><a href=\"https:\/\/www.uaa.mx\/informacionpublica\/wp-content\/uploads\/2021\/07\/Conv-ITP-E-004-2021-PRUEBAS-COVID-UMD.docx\"><\/a><a href=\"https:\/\/www.uaa.mx\/informacionpublica\/wp-content\/uploads\/2021\/07\/Conv-ITP-E-004-2021-PRUEBAS-COVID-UMD.pdf\">Bases de Licitaci\u00f3n <\/a><a href=\"https:\/\/www.uaa.mx\/informacionpublica\/wp-content\/uploads\/2021\/07\/Conv-ITP-E-004-2021-PRUEBAS-COVID-UMD.docx\"><img loading=\"lazy\" decoding=\"async\" class=\"alignnone\" src=\"http:\/\/www.uaa.mx\/transparencia\/iconos\/word.gif\" alt=\"Conv ITP E 004-2021 PRUEBAS COVID UMD\" width=\"16\" height=\"16\" border=\"0\" \/><\/a><br \/>\n<a href=\"https:\/\/www.uaa.mx\/informacionpublica\/wp-content\/uploads\/2021\/07\/J.A.-ITP-E-004-2021.pdf\">Junta de Aclaraciones\u00a0<\/a><a href=\"https:\/\/www.uaa.mx\/informacionpublica\/wp-content\/uploads\/2021\/07\/J.A.-ITP-E-004-2021.doc\"><img loading=\"lazy\" decoding=\"async\" class=\"alignnone\" src=\"http:\/\/www.uaa.mx\/transparencia\/iconos\/word.gif\" alt=\"J.A. ITP E 004-2021\" width=\"16\" height=\"16\" border=\"0\" \/>\u00a0<\/a><br \/>\n<a href=\"https:\/\/www.uaa.mx\/informacionpublica\/wp-content\/uploads\/2021\/07\/Recep.-y-Ap.-ITP-E-004-2021.pdf\">Acta de Apertura\u00a0<\/a><a href=\"https:\/\/www.uaa.mx\/informacionpublica\/wp-content\/uploads\/2021\/07\/Recep.-y-Ap.-ITP-E-004-2021.doc\"><img loading=\"lazy\" decoding=\"async\" class=\"alignnone\" src=\"http:\/\/www.uaa.mx\/transparencia\/iconos\/word.gif\" alt=\"Recep. y Ap. ITP E 004-2021\" width=\"16\" height=\"16\" border=\"0\" \/>\u00a0<\/a><br \/>\n<a href=\"https:\/\/www.uaa.mx\/informacionpublica\/wp-content\/uploads\/2021\/07\/Acta-Fallo-ITP-E-004-2021.pdf\">Acta de Fallo<\/a> <a href=\"https:\/\/www.uaa.mx\/informacionpublica\/wp-content\/uploads\/2021\/07\/Acta-Fallo-ITP-E-004-2021.docx\"><img loading=\"lazy\" decoding=\"async\" class=\"alignnone\" src=\"http:\/\/www.uaa.mx\/transparencia\/iconos\/word.gif\" alt=\"Acta Fallo ITP E 004-2021\" width=\"16\" height=\"16\" border=\"0\" \/><\/a><\/p>\n<hr \/>\n<p><strong>ITP E\/901045968-003-2021<\/strong> ADQUISICI\u00d3N DE MATERIAL DE SEGURIDAD PARA EL CENTRO DE DETECCI\u00d3N COVID DE LA UNIVERSIDAD AUT\u00d3NOMA DE AGUASCALIENTES<\/p>\n<p style=\"text-align: center;\"><a href=\"https:\/\/www.uaa.mx\/informacionpublica\/wp-content\/uploads\/2021\/03\/Conv-ITP-E-003-2021-Mat.-Seguridad-COVID.pdf\">Bases de la Licitaci\u00f3n<\/a>\u00a0<a href=\"https:\/\/www.uaa.mx\/informacionpublica\/wp-content\/uploads\/2021\/03\/Conv-ITP-E-003-2021-Mat.-Seguridad-COVID.docx\"><img loading=\"lazy\" decoding=\"async\" class=\"alignnone\" src=\"http:\/\/www.uaa.mx\/transparencia\/iconos\/word.gif\" alt=\"\" width=\"16\" height=\"16\" border=\"0\" \/><\/a><br \/>\n<a href=\"https:\/\/www.uaa.mx\/informacionpublica\/wp-content\/uploads\/2021\/04\/J.A.-ITP-E-003-2021.pdf\">Junta de Aclaraciones<\/a>\u00a0<a href=\"https:\/\/www.uaa.mx\/informacionpublica\/wp-content\/uploads\/2021\/04\/J.A.-ITP-E-003-2021.doc\"><img decoding=\"async\" loading=\"lazy\" class=\"lazy lazy alignnone lazy-loaded lazy-loaded\" src=\"http:\/\/www.uaa.mx\/transparencia\/iconos\/word.gif\" data-lazy-type=\"image\" data-lazy-src=\"http:\/\/www.uaa.mx\/transparencia\/iconos\/word.gif\" alt=\"\" width=\"16\" height=\"16\" border=\"0\" \/><\/a><br \/>\n<a href=\"https:\/\/www.uaa.mx\/informacionpublica\/wp-content\/uploads\/2021\/04\/Recep.-y-Ap.-ITP-E-003-2021.pdf\"><span><\/span><\/a><a href=\"https:\/\/www.uaa.mx\/informacionpublica\/wp-content\/uploads\/2021\/04\/Recep.-y-Ap.-ITP-E-003-2021.pdf\">Acta de Apertura<\/a> <a href=\"https:\/\/www.uaa.mx\/informacionpublica\/wp-content\/uploads\/2021\/04\/Recep.-y-Ap.-ITP-E-003-2021.doc\"><img decoding=\"async\" loading=\"lazy\" class=\"lazy lazy alignnone lazy-loaded lazy-loaded\" src=\"http:\/\/www.uaa.mx\/transparencia\/iconos\/word.gif\" data-lazy-type=\"image\" data-lazy-src=\"http:\/\/www.uaa.mx\/transparencia\/iconos\/word.gif\" alt=\"\" width=\"16\" height=\"16\" border=\"0\" \/><\/a><br \/>\n<a href=\"https:\/\/www.uaa.mx\/informacionpublica\/wp-content\/uploads\/2021\/04\/Acta-Fallo-ITP-E-003-2021.pdf\">Acta de Fallo<\/a> <a href=\"https:\/\/www.uaa.mx\/informacionpublica\/wp-content\/uploads\/2021\/04\/Acta-Fallo-ITP-E-003-2021.docx\"><img decoding=\"async\" loading=\"lazy\" class=\"lazy lazy lazy-loaded alignnone lazy-loaded\" src=\"http:\/\/www.uaa.mx\/transparencia\/iconos\/word.gif\" data-lazy-type=\"image\" data-lazy-src=\"http:\/\/www.uaa.mx\/transparencia\/iconos\/word.gif\" alt=\"\" width=\"16\" height=\"16\" border=\"0\" \/><\/a><\/p>\n<hr \/>\n<p><strong>ITP E\/901045968-002-2021<\/strong> ADQUISICI\u00d3N DE UNIFORMES INDUSTRIALES PARA LA UNIVERSIDAD AUT\u00d3NOMA DE AGUASCALIENTES<\/p>\n<p style=\"text-align: center;\"><a href=\"https:\/\/www.uaa.mx\/informacionpublica\/wp-content\/uploads\/2021\/03\/Conv-ITP-E-002-2021-Uniformes-Industriales.pdf\">Bases de la Licitaci\u00f3n<\/a>\u00a0<a href=\"https:\/\/www.uaa.mx\/informacionpublica\/wp-content\/uploads\/2021\/03\/Conv-ITP-E-002-2021-Uniformes-Industriales.docx\"><img loading=\"lazy\" decoding=\"async\" class=\"alignnone\" src=\"http:\/\/www.uaa.mx\/transparencia\/iconos\/word.gif\" alt=\"\" width=\"16\" height=\"16\" border=\"0\" \/><\/a><br \/>\n<span><a href=\"https:\/\/www.uaa.mx\/informacionpublica\/wp-content\/uploads\/2021\/04\/J.A.-ITP-E-002-2021-Unf.-Ind..pdf\">Junta de Aclaraciones<\/a>\u00a0<\/span><a href=\"https:\/\/www.uaa.mx\/informacionpublica\/wp-content\/uploads\/2021\/04\/J.A.-ITP-E-002-2021-Unf.-Ind..doc\"><img decoding=\"async\" loading=\"lazy\" class=\"lazy lazy alignnone lazy-loaded lazy-loaded\" src=\"http:\/\/www.uaa.mx\/transparencia\/iconos\/word.gif\" data-lazy-type=\"image\" data-lazy-src=\"http:\/\/www.uaa.mx\/transparencia\/iconos\/word.gif\" alt=\"\" width=\"16\" height=\"16\" border=\"0\" \/><\/a><br \/>\n<span><a href=\"https:\/\/www.uaa.mx\/informacionpublica\/wp-content\/uploads\/2021\/04\/Recep.-y-Ap.-ITP-E-002-2021.pdf\">Acta de Apertura<\/a>\u00a0<\/span><a href=\"https:\/\/www.uaa.mx\/informacionpublica\/wp-content\/uploads\/2021\/04\/Recep.-y-Ap.-ITP-E-002-2021.doc\"><img decoding=\"async\" loading=\"lazy\" class=\"lazy lazy alignnone lazy-loaded lazy-loaded\" src=\"http:\/\/www.uaa.mx\/transparencia\/iconos\/word.gif\" data-lazy-type=\"image\" data-lazy-src=\"http:\/\/www.uaa.mx\/transparencia\/iconos\/word.gif\" alt=\"\" width=\"16\" height=\"16\" border=\"0\" \/><\/a><br \/>\n<span><a href=\"https:\/\/www.uaa.mx\/informacionpublica\/wp-content\/uploads\/2021\/04\/Acta-Fallo-ITP-E-002-2021.pdf\">Acta de Fallo<\/a>\u00a0 <\/span><a href=\"https:\/\/www.uaa.mx\/informacionpublica\/wp-content\/uploads\/2021\/04\/Acta-Fallo-ITP-E-002-2021.docx\"><img decoding=\"async\" loading=\"lazy\" class=\"lazy lazy lazy-loaded alignnone lazy-loaded\" src=\"http:\/\/www.uaa.mx\/transparencia\/iconos\/word.gif\" data-lazy-type=\"image\" data-lazy-src=\"http:\/\/www.uaa.mx\/transparencia\/iconos\/word.gif\" alt=\"\" width=\"16\" height=\"16\" border=\"0\" \/><\/a><\/p>\n","protected":false},"excerpt":{"rendered":"<p>ITP E\/901045968-010-2021 SERVICIO DE REVISI\u00d3N Y MANTENIMIENTO PREVENTIVO A SUBESTACIONES DE LA UNIVERSIDAD AUT\u00d3NOMA DE AGUASCALIENTES Bases de Licitaci\u00f3n Junta de Aclaraciones Acta de Apertura ITP E\/901045968-009-2021 ADQUISICI\u00d3N DE MOBILIARIO PARA LOS DIFERENTES CAMPUS DE LA UNIVERSIDAD AUT\u00d3NOMA DE AGUASCALIENTES, DEPARTAMENTO DE PROYECTOS INSTITUCIONALES DE LA DGPYD Bases de Licitaci\u00f3n [&hellip;]<\/p>\n","protected":false},"author":2,"featured_media":0,"parent":8657,"menu_order":2,"comment_status":"closed","ping_status":"closed","template":"","meta":{"footnotes":""},"class_list":["post-8692","page","type-page","status-publish","hentry"],"_links":{"self":[{"href":"https:\/\/www.uaa.mx\/informacionpublica\/wp-json\/wp\/v2\/pages\/8692","targetHints":{"allow":["GET"]}}],"collection":[{"href":"https:\/\/www.uaa.mx\/informacionpublica\/wp-json\/wp\/v2\/pages"}],"about":[{"href":"https:\/\/www.uaa.mx\/informacionpublica\/wp-json\/wp\/v2\/types\/page"}],"author":[{"embeddable":true,"href":"https:\/\/www.uaa.mx\/informacionpublica\/wp-json\/wp\/v2\/users\/2"}],"replies":[{"embeddable":true,"href":"https:\/\/www.uaa.mx\/informacionpublica\/wp-json\/wp\/v2\/comments?post=8692"}],"version-history":[{"count":2,"href":"https:\/\/www.uaa.mx\/informacionpublica\/wp-json\/wp\/v2\/pages\/8692\/revisions"}],"predecessor-version":[{"id":8716,"href":"https:\/\/www.uaa.mx\/informacionpublica\/wp-json\/wp\/v2\/pages\/8692\/revisions\/8716"}],"up":[{"embeddable":true,"href":"https:\/\/www.uaa.mx\/informacionpublica\/wp-json\/wp\/v2\/pages\/8657"}],"wp:attachment":[{"href":"https:\/\/www.uaa.mx\/informacionpublica\/wp-json\/wp\/v2\/media?parent=8692"}],"curies":[{"name":"wp","href":"https:\/\/api.w.org\/{rel}","templated":true}]}}