{"id":8698,"date":"2022-11-07T18:34:56","date_gmt":"2022-11-07T18:34:56","guid":{"rendered":"https:\/\/www.uaa.mx\/informacionpublica\/?page_id=8698"},"modified":"2022-11-07T18:55:55","modified_gmt":"2022-11-07T18:55:55","slug":"invitacion-a-cuando-menos-tres-personas","status":"publish","type":"page","link":"https:\/\/www.uaa.mx\/informacionpublica\/transparencia-proactiva\/convocatorias-para-adquisiciones-de-bienes-y-servicios\/ejercicio-2020\/invitacion-a-cuando-menos-tres-personas\/","title":{"rendered":"Invitaci\u00f3n a cuando menos Tres Personas"},"content":{"rendered":"<p><strong>ITP E 901045968-007-2020<\/strong> <span lang=\"ES\">ADQUISICI\u00d3N E INSTALACI\u00d3N DE SISTEMA INTEGRAL DE VIDEOVIGILANCIA Y CONTROL DE ACCESOS EN CADA UNO DE LOS CAMPUS DE LA INSTITUCI\u00d3N, PARA EL DEPARTAMENTO DE VIGILANCIA DE LA DGIU DE LA\u00a0\u00a0UNIVERSIDAD AUT\u00d3NOMA DE AGUASCALIENTES<\/span><\/p>\n<p style=\"text-align: center;\"><a href=\"https:\/\/www.uaa.mx\/informacionpublica\/wp-content\/uploads\/2020\/11\/Conv-ITP-007-2020-Videovigilancia-Publicar.pdf\">Bases de la Licitaci\u00f3n<\/a>\u00a0<a href=\"https:\/\/www.uaa.mx\/informacionpublica\/wp-content\/uploads\/2020\/11\/Conv-ITP-007-2020-Videovigilancia-Publicar.docx\"><img loading=\"lazy\" decoding=\"async\" class=\"alignnone\" src=\"http:\/\/www.uaa.mx\/transparencia\/iconos\/word.gif\" alt=\"\" width=\"16\" height=\"16\" border=\"0\" \/><\/a><br \/>\n<span><a href=\"https:\/\/www.uaa.mx\/informacionpublica\/wp-content\/uploads\/2020\/12\/J.A.-ITP-E-007-2020.pdf\">Junta de Aclaraciones<\/a>\u00a0<\/span><a href=\"https:\/\/www.uaa.mx\/informacionpublica\/wp-content\/uploads\/2020\/12\/J.A.-ITP-E-007-2020.doc\"><img loading=\"lazy\" decoding=\"async\" class=\"lazy alignnone lazy-loaded\" src=\"http:\/\/www.uaa.mx\/transparencia\/iconos\/word.gif\" data-lazy-type=\"image\" data-lazy-src=\"http:\/\/www.uaa.mx\/transparencia\/iconos\/word.gif\" alt=\"\" width=\"16\" height=\"16\" border=\"0\" \/><\/a><br \/>\n<a href=\"https:\/\/www.uaa.mx\/informacionpublica\/wp-content\/uploads\/2020\/12\/Recep-y-Ap-ITP-E-007-2020.pdf\">Acta de Apertura<\/a> <a href=\"https:\/\/www.uaa.mx\/informacionpublica\/wp-content\/uploads\/2020\/12\/Recep.-y-Ap.-ITP-E-007-2020.doc\"><img loading=\"lazy\" decoding=\"async\" class=\"lazy alignnone lazy-loaded\" src=\"http:\/\/www.uaa.mx\/transparencia\/iconos\/word.gif\" data-lazy-type=\"image\" data-lazy-src=\"http:\/\/www.uaa.mx\/transparencia\/iconos\/word.gif\" alt=\"\" width=\"16\" height=\"16\" border=\"0\" \/><\/a><br \/>\n<span><a href=\"https:\/\/www.uaa.mx\/informacionpublica\/wp-content\/uploads\/2020\/12\/Acta-Fallo-ITP-007-2020_1.pdf\">Acta de Fallo<\/a>\u00a0 <\/span><a href=\"https:\/\/www.uaa.mx\/informacionpublica\/wp-content\/uploads\/2020\/12\/Acta-Notificacion-Fallo-ITP-E-007-2020-Videovigilancia.docx\"><img decoding=\"async\" loading=\"lazy\" class=\"lazy lazy lazy-loaded alignnone lazy-loaded\" src=\"http:\/\/www.uaa.mx\/transparencia\/iconos\/word.gif\" data-lazy-type=\"image\" data-lazy-src=\"http:\/\/www.uaa.mx\/transparencia\/iconos\/word.gif\" alt=\"\" width=\"16\" height=\"16\" border=\"0\" \/><\/a><\/p>\n<hr \/>\n<p style=\"text-align: left;\"><span><a href=\"https:\/\/www.uaa.mx\/informacionpublica\/wp-content\/uploads\/2020\/11\/Acta-Notificaci\u00f3n-Fallo-LPN-E-010-2020.docx\"><\/a><\/span><span>\u00a0<\/span><strong>ITP E 901045968-005-2020 <\/strong><span lang=\"ES\">ADQUISICI\u00d3N DE UNIFORMES INDUSTRIALES PARA LA UNIVERSIDAD AUT\u00d3NOMO DE AGUASCALIENTES<\/span><\/p>\n<p style=\"text-align: center;\"><a href=\"https:\/\/www.uaa.mx\/informacionpublica\/wp-content\/uploads\/2020\/10\/Bases-ITP-E-005-2020-Uniformes-Industriales.pdf\">Bases de la Licitaci\u00f3n<\/a>\u00a0<a href=\"https:\/\/www.uaa.mx\/informacionpublica\/wp-content\/uploads\/2020\/10\/Bases-ITP-E-005-2020-Uniformes-Industriales.docx\"><img loading=\"lazy\" decoding=\"async\" class=\"alignnone\" src=\"http:\/\/www.uaa.mx\/transparencia\/iconos\/word.gif\" alt=\"\" width=\"16\" height=\"16\" border=\"0\" \/><\/a><br \/>\n<a href=\"https:\/\/www.uaa.mx\/informacionpublica\/wp-content\/uploads\/2020\/10\/Junta-de-Aclaraciones-ITP-E-005-2020-Uniformes-Industriales.pdf\">Junta de Aclaraciones<\/a>\u00a0<a href=\"https:\/\/www.uaa.mx\/informacionpublica\/wp-content\/uploads\/2020\/10\/Junta-de-Aclaraciones-ITP-E-005-2020-Uniformes-Industriales.doc\"><img loading=\"lazy\" decoding=\"async\" class=\"alignnone\" src=\"http:\/\/www.uaa.mx\/transparencia\/iconos\/word.gif\" alt=\"\" width=\"16\" height=\"16\" border=\"0\" \/><\/a><br \/>\n<a href=\"https:\/\/www.uaa.mx\/informacionpublica\/wp-content\/uploads\/2020\/10\/Acta-Recep.-y-Apertura-ITP-E-005-2020-Uniformes-Industriales.pdf\">Acta de Apertura<\/a>\u00a0<a href=\"https:\/\/www.uaa.mx\/informacionpublica\/wp-content\/uploads\/2020\/10\/Acta-Recep.-y-Apertura-ITP-E-005-2020-Uniformes-Industriales.doc\"><img loading=\"lazy\" decoding=\"async\" class=\"alignnone\" src=\"http:\/\/www.uaa.mx\/transparencia\/iconos\/word.gif\" alt=\"\" width=\"16\" height=\"16\" border=\"0\" \/><\/a><br \/>\n<span><a href=\"https:\/\/www.uaa.mx\/informacionpublica\/wp-content\/uploads\/2020\/10\/Acta-Notificaci\u00f3n-Fallo-ITP-E005-2020-UNIFORMES-INDUSTRIALES_0001.pdf\">Acta de Fallo<\/a>\u00a0 <a href=\"https:\/\/www.uaa.mx\/informacionpublica\/wp-content\/uploads\/2020\/10\/Acta-Notificaci\u00f3n-Fallo-ITP-E-005-2020-Uniformes-Industriales.docx\"><img loading=\"lazy\" decoding=\"async\" class=\"lazy lazy-loaded alignnone\" src=\"http:\/\/www.uaa.mx\/transparencia\/iconos\/word.gif\" data-lazy-type=\"image\" data-lazy-src=\"http:\/\/www.uaa.mx\/transparencia\/iconos\/word.gif\" alt=\"\" width=\"16\" height=\"16\" border=\"0\" \/><\/a><\/span><\/p>\n<hr \/>\n<p><strong>ITP E\/901045968-004-2020<\/strong> ADQUISICI\u00d3N DE LICENCIAMIENTOS DE SOFTWARE PARA EL DEPARTAMENTO DE COMUNICACI\u00d3N DEL CENTRO DE CIENCIAS SOCIALES Y HUMANIDADES<\/p>\n<p style=\"text-align: center;\"><a href=\"https:\/\/www.uaa.mx\/informacionpublica\/wp-content\/uploads\/2020\/10\/Bases-ITP-E-004-2020.pdf\">Bases de la Licitaci\u00f3n<\/a>\u00a0<a href=\"https:\/\/www.uaa.mx\/informacionpublica\/wp-content\/uploads\/2020\/10\/Bases-ITP-E-004-2020.docx\"><img loading=\"lazy\" decoding=\"async\" class=\"alignnone\" src=\"http:\/\/www.uaa.mx\/transparencia\/iconos\/word.gif\" alt=\"\" width=\"16\" height=\"16\" border=\"0\" \/><\/a><br \/>\n<a href=\"https:\/\/www.uaa.mx\/informacionpublica\/wp-content\/uploads\/2020\/10\/Acta-Junta-Aclaraciones-ITP-E-004-2020-Software-CCSyH.pdf\">Junta de Aclaraciones<\/a>\u00a0<a href=\"https:\/\/www.uaa.mx\/informacionpublica\/wp-content\/uploads\/2020\/10\/Acta-Junta-Aclaraciones-ITP-E-004-2020-Software-CCSyH.doc\"><img loading=\"lazy\" decoding=\"async\" class=\"alignnone\" src=\"http:\/\/www.uaa.mx\/transparencia\/iconos\/word.gif\" alt=\"\" width=\"16\" height=\"16\" border=\"0\" \/><\/a><br \/>\n<a href=\"https:\/\/www.uaa.mx\/informacionpublica\/wp-content\/uploads\/2020\/10\/Acta-Apertura-ITP-E-004-2020-Software-CCSyH.pdf\">Acta de Apertura<\/a>\u00a0<a href=\"https:\/\/www.uaa.mx\/informacionpublica\/wp-content\/uploads\/2020\/10\/Acta-Apertura-ITP-E-004-2020-Software-CCSyH.doc\"><img loading=\"lazy\" decoding=\"async\" class=\"alignnone\" src=\"http:\/\/www.uaa.mx\/transparencia\/iconos\/word.gif\" alt=\"\" width=\"16\" height=\"16\" border=\"0\" \/><\/a><br \/>\n<span><a href=\"https:\/\/www.uaa.mx\/informacionpublica\/wp-content\/uploads\/2020\/10\/Acta-Notificaci\u00f3n-Fallo-ITP-E-004-2020-Software-CCSyH.pdf\">Acta de Fallo<\/a>\u00a0 <a href=\"https:\/\/www.uaa.mx\/informacionpublica\/wp-content\/uploads\/2020\/10\/Acta-Notificaci\u00f3n-Fallo-ITP-E-004-2020-Software-CCSyH.docx\"><img loading=\"lazy\" decoding=\"async\" class=\"lazy lazy-loaded alignnone\" src=\"http:\/\/www.uaa.mx\/transparencia\/iconos\/word.gif\" data-lazy-type=\"image\" data-lazy-src=\"http:\/\/www.uaa.mx\/transparencia\/iconos\/word.gif\" alt=\"\" width=\"16\" height=\"16\" border=\"0\" \/><\/a><\/span><\/p>\n<hr \/>\n<p><strong>ITP E\/901045968-003-2020<\/strong> ADQUISICI\u00d3N DE ART\u00cdCULOS PROMOCIONALES PARA LAS UNIVERSITIENDAS DE LA UNIVERSIDAD AUT\u00d3NOMA DE GUASCALIENTES<\/p>\n<p style=\"text-align: center;\"><a href=\"https:\/\/www.uaa.mx\/informacionpublica\/wp-content\/uploads\/2020\/10\/Bases-ITP-E-901045968-003-2020-Art\u00edculos-Promocionales.pdf\">Bases de la Licitaci\u00f3n<\/a>\u00a0<a href=\"https:\/\/www.uaa.mx\/informacionpublica\/wp-content\/uploads\/2020\/10\/Bases-ITP-E-901045968-003-2020-Art\u00edculos-Promocionales.docx\"><img loading=\"lazy\" decoding=\"async\" class=\"alignnone\" src=\"http:\/\/www.uaa.mx\/transparencia\/iconos\/word.gif\" alt=\"\" width=\"16\" height=\"16\" border=\"0\" \/><\/a><br \/>\n<a href=\"https:\/\/www.uaa.mx\/informacionpublica\/wp-content\/uploads\/2020\/10\/Junta-de-Aclaraciones-ITP-E-003-2020-Arts.-Promocionales.pdf\">Junta de Aclaraciones<\/a>\u00a0<a href=\"https:\/\/www.uaa.mx\/informacionpublica\/wp-content\/uploads\/2020\/10\/Junta-de-Aclaraciones-ITP-E-003-2020-Arts.-Promocionales.doc\"><img loading=\"lazy\" decoding=\"async\" class=\"alignnone\" src=\"http:\/\/www.uaa.mx\/transparencia\/iconos\/word.gif\" alt=\"\" width=\"16\" height=\"16\" border=\"0\" \/><\/a><br \/>\n<a href=\"https:\/\/www.uaa.mx\/informacionpublica\/wp-content\/uploads\/2020\/10\/Acta-Recep.-y-Apertura-ITP-E-003-2020-Art.-Promocionales.pdf\">Acta de Apertura<\/a>\u00a0<a href=\"https:\/\/www.uaa.mx\/informacionpublica\/wp-content\/uploads\/2020\/10\/Acta-Recep.-y-Apertura-ITP-E-003-2020-Art.-Promocionales.doc\"><img loading=\"lazy\" decoding=\"async\" class=\"alignnone\" src=\"http:\/\/www.uaa.mx\/transparencia\/iconos\/word.gif\" alt=\"\" width=\"16\" height=\"16\" border=\"0\" \/><\/a><br \/>\n<span><a href=\"https:\/\/www.uaa.mx\/informacionpublica\/wp-content\/uploads\/2020\/10\/Acta-Notificaci\u00f3n-Fallo-ITP-E-003-2020-Art\u00edculos-Promocionales.pdf\">Acta de Fallo<\/a>\u00a0 <a href=\"https:\/\/www.uaa.mx\/informacionpublica\/wp-content\/uploads\/2020\/10\/Acta-Notificaci\u00f3n-Fallo-ITP-E-003-2020-Art\u00edculos-Promocionales.docx\"><img loading=\"lazy\" decoding=\"async\" class=\"lazy lazy-loaded alignnone\" src=\"http:\/\/www.uaa.mx\/transparencia\/iconos\/word.gif\" data-lazy-type=\"image\" data-lazy-src=\"http:\/\/www.uaa.mx\/transparencia\/iconos\/word.gif\" alt=\"\" width=\"16\" height=\"16\" border=\"0\" \/><\/a><\/span><\/p>\n<hr \/>\n<p><strong>ITP E\/901045968-002-2020<\/strong> CONTRATACI\u00d3N DE SERVICIO DE INTEGRACI\u00d3N DE EXPEDIENTES DE LA DIRECCI\u00d3N GENERAL DE INFRAESTRUCTURA UNIVERSITARIA<\/p>\n<p style=\"text-align: center;\"><a href=\"https:\/\/www.uaa.mx\/informacionpublica\/wp-content\/uploads\/2020\/05\/1_Bases_-ITP-002-2020_Integracion_Expedientes.pdf\">Bases de la Licitaci\u00f3n<\/a>\u00a0<a href=\"https:\/\/www.uaa.mx\/informacionpublica\/wp-content\/uploads\/2020\/05\/1_Bases_-ITP-002-2020_Integracion_Expedientes.docx\" target=\"_blank\" rel=\"noopener noreferrer\"><img loading=\"lazy\" decoding=\"async\" class=\"alignnone\" src=\"http:\/\/www.uaa.mx\/transparencia\/iconos\/word.gif\" alt=\"\" width=\"16\" height=\"16\" border=\"0\" \/><\/a><br \/>\n<a href=\"https:\/\/www.uaa.mx\/informacionpublica\/wp-content\/uploads\/2020\/05\/2_Junta_Aclaraciones_ITP_E_002_2020_Integracion_Expedientes_DGIU.pdf\">Junta de Aclaraciones<\/a>\u00a0<a href=\"https:\/\/www.uaa.mx\/informacionpublica\/wp-content\/uploads\/2020\/05\/2_Junta_Aclaraciones_ITP_E_002_2020_Integracion_Expedientes_DGIU.doc\" target=\"_blank\" rel=\"noopener noreferrer\"><img loading=\"lazy\" decoding=\"async\" class=\"alignnone\" src=\"http:\/\/www.uaa.mx\/transparencia\/iconos\/word.gif\" alt=\"\" width=\"16\" height=\"16\" border=\"0\" \/><\/a><br \/>\n<a href=\"https:\/\/www.uaa.mx\/informacionpublica\/wp-content\/uploads\/2020\/05\/3_Acta_apertura_ITP_E_002_2020_Integracion_Expedientes_DGIU.pdf\">Acta de Apertura<\/a>\u00a0<a href=\"https:\/\/www.uaa.mx\/informacionpublica\/wp-content\/uploads\/2020\/05\/3_Acta_apertura_ITP_E_002_2020_Integracion_Expedientes_DGIU.doc\" target=\"_blank\" rel=\"noopener noreferrer\"><img loading=\"lazy\" decoding=\"async\" class=\"alignnone\" src=\"http:\/\/www.uaa.mx\/transparencia\/iconos\/word.gif\" alt=\"\" width=\"16\" height=\"16\" border=\"0\" \/><\/a><br \/>\n<span><a href=\"https:\/\/www.uaa.mx\/informacionpublica\/wp-content\/uploads\/2020\/05\/4_Fallo_ITP_E_002_2020_Integracion_Expedientes_DGIU.pdf\">Acta de Fallo<\/a>\u00a0<a href=\"https:\/\/www.uaa.mx\/informacionpublica\/wp-content\/uploads\/2020\/05\/4_Fallo_ITP_E_002_2020_Integracion_Expedientes_DGIU.docx\"><img loading=\"lazy\" decoding=\"async\" class=\"lazy lazy-loaded alignnone\" src=\"http:\/\/www.uaa.mx\/transparencia\/iconos\/word.gif\" data-lazy-type=\"image\" data-lazy-src=\"http:\/\/www.uaa.mx\/transparencia\/iconos\/word.gif\" alt=\"\" width=\"16\" height=\"16\" border=\"0\" \/><\/a><\/span><\/p>\n","protected":false},"excerpt":{"rendered":"<p>ITP E 901045968-007-2020 ADQUISICI\u00d3N E INSTALACI\u00d3N DE SISTEMA INTEGRAL DE VIDEOVIGILANCIA Y CONTROL DE ACCESOS EN CADA UNO DE LOS CAMPUS DE LA INSTITUCI\u00d3N, PARA EL DEPARTAMENTO DE VIGILANCIA DE LA DGIU DE LA\u00a0\u00a0UNIVERSIDAD AUT\u00d3NOMA DE AGUASCALIENTES Bases de la Licitaci\u00f3n\u00a0 Junta de Aclaraciones\u00a0 Acta de Apertura Acta de Fallo\u00a0 [&hellip;]<\/p>\n","protected":false},"author":2,"featured_media":0,"parent":8662,"menu_order":2,"comment_status":"closed","ping_status":"closed","template":"","meta":{"footnotes":""},"class_list":["post-8698","page","type-page","status-publish","hentry"],"_links":{"self":[{"href":"https:\/\/www.uaa.mx\/informacionpublica\/wp-json\/wp\/v2\/pages\/8698","targetHints":{"allow":["GET"]}}],"collection":[{"href":"https:\/\/www.uaa.mx\/informacionpublica\/wp-json\/wp\/v2\/pages"}],"about":[{"href":"https:\/\/www.uaa.mx\/informacionpublica\/wp-json\/wp\/v2\/types\/page"}],"author":[{"embeddable":true,"href":"https:\/\/www.uaa.mx\/informacionpublica\/wp-json\/wp\/v2\/users\/2"}],"replies":[{"embeddable":true,"href":"https:\/\/www.uaa.mx\/informacionpublica\/wp-json\/wp\/v2\/comments?post=8698"}],"version-history":[{"count":2,"href":"https:\/\/www.uaa.mx\/informacionpublica\/wp-json\/wp\/v2\/pages\/8698\/revisions"}],"predecessor-version":[{"id":8721,"href":"https:\/\/www.uaa.mx\/informacionpublica\/wp-json\/wp\/v2\/pages\/8698\/revisions\/8721"}],"up":[{"embeddable":true,"href":"https:\/\/www.uaa.mx\/informacionpublica\/wp-json\/wp\/v2\/pages\/8662"}],"wp:attachment":[{"href":"https:\/\/www.uaa.mx\/informacionpublica\/wp-json\/wp\/v2\/media?parent=8698"}],"curies":[{"name":"wp","href":"https:\/\/api.w.org\/{rel}","templated":true}]}}