{"id":8916,"date":"2023-02-02T19:30:02","date_gmt":"2023-02-02T19:30:02","guid":{"rendered":"https:\/\/www.uaa.mx\/informacionpublica\/?page_id=8916"},"modified":"2024-02-09T20:40:40","modified_gmt":"2024-02-09T20:40:40","slug":"invitacion-a-cuando-menos-tres-personas","status":"publish","type":"page","link":"https:\/\/www.uaa.mx\/informacionpublica\/transparencia-proactiva\/convocatorias-para-adquisiciones-de-bienes-y-servicios\/ejercicio-2023-3\/invitacion-a-cuando-menos-tres-personas\/","title":{"rendered":"INVITACI\u00d3N A CUANDO MENOS TRES PERSONAS"},"content":{"rendered":"<p><strong>ITP 901045968-003-2023 <\/strong>ADQUISICI\u00d3N DE EQUIPOS PARA EL DEPARTAMENTO DE BIOLOG\u00cdA DEL CENTRO DE CIENCIAS B\u00c1SICAS DE LA UNIVERSIDAD AUT\u00d3NOMA DE AGUASCALIENTES<\/p>\n<p style=\"text-align: center;\"><a href=\"https:\/\/www.uaa.mx\/informacionpublica\/wp-content\/uploads\/2023\/06\/Convocatoria-ITP-003-2023-1.pdf\">Bases de Licitaci\u00f3n<\/a> <a href=\"https:\/\/www.uaa.mx\/informacionpublica\/wp-content\/uploads\/2023\/06\/Convocatoria-ITP-003-2023-1.docx\"><img loading=\"lazy\" decoding=\"async\" class=\"alignnone\" src=\"http:\/\/www.uaa.mx\/transparencia\/iconos\/word.gif\" alt=\"Convocatoria ITP 003-2023\" width=\"16\" height=\"16\" border=\"0\" \/><\/a><br \/>\n<a href=\"https:\/\/www.uaa.mx\/informacionpublica\/wp-content\/uploads\/2023\/06\/J.A.-ITP-003-2023-D-Biologia-CCB.pdf\">Junta de Aclaraciones<\/a> <a href=\"https:\/\/www.uaa.mx\/informacionpublica\/wp-content\/uploads\/2023\/06\/J.A.-ITP-003-2023-D-Biologia-CCB.doc\"><img loading=\"lazy\" decoding=\"async\" class=\"alignnone\" src=\"http:\/\/www.uaa.mx\/transparencia\/iconos\/word.gif\" alt=\"J.A. ITP 003-2023 D Biolog\u00eda CCB\" width=\"16\" height=\"16\" border=\"0\" \/><\/a><br \/>\n<a href=\"https:\/\/www.uaa.mx\/informacionpublica\/wp-content\/uploads\/2023\/06\/RyA-ITP-003-2023.pdf\">Acta de Apertura<\/a> <a href=\"https:\/\/www.uaa.mx\/informacionpublica\/wp-content\/uploads\/2023\/06\/RyA-ITP-003-2023.doc\"><img loading=\"lazy\" decoding=\"async\" class=\"alignnone\" src=\"http:\/\/www.uaa.mx\/transparencia\/iconos\/word.gif\" alt=\"RyA ITP 003-2023\" width=\"16\" height=\"16\" border=\"0\" \/><\/a><br \/>\n<a href=\"https:\/\/www.uaa.mx\/informacionpublica\/wp-content\/uploads\/2023\/07\/Fallo-ITP-003-2023.pdf\">Acta de Fallo<\/a> <a href=\"https:\/\/www.uaa.mx\/informacionpublica\/wp-content\/uploads\/2023\/07\/Fallo-ITP-003-2023.docx\"><img loading=\"lazy\" decoding=\"async\" class=\"alignnone\" src=\"http:\/\/www.uaa.mx\/transparencia\/iconos\/word.gif\" alt=\"Fallo ITP 003-2023\" width=\"16\" height=\"16\" border=\"0\" \/><\/a><\/p>\n<hr \/>\n<p><strong>ITP 901045968-002-2023 <\/strong>ADQUISICI\u00d3N DE C\u00c1MARA H\u00cdPER ESPECTRAL PARA EL DEPARTAMENTO DE INGENIER\u00cdA BIOM\u00c9DICA DEL CENTRO DE CIENCIAS DE LA INGENIER\u00cdA DE LA UNIVERSIDAD AUT\u00d3NOMA DE AGUASCALIENTES (SEGUNDA CONVOCATORIA)<\/p>\n<p style=\"text-align: center;\"><a href=\"https:\/\/www.uaa.mx\/informacionpublica\/wp-content\/uploads\/2023\/06\/Convocatoria-ITP-002-2023-1.pdf\">Bases de Licitaci\u00f3n<\/a> <a href=\"https:\/\/www.uaa.mx\/informacionpublica\/wp-content\/uploads\/2023\/06\/Convocatoria-ITP-002-2023-1.docx\"><img loading=\"lazy\" decoding=\"async\" class=\"alignnone\" src=\"http:\/\/www.uaa.mx\/transparencia\/iconos\/word.gif\" alt=\"Convocatoria ITP 002-2023\" width=\"16\" height=\"16\" border=\"0\" \/><\/a><br \/>\n<a href=\"https:\/\/www.uaa.mx\/informacionpublica\/wp-content\/uploads\/2023\/06\/J.A.-ITP-002-2023.pdf\">Junta de Aclaraciones<\/a> <a href=\"https:\/\/www.uaa.mx\/informacionpublica\/wp-content\/uploads\/2023\/06\/J.A.-ITP-002-2023.doc\"><img loading=\"lazy\" decoding=\"async\" class=\"alignnone\" src=\"http:\/\/www.uaa.mx\/transparencia\/iconos\/word.gif\" alt=\"J.A. ITP 002-2023\" width=\"16\" height=\"16\" border=\"0\" \/><\/a><br \/>\n<a href=\"https:\/\/www.uaa.mx\/informacionpublica\/wp-content\/uploads\/2023\/06\/Acta-de-RyA-ITP-002-2023.pdf\">Acta de Apertura<\/a> <a href=\"https:\/\/www.uaa.mx\/informacionpublica\/wp-content\/uploads\/2023\/06\/Acta-de-RyA-ITP-002-2023.doc\"><img loading=\"lazy\" decoding=\"async\" class=\"alignnone\" src=\"http:\/\/www.uaa.mx\/transparencia\/iconos\/word.gif\" alt=\"Acta de RyA ITP 002-2023\" width=\"16\" height=\"16\" border=\"0\" \/><\/a><br \/>\n<a href=\"https:\/\/www.uaa.mx\/informacionpublica\/wp-content\/uploads\/2023\/06\/Fallo-ITP-002-2023.pdf\">Acta de Fallo<\/a> <a href=\"https:\/\/www.uaa.mx\/informacionpublica\/wp-content\/uploads\/2023\/06\/Fallo-ITP-002-2023.docx\"><img loading=\"lazy\" decoding=\"async\" class=\"alignnone\" src=\"http:\/\/www.uaa.mx\/transparencia\/iconos\/word.gif\" alt=\"Fallo ITP 002-2023\" width=\"16\" height=\"16\" border=\"0\" \/><\/a><\/p>\n<hr \/>\n<p><strong>ITP 901045968-001-2023 <\/strong>ADQUISICI\u00d3N DE C\u00c1MARA H\u00cdPER ESPECTRAL PARA EL DEPARTAMENTO DE INGENIER\u00cdA BIOM\u00c9DICA DEL CENTRO DE CIENCIAS DE LA INGENIER\u00cdA DE LA UNIVERSIDAD AUT\u00d3NOMA DE AGUASCALIENTES<\/p>\n<p style=\"text-align: center;\"><a href=\"https:\/\/www.uaa.mx\/informacionpublica\/wp-content\/uploads\/2023\/05\/Convocatoria-ITP-001-2023.pdf\">Bases de Licitaci\u00f3n<\/a> <a href=\"https:\/\/www.uaa.mx\/informacionpublica\/wp-content\/uploads\/2023\/05\/Convocatoria-ITP-001-2023.docx\"><img loading=\"lazy\" decoding=\"async\" class=\"alignnone\" src=\"http:\/\/www.uaa.mx\/transparencia\/iconos\/word.gif\" alt=\"Convocatoria ITP 001-2023\" width=\"16\" height=\"16\" border=\"0\" \/><\/a><br \/>\n<a href=\"https:\/\/www.uaa.mx\/informacionpublica\/wp-content\/uploads\/2023\/05\/J.A.-ITP-001-2023.pdf\">Junta de Aclaraciones<\/a> <a href=\"https:\/\/www.uaa.mx\/informacionpublica\/wp-content\/uploads\/2023\/05\/J.A.-ITP-001-2023.doc\"><img loading=\"lazy\" decoding=\"async\" class=\"alignnone\" src=\"http:\/\/www.uaa.mx\/transparencia\/iconos\/word.gif\" alt=\"J.A. ITP 001-2023\" width=\"16\" height=\"16\" border=\"0\" \/><\/a><br \/>\n<a href=\"https:\/\/www.uaa.mx\/informacionpublica\/wp-content\/uploads\/2023\/05\/Acta-de-RyA-ITP-001-2023.pdf\">Acta de Apertura<\/a> <a href=\"https:\/\/www.uaa.mx\/informacionpublica\/wp-content\/uploads\/2023\/05\/Acta-de-RyA-ITP-001-2023.doc\"><img loading=\"lazy\" decoding=\"async\" class=\"alignnone\" src=\"http:\/\/www.uaa.mx\/transparencia\/iconos\/word.gif\" alt=\"Acta de RyA ITP 001-2023\" width=\"16\" height=\"16\" border=\"0\" \/><\/a><br \/>\n<a href=\"https:\/\/www.uaa.mx\/informacionpublica\/wp-content\/uploads\/2023\/06\/Fallo-ITP-001-2023.pdf\">Acta de Fallo<\/a> <a href=\"https:\/\/www.uaa.mx\/informacionpublica\/wp-content\/uploads\/2023\/06\/Fallo-ITP-001-2023.docx\"><img loading=\"lazy\" decoding=\"async\" class=\"alignnone\" src=\"http:\/\/www.uaa.mx\/transparencia\/iconos\/word.gif\" alt=\"Fallo ITP 001-2023\" width=\"16\" height=\"16\" border=\"0\" \/><\/a><\/p>\n<hr \/>\n<p><strong>ITP E\/901045968-002-2023 <\/strong>ADQUISICI\u00d3N DE MADERA PARA EL AUDITORIO PEDRO DE ALBA, DEPARTAMENTO DE MANTENIMIENTO DE LA DIRECCI\u00d3N GENERAL DE INFRAESTRUCTURA UNIVERSITARIA DE LA UNIVERSIDAD AUT\u00d3NOMA DE AGUASCALIENTES. 2DA CONVOCATORIA<\/p>\n<p style=\"text-align: center;\"><a href=\"https:\/\/www.uaa.mx\/informacionpublica\/wp-content\/uploads\/2023\/05\/Conv-ITP-E-002-2023.pdf\">Bases de Licitaci\u00f3n<\/a> <a href=\"https:\/\/www.uaa.mx\/informacionpublica\/wp-content\/uploads\/2023\/05\/Conv-ITP-E-002-2023.docx\"><img loading=\"lazy\" decoding=\"async\" class=\"alignnone\" src=\"http:\/\/www.uaa.mx\/transparencia\/iconos\/word.gif\" alt=\"Conv ITP E 002-2023\" width=\"16\" height=\"16\" border=\"0\" \/><\/a><br \/>\n<a href=\"https:\/\/www.uaa.mx\/informacionpublica\/wp-content\/uploads\/2023\/05\/J.A.-ITP-E-002-2023.pdf\">Junta de Aclaraciones<\/a> <a href=\"https:\/\/www.uaa.mx\/informacionpublica\/wp-content\/uploads\/2023\/05\/J.A.-ITP-E-002-2023.doc\"><img loading=\"lazy\" decoding=\"async\" class=\"alignnone\" src=\"http:\/\/www.uaa.mx\/transparencia\/iconos\/word.gif\" alt=\"J.A. ITP E 002-2023\" width=\"16\" height=\"16\" border=\"0\" \/><\/a><br \/>\n<a href=\"https:\/\/www.uaa.mx\/informacionpublica\/wp-content\/uploads\/2023\/05\/Recep.-y-Ap.-ITP-E-002-2023.pdf\">Acta de Apertura<\/a> <a href=\"https:\/\/www.uaa.mx\/informacionpublica\/wp-content\/uploads\/2023\/05\/Recep.-y-Ap.-ITP-E-002-2023.doc\"><img loading=\"lazy\" decoding=\"async\" class=\"alignnone\" src=\"http:\/\/www.uaa.mx\/transparencia\/iconos\/word.gif\" alt=\"Recep. y Ap. ITP E 002-2023\" width=\"16\" height=\"16\" border=\"0\" \/><\/a><br \/>\n<a href=\"https:\/\/www.uaa.mx\/informacionpublica\/wp-content\/uploads\/2023\/05\/Recep.-y-Ap.-ITP-E-002-2023.pdf\">Acta de Fallo<\/a> <a href=\"https:\/\/www.uaa.mx\/informacionpublica\/wp-content\/uploads\/2023\/05\/Acta-Fallo-ITP-E-002-2023.docx\"><img loading=\"lazy\" decoding=\"async\" class=\"alignnone\" src=\"http:\/\/www.uaa.mx\/transparencia\/iconos\/word.gif\" alt=\"Recep. y Ap. ITP E 002-2023\" width=\"16\" height=\"16\" border=\"0\" \/><\/a><\/p>\n<hr \/>\n<p><strong>ITP E\/901045968-001-2023<\/strong> ADQUISICI\u00d3N DE MADERA PARA EL AUDITORIO PEDRO DE ALBA, DEPARTAMENTO DE MANTENIMIENTO DE LA DIRECCI\u00d3N GENERAL DE INFRAESTRUCTURA UNIVERSITARIA DE LA UNIVERSIDAD AUT\u00d3NOMA DE AGUASCALIENTES<\/p>\n<p style=\"text-align: center;\"><a href=\"https:\/\/www.uaa.mx\/informacionpublica\/wp-content\/uploads\/2023\/04\/Conv-ITP-E-001-2023.pdf\">Bases de Licitaci\u00f3n<\/a> <a href=\"https:\/\/www.uaa.mx\/informacionpublica\/wp-content\/uploads\/2023\/04\/Conv-ITP-E-001-2023.docx\"><img loading=\"lazy\" decoding=\"async\" class=\"alignnone\" src=\"http:\/\/www.uaa.mx\/transparencia\/iconos\/word.gif\" alt=\"Conv ITP E 001-2023\" width=\"16\" height=\"16\" border=\"0\" \/><\/a><br \/>\n<a href=\"https:\/\/www.uaa.mx\/informacionpublica\/wp-content\/uploads\/2023\/05\/J.A.-ITP-E-001-2023.pdf\">Junta de Aclaraciones<\/a> <a href=\"https:\/\/www.uaa.mx\/informacionpublica\/wp-content\/uploads\/2023\/05\/J.A.-ITP-E-001-2023.doc\"><img loading=\"lazy\" decoding=\"async\" class=\"alignnone\" src=\"http:\/\/www.uaa.mx\/transparencia\/iconos\/word.gif\" alt=\"J.A. ITP E 001-2023\" width=\"16\" height=\"16\" border=\"0\" \/><\/a><br \/>\n<a href=\"https:\/\/www.uaa.mx\/informacionpublica\/wp-content\/uploads\/2023\/05\/Recep.-y-Ap.-ITP-E-001-2023.pdf\">Acta de Apertura<\/a> <a href=\"https:\/\/www.uaa.mx\/informacionpublica\/wp-content\/uploads\/2023\/05\/Recep.-y-Ap.-ITP-E-001-2023.doc\"><img loading=\"lazy\" decoding=\"async\" class=\"alignnone\" src=\"http:\/\/www.uaa.mx\/transparencia\/iconos\/word.gif\" alt=\"Recep. y Ap. ITP E 001-2023\" width=\"16\" height=\"16\" border=\"0\" \/><\/a><br \/>\n<a href=\"https:\/\/www.uaa.mx\/informacionpublica\/wp-content\/uploads\/2023\/05\/Acta-Fallo-ITP-E-001-2023.pdf\">Acta de Fallo<\/a> <a href=\"https:\/\/www.uaa.mx\/informacionpublica\/wp-content\/uploads\/2023\/05\/Acta-Fallo-ITP-E-001-2023.docx\"><img loading=\"lazy\" decoding=\"async\" class=\"alignnone\" src=\"http:\/\/www.uaa.mx\/transparencia\/iconos\/word.gif\" alt=\"Acta Fallo ITP E 001-2023\" width=\"16\" height=\"16\" border=\"0\" \/><\/a><\/p>\n","protected":false},"excerpt":{"rendered":"<p>ITP 901045968-003-2023 ADQUISICI\u00d3N DE EQUIPOS PARA EL DEPARTAMENTO DE BIOLOG\u00cdA DEL CENTRO DE CIENCIAS B\u00c1SICAS DE LA UNIVERSIDAD AUT\u00d3NOMA DE AGUASCALIENTES Bases de Licitaci\u00f3n Junta de Aclaraciones Acta de Apertura Acta de Fallo ITP 901045968-002-2023 ADQUISICI\u00d3N DE C\u00c1MARA H\u00cdPER ESPECTRAL PARA EL DEPARTAMENTO DE INGENIER\u00cdA BIOM\u00c9DICA DEL CENTRO DE CIENCIAS [&hellip;]<\/p>\n","protected":false},"author":4,"featured_media":0,"parent":8909,"menu_order":3,"comment_status":"closed","ping_status":"closed","template":"","meta":{"footnotes":""},"class_list":["post-8916","page","type-page","status-publish","hentry"],"_links":{"self":[{"href":"https:\/\/www.uaa.mx\/informacionpublica\/wp-json\/wp\/v2\/pages\/8916","targetHints":{"allow":["GET"]}}],"collection":[{"href":"https:\/\/www.uaa.mx\/informacionpublica\/wp-json\/wp\/v2\/pages"}],"about":[{"href":"https:\/\/www.uaa.mx\/informacionpublica\/wp-json\/wp\/v2\/types\/page"}],"author":[{"embeddable":true,"href":"https:\/\/www.uaa.mx\/informacionpublica\/wp-json\/wp\/v2\/users\/4"}],"replies":[{"embeddable":true,"href":"https:\/\/www.uaa.mx\/informacionpublica\/wp-json\/wp\/v2\/comments?post=8916"}],"version-history":[{"count":30,"href":"https:\/\/www.uaa.mx\/informacionpublica\/wp-json\/wp\/v2\/pages\/8916\/revisions"}],"predecessor-version":[{"id":10752,"href":"https:\/\/www.uaa.mx\/informacionpublica\/wp-json\/wp\/v2\/pages\/8916\/revisions\/10752"}],"up":[{"embeddable":true,"href":"https:\/\/www.uaa.mx\/informacionpublica\/wp-json\/wp\/v2\/pages\/8909"}],"wp:attachment":[{"href":"https:\/\/www.uaa.mx\/informacionpublica\/wp-json\/wp\/v2\/media?parent=8916"}],"curies":[{"name":"wp","href":"https:\/\/api.w.org\/{rel}","templated":true}]}}