{"id":4,"date":"2010-03-08T19:24:28","date_gmt":"2010-03-08T19:24:28","guid":{"rendered":"http:\/\/www.uaa.mx\/rectoria\/dcrp\/?page_id=4"},"modified":"2026-01-14T13:41:47","modified_gmt":"2026-01-14T19:41:47","slug":"directorio","status":"publish","type":"page","link":"https:\/\/www.uaa.mx\/rectoria\/dcrp\/?page_id=4","title":{"rendered":"Directorio"},"content":{"rendered":"<p style=\"text-align: center;\"><strong>Rector\u00eda<\/strong><\/p>\n<p style=\"text-align: center;\">Mtro. en D. Juan Carlos Arredondo Hern\u00e1ndez<\/p>\n<p style=\"text-align: center;\"><a href=\"mailto:rector.carlos.arredondo@edu.uaa.mx\">rector.carlos.arredondo@edu.uaa.mx<\/a><\/p>\n<p style=\"text-align: center;\">Av. Universidad No. 940, Edificio Acad\u00e9mico Administrativo, Piso 11<\/p>\n<p style=\"text-align: center;\">Tel. 449-910-74-10, 449-910-74-00<\/p>\n<p style=\"text-align: center;\">Fax 449-910-74-09<\/p>\n<p style=\"text-align: center;\">Ext. 10013, 10014<\/p>\n<p>&nbsp;<\/p>\n<p style=\"text-align: center;\"><strong>Secretaria Particular<\/strong><\/p>\n<p style=\"text-align: center;\"><span>Mtra. Lorena Olvera De la Torre<\/span><\/p>\n<p style=\"text-align: center;\"><a href=\"mailto:lorena.olveradelatorre@edu.uaa.mx\">lorena.olveradelatorre@edu.uaa.mx<\/a><\/p>\n<p style=\"text-align: center;\">Av. Universidad No. 940, Edificio Acad\u00e9mico Administrativo, Piso 11<\/p>\n<p style=\"text-align: center;\">Tel. 449-910-74-00<\/p>\n<p style=\"text-align: center;\">Ext. 10012, 10014,\u00a010015<\/p>\n<p>&nbsp;<\/p>\n<p style=\"text-align: center;\"><strong>Asistente<\/strong><\/p>\n<p style=\"text-align: center;\">Tel. 449-910-74-08<\/p>\n<p style=\"text-align: center;\">Ext. \u00a010012<\/p>\n<p>&nbsp;<\/p>\n<p style=\"text-align: center;\"><strong>Recepci\u00f3n<\/strong><\/p>\n<p style=\"text-align: center;\">Tel. 449-910-74-00<\/p>\n<p style=\"text-align: center;\">Ext. 10014<\/p>\n<p>&nbsp;<\/p>\n<p style=\"text-align: center;\"><strong>Depto. de Comunicaci\u00f3n y Relaciones P\u00fablicas<\/strong><\/p>\n<p style=\"text-align: center;\">MCEA. Lilia Ivette Miranda Cueto<br \/>\n<a href=\"mailto:ivette.miranda@edu.uaa.mx\">ivette.miranda@edu.uaa.mx<\/a><\/p>\n<p style=\"text-align: center;\">Edificio Acad\u00e9mico y Administrativo piso 3<br \/>\nTel. 449-910-74-00<br \/>\nExt.\u00a010112<\/p>\n<p>&nbsp;<\/p>\n<p style=\"text-align: center;\"><strong>Secci\u00f3n de Protocolo y eventos\u00a0<\/strong><\/p>\n<p style=\"text-align: center;\">Tel. 449-910-74-04, 449-910-74-00<br \/>\n<i class=\"fa fa-phone-square\"><\/i><\/p>\n<p style=\"text-align: center;\">\u00a0Ext. 10122, 10115, 10116 y 10117<\/p>\n<p>&nbsp;<\/p>\n<p style=\"text-align: center;\"><strong>Secci\u00f3n de Informaci\u00f3n (prensa)<\/strong><\/p>\n<p style=\"text-align: center;\">Tel. 449-910-74-03, 449-910-74-00<\/p>\n<p style=\"text-align: center;\">Ext. 10119, 10113, 10120 y 10121<\/p>\n<p>&nbsp;<\/p>\n<p style=\"text-align: center;\"><strong>Secci\u00f3n de Video Producci\u00f3n<\/strong><\/p>\n<p style=\"text-align: center;\">Tel. 449-910-74-00<\/p>\n<p style=\"text-align: center;\">Ext. 10124<\/p>\n<p>&nbsp;<\/p>\n<p style=\"text-align: center;\"><strong>Secci\u00f3n de Comunicaci\u00f3n Institucional<\/strong><\/p>\n<p style=\"text-align: center;\">Tel. 449-910-74-00<\/p>\n<p style=\"text-align: center;\">Ext. 10123, 10114<\/p>\n","protected":false},"excerpt":{"rendered":"<p>Rector\u00eda Mtro. en D. Juan Carlos Arredondo Hern\u00e1ndez rector.carlos.arredondo@edu.uaa.mx Av. Universidad No. 940, Edificio Acad\u00e9mico Administrativo, Piso 11 Tel. 449-910-74-10, 449-910-74-00 Fax 449-910-74-09 Ext. 10013, 10014 &nbsp; Secretaria Particular Mtra. Lorena Olvera De la Torre lorena.olveradelatorre@edu.uaa.mx Av. Universidad No. 940, Edificio Acad\u00e9mico Administrativo, Piso 11 Tel. 449-910-74-00 Ext. 10012, 10014,\u00a010015 [&hellip;]<\/p>\n","protected":false},"author":4,"featured_media":0,"parent":0,"menu_order":0,"comment_status":"closed","ping_status":"closed","template":"","meta":{"_acf_changed":false,"footnotes":""},"class_list":["post-4","page","type-page","status-publish","hentry"],"acf":[],"_links":{"self":[{"href":"https:\/\/www.uaa.mx\/rectoria\/dcrp\/index.php?rest_route=\/wp\/v2\/pages\/4","targetHints":{"allow":["GET"]}}],"collection":[{"href":"https:\/\/www.uaa.mx\/rectoria\/dcrp\/index.php?rest_route=\/wp\/v2\/pages"}],"about":[{"href":"https:\/\/www.uaa.mx\/rectoria\/dcrp\/index.php?rest_route=\/wp\/v2\/types\/page"}],"author":[{"embeddable":true,"href":"https:\/\/www.uaa.mx\/rectoria\/dcrp\/index.php?rest_route=\/wp\/v2\/users\/4"}],"replies":[{"embeddable":true,"href":"https:\/\/www.uaa.mx\/rectoria\/dcrp\/index.php?rest_route=%2Fwp%2Fv2%2Fcomments&post=4"}],"version-history":[{"count":22,"href":"https:\/\/www.uaa.mx\/rectoria\/dcrp\/index.php?rest_route=\/wp\/v2\/pages\/4\/revisions"}],"predecessor-version":[{"id":46689,"href":"https:\/\/www.uaa.mx\/rectoria\/dcrp\/index.php?rest_route=\/wp\/v2\/pages\/4\/revisions\/46689"}],"wp:attachment":[{"href":"https:\/\/www.uaa.mx\/rectoria\/dcrp\/index.php?rest_route=%2Fwp%2Fv2%2Fmedia&parent=4"}],"curies":[{"name":"wp","href":"https:\/\/api.w.org\/{rel}","templated":true}]}}