{"id":4,"date":"2022-05-26T17:19:43","date_gmt":"2022-05-26T17:19:43","guid":{"rendered":"https:\/\/www.uaa.mx\/sgc\/?page_id=2"},"modified":"2025-10-22T07:54:57","modified_gmt":"2025-10-22T13:54:57","slug":"pagina-ejemplo","status":"publish","type":"page","link":"https:\/\/www.uaa.mx\/sgi\/","title":{"rendered":""},"content":{"rendered":"<div\n\tclass=\"alignwide alignwide wp-block-evb-slider\"\tid='evssSlider-1'\n\tdata-attributes='{&quot;slides&quot;:[{&quot;background&quot;:&quot;background: url(https:\\\/\\\/www.uaa.mx\\\/sgi\\\/wp-content\\\/uploads\\\/2023\\\/08\\\/SGI-WEB-PORTADA.jpg) center center \\\/ auto no-repeat;;;;;;;;;;;;;;;;;;;;;;;;;;;;;;;;;;;;;;;;;;;&quot;,&quot;content&quot;:&quot;&quot;,&quot;contentStyle&quot;:{&quot;color&quot;:&quot;&quot;,&quot;bg&quot;:&quot;background-color: #0000;&quot;}},{&quot;background&quot;:&quot;background: url(https:\\\/\\\/www.uaa.mx\\\/sgi\\\/wp-content\\\/uploads\\\/2024\\\/04\\\/RESIDUOS_SGI.jpg) top right \\\/ cover no-repeat;;;;;&quot;,&quot;content&quot;:&quot;&quot;,&quot;contentStyle&quot;:{&quot;color&quot;:&quot;&quot;,&quot;bg&quot;:&quot;background-color: #0000;&quot;}},{&quot;background&quot;:&quot;background: url(https:\\\/\\\/www.uaa.mx\\\/sgi\\\/wp-content\\\/uploads\\\/2025\\\/01\\\/SGI-Portada-scaled.jpg) center center \\\/ cover no-repeat;;;;;;&quot;,&quot;content&quot;:&quot;&quot;,&quot;contentStyle&quot;:{&quot;color&quot;:&quot;&quot;,&quot;bg&quot;:&quot;background-color: #0000;&quot;}}],&quot;options&quot;:{&quot;breakpoints&quot;:{&quot;0&quot;:{&quot;slidesPerView&quot;:1,&quot;spaceBetween&quot;:15},&quot;481&quot;:{&quot;slidesPerView&quot;:2,&quot;spaceBetween&quot;:20},&quot;961&quot;:{&quot;slidesPerView&quot;:1,&quot;spaceBetween&quot;:30}},&quot;dir&quot;:&quot;ltr&quot;,&quot;direction&quot;:&quot;horizontal&quot;,&quot;centeredSlides&quot;:false,&quot;initialSlide&quot;:0,&quot;grabCursor&quot;:false,&quot;slideToClickedSlide&quot;:false,&quot;effect&quot;:&quot;slide&quot;,&quot;fadeEffect&quot;:{&quot;crossFade&quot;:false},&quot;cubeEffect&quot;:{&quot;slideShadows&quot;:true,&quot;shadow&quot;:true,&quot;shadowOffset&quot;:20,&quot;shadowScale&quot;:0.94},&quot;flipEffect&quot;:{&quot;slideShadows&quot;:true,&quot;limitRotation&quot;:true},&quot;coverflowEffect&quot;:{&quot;slideShadows&quot;:true,&quot;depth&quot;:100,&quot;rotate&quot;:50,&quot;scale&quot;:1,&quot;stretch&quot;:0,&quot;modifier&quot;:1},&quot;cardsEffect&quot;:{&quot;slideShadows&quot;:true,&quot;rotate&quot;:true,&quot;perSlideOffset&quot;:8,&quot;perSlideRotate&quot;:2},&quot;creativeEffect&quot;:{&quot;prev&quot;:{&quot;translate&quot;:[0,0,0],&quot;rotate&quot;:[0,0,0],&quot;opacity&quot;:1,&quot;scale&quot;:1,&quot;shadow&quot;:true,&quot;origin&quot;:&quot;left bottom&quot;},&quot;next&quot;:{&quot;translate&quot;:[0,0,0],&quot;rotate&quot;:[0,0,0],&quot;opacity&quot;:1,&quot;scale&quot;:1,&quot;shadow&quot;:true,&quot;origin&quot;:&quot;left bottom&quot;},&quot;limitProgress&quot;:1,&quot;perspective&quot;:true,&quot;progressMultiplier&quot;:1,&quot;shadowPerProgress&quot;:false},&quot;speed&quot;:400,&quot;timingFunction&quot;:&quot;cubic-bezier(0.42, 0, 1.0, 1.0)&quot;,&quot;loop&quot;:{&quot;mode&quot;:&quot;loop&quot;,&quot;addBlankSlides&quot;:false,&quot;additionalSlides&quot;:0},&quot;autoplay&quot;:{&quot;enabled&quot;:true,&quot;delay&quot;:3000,&quot;pauseOnMouseEnter&quot;:false,&quot;disableOnInteraction&quot;:true,&quot;reverseDirection&quot;:false,&quot;stopOnLastSlide&quot;:false},&quot;navigation&quot;:{&quot;enabled&quot;:true,&quot;hideOnClick&quot;:false},&quot;pagination&quot;:{&quot;enabled&quot;:true,&quot;hideOnClick&quot;:false,&quot;type&quot;:&quot;bullets&quot;,&quot;clickable&quot;:true,&quot;dynamicBullets&quot;:false,&quot;dynamicMainBullets&quot;:1,&quot;progressbarOpposite&quot;:false},&quot;scrollbar&quot;:{&quot;enabled&quot;:false,&quot;draggable&quot;:false,&quot;hide&quot;:true,&quot;snapOnRelease&quot;:false},&quot;freeMode&quot;:{&quot;enabled&quot;:false,&quot;sticky&quot;:false,&quot;momentum&quot;:true,&quot;momentumRatio&quot;:1,&quot;minimumVelocity&quot;:0.02,&quot;momentumVelocityRatio&quot;:1,&quot;momentumBounce&quot;:true,&quot;momentumBounceRatio&quot;:1},&quot;keyboard&quot;:{&quot;enabled&quot;:false,&quot;onlyInViewport&quot;:true,&quot;pageUpDown&quot;:false},&quot;mousewheel&quot;:{&quot;enabled&quot;:false,&quot;forceToAxis&quot;:false,&quot;invert&quot;:false,&quot;releaseOnEdges&quot;:false,&quot;sensitivity&quot;:1,&quot;thresholdDelta&quot;:null,&quot;thresholdTime&quot;:null},&quot;parallax&quot;:false,&quot;accessibility&quot;:{&quot;enabled&quot;:true},&quot;zoom&quot;:{&quot;toggle&quot;:false,&quot;minRatio&quot;:1,&quot;maxRatio&quot;:3,&quot;limitToOriginalSize&quot;:false}},&quot;design&quot;:{&quot;slide&quot;:{&quot;padding&quot;:&quot;&quot;,&quot;border&quot;:[],&quot;radius&quot;:&quot;&quot;},&quot;content&quot;:{&quot;maxWidth&quot;:&quot;100%&quot;,&quot;textAlign&quot;:&quot;left&quot;,&quot;horizontalAlign&quot;:&quot;start&quot;,&quot;verticalAlign&quot;:&quot;start&quot;,&quot;padding&quot;:&quot;15px 15px 15px 15px&quot;},&quot;creative&quot;:{&quot;preset&quot;:&quot;default&quot;},&quot;navigation&quot;:{&quot;icon&quot;:&quot;chevron&quot;,&quot;iconSize&quot;:36,&quot;placement&quot;:&quot;inside&quot;,&quot;position&quot;:&quot;center&quot;,&quot;color&quot;:&quot;#003374&quot;},&quot;pagination&quot;:{&quot;placement&quot;:&quot;inside&quot;,&quot;side&quot;:&quot;bottom&quot;,&quot;position&quot;:&quot;center&quot;,&quot;width&quot;:&quot;8px&quot;,&quot;height&quot;:&quot;8px&quot;,&quot;radius&quot;:&quot;50%&quot;,&quot;gap&quot;:&quot;8px&quot;,&quot;color&quot;:&quot;#333&quot;,&quot;background&quot;:&quot;#000000&quot;},&quot;scrollbar&quot;:{&quot;position&quot;:&quot;end&quot;,&quot;trackColor&quot;:&quot;#0000001a&quot;,&quot;thumbColor&quot;:&quot;#00000080&quot;}},&quot;align&quot;:&quot;wide&quot;,&quot;layout&quot;:{&quot;width&quot;:{&quot;desktop&quot;:&quot;100%&quot;,&quot;tablet&quot;:&quot;&quot;,&quot;mobile&quot;:&quot;&quot;},&quot;height&quot;:{&quot;desktop&quot;:&quot;350px&quot;,&quot;tablet&quot;:&quot;&quot;,&quot;mobile&quot;:&quot;&quot;},&quot;align&quot;:{&quot;desktop&quot;:&quot;center&quot;,&quot;tablet&quot;:&quot;&quot;,&quot;mobile&quot;:&quot;&quot;}}}'\n>\n\t<div id='evssSlider-1-contents' style='display: none;'>\n\t\t\t\t\t<div id='slideContent-0'><\/div>\n\t\t\t\t\t<div id='slideContent-1'>\n<p><\/p>\n<\/div>\n\t\t\t\t\t<div id='slideContent-2'><\/div>\n\t\t\t<\/div>\n<\/div>\n\n\n<div style=\"height:35px\" aria-hidden=\"true\" class=\"wp-block-spacer\"><\/div>\n\n\n\n<div class=\"wp-block-buttons is-content-justification-center is-layout-flex wp-container-core-buttons-is-layout-749adb30 wp-block-buttons-is-layout-flex\">\n<div class=\"wp-block-button\"><a class=\"wp-block-button__link has-white-color has-black-background-color has-text-color has-background wp-element-button\" href=\"https:\/\/www.uaa.mx\/sgi\/index.php\/documentos-frecuentes\/\" target=\"_blank\" rel=\"noreferrer noopener\"><strong>Documentos Frecuentes<\/strong><\/a><\/div>\n<\/div>\n\n\n\n<div style=\"height:35px\" aria-hidden=\"true\" class=\"wp-block-spacer\"><\/div>\n\n\n\n<div class=\"wp-block-columns is-layout-flex wp-container-core-columns-is-layout-28f84493 wp-block-columns-is-layout-flex\">\n<div class=\"wp-block-column is-vertically-aligned-top is-layout-flow wp-block-column-is-layout-flow\"><div class=\"wp-block-image\">\n<figure class=\"aligncenter size-full\"><a href=\"https:\/\/www.uaa.mx\/sgi\/index.php\/quejas-y-propuestas-de-mejora\/\"><img loading=\"lazy\" decoding=\"async\" width=\"267\" height=\"238\" src=\"https:\/\/www.uaa.mx\/sgi\/wp-content\/uploads\/2024\/08\/buzon-de-quejas.png\" alt=\"\" class=\"wp-image-1843\"\/><\/a><figcaption class=\"wp-element-caption\"><a href=\"https:\/\/www.uaa.mx\/sgi\/index.php\/quejas-y-propuestas-de-mejora\/\"><strong>Quejas y Sugerencias<\/strong><\/a> <\/figcaption><\/figure>\n<\/div><\/div>\n\n\n\n<div class=\"wp-block-column is-vertically-aligned-center is-layout-flow wp-block-column-is-layout-flow\"><div class=\"wp-block-image\">\n<figure class=\"aligncenter size-full\"><a href=\"https:\/\/docsgc.uaa.mx\/\" target=\"_blank\" rel=\"noreferrer noopener\"><img loading=\"lazy\" decoding=\"async\" width=\"267\" height=\"238\" src=\"https:\/\/www.uaa.mx\/sgi\/wp-content\/uploads\/2024\/08\/OWL.png\" alt=\"\" class=\"wp-image-1845\"\/><\/a><figcaption class=\"wp-element-caption\"><a href=\"https:\/\/docsgc.uaa.mx\/\" target=\"_blank\" rel=\"noreferrer noopener\"><strong>Sistema de Control de Informaci\u00f3n Documentada (OWL)<\/strong><\/a><\/figcaption><\/figure>\n<\/div><\/div>\n\n\n\n<div class=\"wp-block-column is-layout-flow wp-block-column-is-layout-flow\"><div class=\"wp-block-image\">\n<figure class=\"aligncenter size-full\"><a href=\"https:\/\/planeacion.uaa.mx\/reportes\/accion.php\" target=\"_blank\" rel=\"noopener\"><img loading=\"lazy\" decoding=\"async\" width=\"267\" height=\"238\" src=\"https:\/\/www.uaa.mx\/sgi\/wp-content\/uploads\/2024\/08\/Acciones_preventivas-1.png\" alt=\"\" class=\"wp-image-1846\"\/><\/a><figcaption class=\"wp-element-caption\"><a rel=\"noreferrer noopener\" href=\"https:\/\/planeacion.uaa.mx\/reportes\/accion.php\" target=\"_blank\"><strong>AC (Sistema de Acciones Correctivas)<\/strong><\/a><\/figcaption><\/figure>\n<\/div><\/div>\n<\/div>\n\n\n\n<div class=\"wp-block-columns is-layout-flex wp-container-core-columns-is-layout-28f84493 wp-block-columns-is-layout-flex\">\n<div class=\"wp-block-column is-vertically-aligned-center is-layout-flow wp-block-column-is-layout-flow\" style=\"padding-right:0;padding-left:0\"><div class=\"wp-block-image\">\n<figure class=\"aligncenter size-full\"><a href=\"https:\/\/sai.uaa.mx\/\" target=\"_blank\" rel=\"noreferrer noopener\"><img loading=\"lazy\" decoding=\"async\" width=\"267\" height=\"238\" src=\"https:\/\/www.uaa.mx\/sgi\/wp-content\/uploads\/2024\/08\/Auditoria_interna.png\" alt=\"\" class=\"wp-image-1847\" style=\"object-fit:cover\"\/><\/a><figcaption class=\"wp-element-caption\"><a href=\"https:\/\/sai.uaa.mx\/\" target=\"_blank\" rel=\"noreferrer noopener\"><strong>SAI (Sistema de Auditor\u00eda Interna)<\/strong><\/a><\/figcaption><\/figure>\n<\/div><\/div>\n\n\n\n<div class=\"wp-block-column is-vertically-aligned-center is-layout-flow wp-block-column-is-layout-flow\"><div class=\"wp-block-image\">\n<figure class=\"aligncenter size-full\"><a href=\"https:\/\/www.uaa.mx\/sgi\/index.php\/avisos\/\"><img loading=\"lazy\" decoding=\"async\" width=\"267\" height=\"238\" src=\"https:\/\/www.uaa.mx\/sgi\/wp-content\/uploads\/2025\/03\/boton-SGI-AVISOS.png\" alt=\"\" class=\"wp-image-2120\" style=\"object-fit:cover\"\/><\/a><figcaption class=\"wp-element-caption\"><a href=\"https:\/\/www.uaa.mx\/sgi\/index.php\/avisos\/\"><strong>Avisos<\/strong><\/a><\/figcaption><\/figure>\n<\/div><\/div>\n<\/div>\n\n\n\n<div style=\"height:30px\" aria-hidden=\"true\" class=\"wp-block-spacer\"><\/div>\n\n\n\n<div style=\"height:60px; width:100%; margin: auto; background-color:rgb(224, 0, 91);\"><\/div>\n\n\n\n<div style=\"height:30px\" aria-hidden=\"true\" class=\"wp-block-spacer\"><\/div>\n\n\n\n<div class=\"wp-block-media-text has-media-on-the-right is-stacked-on-mobile is-vertically-aligned-center\"><div class=\"wp-block-media-text__content\">\n<p class=\"has-large-font-size\">La UAA y su trayectoria en la Certificaci\u00f3n de los Sistemas de Gesti\u00f3n<\/p>\n<\/div><figure class=\"wp-block-media-text__media\"><img loading=\"lazy\" decoding=\"async\" width=\"1024\" height=\"683\" src=\"https:\/\/www.uaa.mx\/sgc\/wp-content\/uploads\/2022\/08\/SGC-Vinculacion-Gestion-Emprendedores-IMG_7924-1024x683.jpg\" alt=\"\" class=\"wp-image-597 size-full\" srcset=\"https:\/\/www.uaa.mx\/sgi\/wp-content\/uploads\/2022\/08\/SGC-Vinculacion-Gestion-Emprendedores-IMG_7924-1024x683.jpg 1024w, https:\/\/www.uaa.mx\/sgi\/wp-content\/uploads\/2022\/08\/SGC-Vinculacion-Gestion-Emprendedores-IMG_7924-300x200.jpg 300w, https:\/\/www.uaa.mx\/sgi\/wp-content\/uploads\/2022\/08\/SGC-Vinculacion-Gestion-Emprendedores-IMG_7924-768x512.jpg 768w, https:\/\/www.uaa.mx\/sgi\/wp-content\/uploads\/2022\/08\/SGC-Vinculacion-Gestion-Emprendedores-IMG_7924-1536x1024.jpg 1536w, https:\/\/www.uaa.mx\/sgi\/wp-content\/uploads\/2022\/08\/SGC-Vinculacion-Gestion-Emprendedores-IMG_7924-2048x1365.jpg 2048w, https:\/\/www.uaa.mx\/sgi\/wp-content\/uploads\/2022\/08\/SGC-Vinculacion-Gestion-Emprendedores-IMG_7924-360x240.jpg 360w\" sizes=\"auto, (max-width: 1024px) 100vw, 1024px\" \/><\/figure><\/div>\n\n\n\n<div style=\"height:30px\" aria-hidden=\"true\" class=\"wp-block-spacer\"><\/div>\n\n\n\n<h1 class=\"wp-block-heading alignfull has-text-align-center has-white-color has-text-color has-background has-medium-font-size\" style=\"background-color:#163072\"><em>SGC<\/em><\/h1>\n\n\n\n<div style=\"height:30px\" aria-hidden=\"true\" class=\"wp-block-spacer\"><\/div>\n\n\n<p style=\"text-align: justify;\">La Universidad Aut\u00f3noma de Aguascalientes, en su b\u00fasqueda hacia la calidad a trav\u00e9s de la mejora y tratando de innovar sus procesos y servicios, comenz\u00f3 la certificaci\u00f3n bajo la Norma ISO 9001:2000 en los procesos del Departamento de Informaci\u00f3n Bibliogr\u00e1fica, Servicios Generales, Control Escolar y Recursos Humanos, en el transcurso de los a\u00f1os 2004 al 2007, gener\u00e1ndose de manera independiente un Sistema de Gesti\u00f3n de la Calidad para cada uno de los Departamentos.<\/p>\n<p style=\"text-align: justify;\">Entre los a\u00f1os 2007 \u2013 2008, derivado del beneficio obtenido en el control de informaci\u00f3n y estandarizaci\u00f3n de los procesos, decide implementar el Sistema de Gesti\u00f3n de Calidad a nivel Institucional de manera paulatina, iniciando con las Direcciones Generales y el Centro Acad\u00e9mico de Ciencias del Dise\u00f1o y de la Construcci\u00f3n, recibiendo as\u00ed la Certificaci\u00f3n bajo el alcance definido en la Norma ISO 9001:2000.<\/p>\n<p style=\"text-align: justify;\">Actualiz\u00e1ndose progresivamente en sus procesos, ahora bajo la Norma ISO 9001:2008 y continuando con la ampliaci\u00f3n del alcance a los dem\u00e1s Centros Acad\u00e9micos, en el a\u00f1o 2013 se otorg\u00f3 la Certificaci\u00f3n del Sistema de Gesti\u00f3n de la Calidad, avalando el 100 por ciento de sus 153 procesos acad\u00e9micos y administrativos, implementados en sus 10 Centros Acad\u00e9micos y 7 Direcciones Generales.<\/p>\n<p style=\"text-align: justify;\">Para los a\u00f1os 2014-2015 se certifica el Sistema de Gesti\u00f3n de la Calidad y se mantiene el cumplimiento a la Norma ISO 9001:2008, mediante evaluaci\u00f3n de Auditor\u00eda Externa por parte de un Organismo Certificador.<\/p>\n<p style=\"text-align: justify;\">Durante los a\u00f1os 2016-2017 se contin\u00faa con la actualizaci\u00f3n de sus procesos bajo la nueva versi\u00f3n de la Norma ISO 9001:2015, empezando con la planeaci\u00f3n, an\u00e1lisis, capacitaci\u00f3n y asesoramiento externo.<\/p>\n<p style=\"text-align: justify;\">En el a\u00f1o 2022, se implementa y obtiene el Certificado del Sistema de Gesti\u00f3n de Calidad bajo la Norma ISO 9001:2015 en los procesos de Ingreso, Permanencia y Egreso del Departamento de Control Escolar.<\/p>\n\n\n<div style=\"height:30px\" aria-hidden=\"true\" class=\"wp-block-spacer\"><\/div>\n\n\n\n<h1 class=\"wp-block-heading alignfull has-text-align-center has-white-color has-text-color has-background has-medium-font-size\" style=\"background-color:#487c00\"><em>SGA<\/em><\/h1>\n\n\n\n<div style=\"height:30px\" aria-hidden=\"true\" class=\"wp-block-spacer\"><\/div>\n\n\n<p style=\"text-align: justify;\">La Universidad Aut\u00f3noma de Aguascalientes comprometida con el cuidado del medio ambiente, identifica los aspectos ambientales (consumo de energ\u00eda el\u00e9ctrica, consumo de agua, generaci\u00f3n de residuos (s\u00f3lidos urbanos y de manejo especial), consumo de papel y manejo de sustancias qu\u00edmicas), de sus actividades, productos y\/o servicios que puede controlar y de aquellos en los que se pueda influir y genera acciones que permitan disminuir el impacto ambiental asociado.<\/p>\n<p style=\"text-align: justify;\">En el a\u00f1o 2013 se inicia con los trabajos e implementaci\u00f3n de un Sistema de Gesti\u00f3n Ambiental bajo la Norma ISO 14001:2004, sin embargo, no fue hasta el a\u00f1o 2016 que se hizo acreedora a su Certificaci\u00f3n Ambiental bajo esta Norma, con un alcance en los procesos que realiza la Direcci\u00f3n General de Infraestructura Universitaria, a trav\u00e9s de los Departamentos de Mantenimiento, Procesos Gr\u00e1ficos, Servicios Generales, Transportes y Vigilancia.<\/p>\n<p style=\"text-align: justify;\">En el a\u00f1o 2020, derivado de las actualizaciones de los est\u00e1ndares de las Normas ISO, la UAA recibe nuevamente Auditoria Externa al Sistema de Gesti\u00f3n Ambiental, por parte del Organismo Certificador American Trust Register, S.C. (ATR), obteniendo el Certificado en la Norma ISO 14001:2015.<\/p>\n<p style=\"text-align: justify;\">En los a\u00f1os de 2021 y 2022 y continuando con su compromiso con el Medio Ambiente y con su Sistema de Gesti\u00f3n Ambiental, se reciben Auditorias de Mantenimiento evaluando y mejorando los procesos dentro del Alcance, obteniendo <strong>la Recertificaci\u00f3n<\/strong> en la Norma ISO 14001:2015, consolidando as\u00ed un Sistema de Gesti\u00f3n Ambiental con calificaci\u00f3n sobresaliente.<\/p>\n\n\n<div style=\"height:30px\" aria-hidden=\"true\" class=\"wp-block-spacer\"><\/div>\n\n\n\n<h1 class=\"wp-block-heading alignfull has-text-align-center has-white-color has-text-color has-background has-medium-font-size\" style=\"background-color:#f9b122\"><em>RUMBO AL SGI<\/em><\/h1>\n\n\n\n<div style=\"height:30px\" aria-hidden=\"true\" class=\"wp-block-spacer\"><\/div>\n\n\n\n<p>En 2023 se inician los trabajos de homologaci\u00f3n de criterios para el seguimiento, medici\u00f3n y mejora continua de los procesos certificados en los est\u00e1ndares de ISO 9001:2015 e ISO 14001:2015, integrando el Sistema de Gesti\u00f3n de Calidad y el Sistema de Gesti\u00f3n Ambiental, uniendo distintas disciplinas en un modelo \u00fanico de direcci\u00f3n denominado Sistema de Gesti\u00f3n Integral (SGI), a trav\u00e9s del cual se prev\u00e9n los siguientes beneficios para la Instituci\u00f3n:<\/p>\n\n\n\n<ul class=\"wp-block-list\">\n<li>Mayor eficacia en la gesti\u00f3n de los procesos.<\/li>\n\n\n\n<li>Ahorro en los recursos.<\/li>\n\n\n\n<li>Identificaci\u00f3n y Control de los aspectos ambientales para disminuir sus impactos.<\/li>\n\n\n\n<li>Reducci\u00f3n y\/o simplificaci\u00f3n de la documentaci\u00f3n.<\/li>\n\n\n\n<li>Uso de \u00f3ptimas herramientas para planificar y dar seguimiento a las actividades del SGI.<\/li>\n\n\n\n<li>Organizaci\u00f3n interna, al tener establecidas las funciones y responsabilidades en los procedimientos establecidos.<\/li>\n\n\n\n<li>Monitoreo constante del Desempe\u00f1o del SGI.<\/li>\n\n\n\n<li>Los procesos del SGI cuentan con reconocimiento Internacional.<\/li>\n\n\n\n<li>Las auditor\u00edas se realizar\u00e1n de manera simult\u00e1nea.<\/li>\n\n\n\n<li>Aumento en el indicador de satisfacci\u00f3n de los estudiantes y las partes interesadas con respecto a los servicios ofrecidos.<\/li>\n<\/ul>\n\n\n\n<p>Lo anterior con base en la direcci\u00f3n estrat\u00e9gica de su Pol\u00edtica y Objetivos que de manera integral se difunden e implementan hacia la Comunidad Universitaria y sus partes interesadas.<\/p>\n\n\n\n<p>Se pretende que para el mes de noviembre de este mismo a\u00f1o, se reciba la Auditor\u00eda Externa por parte del Organismo Certificador American Trust Register, S.C. (ATR).<\/p>\n\n\n\n<div class=\"hidden\" style=\"height:60px; width:100%; margin: auto; background-color:rgb(224, 0, 91);\"><\/div>\n\n\n\n<h4 class=\"wp-block-heading has-text-align-center hidden\">Informaci\u00f3n para Enlaces del SGI<\/h4>\n\n\n\n<p class=\"has-text-align-center hidden\"><iframe loading=\"lazy\" width=\"800\" height=\"400\" src=\"https:\/\/view.genial.ly\/65c68591b02aff0015bd2865\/presentation-presentacion-formas-basica\"> <\/iframe><\/p>\n\n\n\n<p class=\"has-text-align-center hidden\"><a href=\"https:\/\/view.genial.ly\/65c68591b02aff0015bd2865\/presentation-presentacion-formas-basica\">Accede a la presentaci\u00f3n<\/a><\/p>\n\n\n\n<p><\/p>\n","protected":false},"excerpt":{"rendered":"<p>La UAA y su trayectoria en la Certificaci\u00f3n de los Sistemas de Gesti\u00f3n SGC La Universidad Aut\u00f3noma de Aguascalientes, en su b\u00fasqueda hacia la calidad a trav\u00e9s de la mejora y tratando de innovar sus procesos y servicios, comenz\u00f3 la certificaci\u00f3n bajo la Norma ISO 9001:2000 en los procesos del [&hellip;]<\/p>\n","protected":false},"author":5,"featured_media":0,"parent":0,"menu_order":0,"comment_status":"closed","ping_status":"open","template":"","meta":{"footnotes":""},"class_list":["post-4","page","type-page","status-publish","hentry"],"_links":{"self":[{"href":"https:\/\/www.uaa.mx\/sgi\/index.php\/wp-json\/wp\/v2\/pages\/4","targetHints":{"allow":["GET"]}}],"collection":[{"href":"https:\/\/www.uaa.mx\/sgi\/index.php\/wp-json\/wp\/v2\/pages"}],"about":[{"href":"https:\/\/www.uaa.mx\/sgi\/index.php\/wp-json\/wp\/v2\/types\/page"}],"author":[{"embeddable":true,"href":"https:\/\/www.uaa.mx\/sgi\/index.php\/wp-json\/wp\/v2\/users\/5"}],"replies":[{"embeddable":true,"href":"https:\/\/www.uaa.mx\/sgi\/index.php\/wp-json\/wp\/v2\/comments?post=4"}],"version-history":[{"count":146,"href":"https:\/\/www.uaa.mx\/sgi\/index.php\/wp-json\/wp\/v2\/pages\/4\/revisions"}],"predecessor-version":[{"id":2584,"href":"https:\/\/www.uaa.mx\/sgi\/index.php\/wp-json\/wp\/v2\/pages\/4\/revisions\/2584"}],"wp:attachment":[{"href":"https:\/\/www.uaa.mx\/sgi\/index.php\/wp-json\/wp\/v2\/media?parent=4"}],"curies":[{"name":"wp","href":"https:\/\/api.w.org\/{rel}","templated":true}]}}