{"id":478,"date":"2022-06-23T17:51:28","date_gmt":"2022-06-23T17:51:28","guid":{"rendered":"https:\/\/www.uaa.mx\/sgc\/?page_id=478"},"modified":"2025-08-07T09:29:34","modified_gmt":"2025-08-07T15:29:34","slug":"informacion-y-resultados-encuesta-de-satisfaccion-al-usuario","status":"publish","type":"page","link":"https:\/\/www.uaa.mx\/sgi\/index.php\/informacion-y-resultados-encuesta-de-satisfaccion-al-usuario\/","title":{"rendered":"Informaci\u00f3n y Resultados"},"content":{"rendered":"\n<div style=\"height:9px\" aria-hidden=\"true\" class=\"wp-block-spacer\"><\/div>\n\n\n\n<h1 class=\"wp-block-heading alignfull has-text-align-center has-white-color has-text-color has-background has-heading-font-size\" style=\"background-color:#d50037\">Encuesta de Satisfacci\u00f3n del Usuario<\/h1>\n\n\n\n<div style=\"height:30px\" aria-hidden=\"true\" class=\"wp-block-spacer\"><\/div>\n\n\n\n<div data-wp-interactive=\"core\/file\" class=\"wp-block-file\"><object data-wp-bind--hidden=\"!state.hasPdfPreview\" hidden class=\"wp-block-file__embed\" data=\"https:\/\/www.uaa.mx\/sgi\/wp-content\/uploads\/2025\/08\/ESE-2025_compressed.pdf\" type=\"application\/pdf\" style=\"width:100%;height:600px\" aria-label=\"Incrustado de RESULTADOS DE LA ENCUESTA DE SATISFACCI\u00d3N ESTUDIANTIL 2025.\"><\/object><a id=\"wp-block-file--media-34ea30ce-e3bd-49f3-a20c-a9f593045489\" href=\"https:\/\/www.uaa.mx\/sgi\/wp-content\/uploads\/2025\/08\/ESE-2025_compressed.pdf\">RESULTADOS DE LA ENCUESTA DE SATISFACCI\u00d3N ESTUDIANTIL 2025<\/a><a href=\"https:\/\/www.uaa.mx\/sgi\/wp-content\/uploads\/2025\/08\/ESE-2025_compressed.pdf\" class=\"wp-block-file__button wp-element-button\" download aria-describedby=\"wp-block-file--media-34ea30ce-e3bd-49f3-a20c-a9f593045489\">Descarga<\/a><\/div>\n\n\n\n<div style=\"height:50px\" aria-hidden=\"true\" class=\"wp-block-spacer\"><\/div>\n\n\n\n<p class=\"has-text-align-center\">Si deseas consultar m\u00e1s informaci\u00f3n sobre los resultados de la encuesta, env\u00eda un correo electr\u00f3nico a sgi@edu.uaa.mx o contacta al personal del Departamento de Gesti\u00f3n Organizacional y Calidad en las extensiones 35516, 35517 y 35519.<\/p>\n\n\n\n<div style=\"height:50px\" aria-hidden=\"true\" class=\"wp-block-spacer\"><\/div>\n","protected":false},"excerpt":{"rendered":"<p>Encuesta de Satisfacci\u00f3n del Usuario Si deseas consultar m\u00e1s informaci\u00f3n sobre los resultados de la encuesta, env\u00eda un correo electr\u00f3nico a sgi@edu.uaa.mx o contacta al personal del Departamento de Gesti\u00f3n Organizacional y Calidad en las extensiones 35516, 35517 y 35519.<\/p>\n","protected":false},"author":5,"featured_media":1117,"parent":0,"menu_order":0,"comment_status":"closed","ping_status":"closed","template":"","meta":{"footnotes":""},"class_list":["post-478","page","type-page","status-publish","has-post-thumbnail","hentry"],"_links":{"self":[{"href":"https:\/\/www.uaa.mx\/sgi\/index.php\/wp-json\/wp\/v2\/pages\/478","targetHints":{"allow":["GET"]}}],"collection":[{"href":"https:\/\/www.uaa.mx\/sgi\/index.php\/wp-json\/wp\/v2\/pages"}],"about":[{"href":"https:\/\/www.uaa.mx\/sgi\/index.php\/wp-json\/wp\/v2\/types\/page"}],"author":[{"embeddable":true,"href":"https:\/\/www.uaa.mx\/sgi\/index.php\/wp-json\/wp\/v2\/users\/5"}],"replies":[{"embeddable":true,"href":"https:\/\/www.uaa.mx\/sgi\/index.php\/wp-json\/wp\/v2\/comments?post=478"}],"version-history":[{"count":34,"href":"https:\/\/www.uaa.mx\/sgi\/index.php\/wp-json\/wp\/v2\/pages\/478\/revisions"}],"predecessor-version":[{"id":2429,"href":"https:\/\/www.uaa.mx\/sgi\/index.php\/wp-json\/wp\/v2\/pages\/478\/revisions\/2429"}],"wp:featuredmedia":[{"embeddable":true,"href":"https:\/\/www.uaa.mx\/sgi\/index.php\/wp-json\/wp\/v2\/media\/1117"}],"wp:attachment":[{"href":"https:\/\/www.uaa.mx\/sgi\/index.php\/wp-json\/wp\/v2\/media?parent=478"}],"curies":[{"name":"wp","href":"https:\/\/api.w.org\/{rel}","templated":true}]}}