{"id":417,"date":"2025-02-06T18:00:27","date_gmt":"2025-02-06T18:00:27","guid":{"rendered":"https:\/\/www.uaa.mx\/uipc\/?page_id=417"},"modified":"2026-02-11T18:44:09","modified_gmt":"2026-02-11T18:44:09","slug":"comunicados","status":"publish","type":"page","link":"https:\/\/www.uaa.mx\/uipc\/index.php\/comunicados\/","title":{"rendered":"Comunicados"},"content":{"rendered":"<h1><img loading=\"lazy\" decoding=\"async\" src=\"https:\/\/www.uaa.mx\/uipc\/wp-content\/uploads\/2025\/02\/Boton-Comunicados-2-1024x157.png\" alt=\"\" width=\"750\" height=\"115\" class=\"alignnone wp-image-419 size-large\" srcset=\"https:\/\/www.uaa.mx\/uipc\/wp-content\/uploads\/2025\/02\/Boton-Comunicados-2-1024x157.png 1024w, https:\/\/www.uaa.mx\/uipc\/wp-content\/uploads\/2025\/02\/Boton-Comunicados-2-300x46.png 300w, https:\/\/www.uaa.mx\/uipc\/wp-content\/uploads\/2025\/02\/Boton-Comunicados-2-768x118.png 768w, https:\/\/www.uaa.mx\/uipc\/wp-content\/uploads\/2025\/02\/Boton-Comunicados-2-1536x236.png 1536w, https:\/\/www.uaa.mx\/uipc\/wp-content\/uploads\/2025\/02\/Boton-Comunicados-2-2048x314.png 2048w\" sizes=\"auto, (max-width: 750px) 100vw, 750px\" \/><\/h1>\n<ul>\n<li><a href=\"https:\/\/www.uaa.mx\/uipc\/wp-content\/uploads\/2025\/02\/Seguridad-y-prevencion-en-extorsiones-y-fraude-via-telefonica.pdf\"><strong>Seguridad-y-prevencion-en-extorsiones-y-fraude-via-telefonica<\/strong><\/a><\/li>\n<li><strong><a href=\"https:\/\/www.uaa.mx\/uipc\/wp-content\/uploads\/2025\/04\/Infografia-de-botiquin-primeros-auxilios.pdf\">Infograf\u00eda Botiqu\u00edn de Primeros Auxilios<\/a><\/strong><\/li>\n<li><strong><a href=\"https:\/\/www.uaa.mx\/uipc\/wp-content\/uploads\/2026\/02\/INF-ITI-FO-111-Bitacora-de-Verificacion-de-Extintores-1.pdf\">Bit\u00e1cora de extintores<\/a><\/strong><\/li>\n<\/ul>\n","protected":false},"excerpt":{"rendered":"<p>Seguridad-y-prevencion-en-extorsiones-y-fraude-via-telefonica Infograf\u00eda Botiqu\u00edn de Primeros Auxilios Bit\u00e1cora de extintores<\/p>\n","protected":false},"author":3,"featured_media":0,"parent":0,"menu_order":0,"comment_status":"closed","ping_status":"closed","template":"","meta":{"footnotes":""},"class_list":["post-417","page","type-page","status-publish","hentry"],"_links":{"self":[{"href":"https:\/\/www.uaa.mx\/uipc\/index.php\/wp-json\/wp\/v2\/pages\/417","targetHints":{"allow":["GET"]}}],"collection":[{"href":"https:\/\/www.uaa.mx\/uipc\/index.php\/wp-json\/wp\/v2\/pages"}],"about":[{"href":"https:\/\/www.uaa.mx\/uipc\/index.php\/wp-json\/wp\/v2\/types\/page"}],"author":[{"embeddable":true,"href":"https:\/\/www.uaa.mx\/uipc\/index.php\/wp-json\/wp\/v2\/users\/3"}],"replies":[{"embeddable":true,"href":"https:\/\/www.uaa.mx\/uipc\/index.php\/wp-json\/wp\/v2\/comments?post=417"}],"version-history":[{"count":6,"href":"https:\/\/www.uaa.mx\/uipc\/index.php\/wp-json\/wp\/v2\/pages\/417\/revisions"}],"predecessor-version":[{"id":468,"href":"https:\/\/www.uaa.mx\/uipc\/index.php\/wp-json\/wp\/v2\/pages\/417\/revisions\/468"}],"wp:attachment":[{"href":"https:\/\/www.uaa.mx\/uipc\/index.php\/wp-json\/wp\/v2\/media?parent=417"}],"curies":[{"name":"wp","href":"https:\/\/api.w.org\/{rel}","templated":true}]}}